{"id":2941,"date":"2025-01-08T10:44:26","date_gmt":"2025-01-08T10:44:26","guid":{"rendered":"https:\/\/www.mauro-lucini.it\/negozio-di-violini\/kategorilenmemis\/keman-no-30-officina-mauro-lucini-cremona-2024\/"},"modified":"2025-05-15T19:27:43","modified_gmt":"2025-05-15T19:27:43","slug":"keman-no-30-officina-mauro-lucini-cremona-2024","status":"publish","type":"product","link":"https:\/\/www.mauro-lucini.it\/tr\/negozio-di-violini\/kemanlari-cremonese\/keman-no-30-officina-mauro-lucini-cremona-2024\/","title":{"rendered":"Keman no. 30 Officina Mauro Lucini, Cremona 2024 &#8211; SATILDI"},"content":{"rendered":"","protected":false},"excerpt":{"rendered":"<p>Bu modern Cremona viyola, hem \u00e7a\u011fda\u015f m\u00fczisyenlerin hem de barok prati\u011fiyle ilgilenenlerin ihtiya\u00e7lar\u0131n\u0131 kar\u015f\u0131lamak i\u00e7in yarat\u0131lm\u0131\u015ft\u0131r. Son derece hafif tepkisi ve parlak, olgun sesi sayesinde keman no. 30 of Officina Mauro Lucini, farkl\u0131 m\u00fczik d\u00fcnyalar\u0131 aras\u0131nda yumu\u015fak ge\u00e7i\u015fler sa\u011flar. Zengin ve kristal berrakl\u0131\u011f\u0131ndaki sesi, modern performanslar i\u00e7in m\u00fckemmel \u015fekilde uygundur, ancak yap\u0131s\u0131 ayn\u0131 zamanda otantik barok \u00e7almay\u0131 desteklemek i\u00e7in tasarlanm\u0131\u015ft\u0131r. \u0130ki par\u00e7al\u0131 arka k\u0131s\u0131m enstr\u00fcmana benzersiz bir rezonans verirken, s\u0131cak turuncu-kahverengi \u015feffaf vernik keman\u0131n karakterini m\u00fckemmel bir \u015fekilde ifade eder. Montaj ve i\u015f\u00e7ilikteki m\u00fckemmellik, \u00e7alma zevkine de yans\u0131yor.     <\/p>\n","protected":false},"featured_media":2919,"template":"","meta":{"_coblocks_attr":"","_coblocks_dimensions":"","_coblocks_responsive_height":"","_coblocks_accordion_ie_support":"","hide_page_title":""},"product_brand":[],"product_cat":[119],"product_tag":[136,135,192,134,138,137],"class_list":{"0":"post-2941","1":"product","2":"type-product","3":"status-publish","4":"has-post-thumbnail","6":"product_cat-kemanlari-cremonese","7":"product_tag-cremonaviolin-tr","8":"product_tag-italianviolin-tr","9":"product_tag-keman-tr","10":"product_tag-keman","11":"product_tag-violinocremona-tr","12":"product_tag-violinocremonese-tr","14":"first","15":"outofstock","16":"taxable","17":"shipping-taxable","18":"purchasable","19":"product-type-simple"},"yoast_head":"<!-- This site is optimized with the Yoast SEO plugin v27.4 - https:\/\/yoast.com\/product\/yoast-seo-wordpress\/ -->\n<title>Keman no. 30 Officina Mauro Lucini, Cremona 2024 - SATILDI - Mauro Lucini - Liutaio a Cremona<\/title>\n<meta name=\"description\" content=\"No. 30 modern Cremona keman, parlak ve olgun ses veren, barok ve modern stiller i\u00e7in ideal, ayr\u0131k s\u0131rtl\u0131 ve turuncu-kahverengi vernikli.\" \/>\n<meta name=\"robots\" content=\"index, follow, max-snippet:-1, max-image-preview:large, max-video-preview:-1\" \/>\n<link rel=\"canonical\" href=\"https:\/\/www.mauro-lucini.it\/tr\/negozio-di-violini\/kemanlari-cremonese\/keman-no-30-officina-mauro-lucini-cremona-2024\/\" \/>\n<meta property=\"og:locale\" content=\"tr_TR\" \/>\n<meta property=\"og:type\" content=\"article\" \/>\n<meta property=\"og:title\" content=\"Keman no. 30 Officina Mauro Lucini, Cremona 2024 - SATILDI - Mauro Lucini - Liutaio a Cremona\" \/>\n<meta property=\"og:description\" content=\"No. 30 modern Cremona keman, parlak ve olgun ses veren, barok ve modern stiller i\u00e7in ideal, ayr\u0131k s\u0131rtl\u0131 ve turuncu-kahverengi vernikli.\" \/>\n<meta property=\"og:url\" content=\"https:\/\/www.mauro-lucini.it\/tr\/negozio-di-violini\/kemanlari-cremonese\/keman-no-30-officina-mauro-lucini-cremona-2024\/\" \/>\n<meta property=\"og:site_name\" content=\"Mauro Lucini - Liutaio a Cremona\" \/>\n<meta property=\"article:modified_time\" content=\"2025-05-15T19:27:43+00:00\" \/>\n<meta property=\"og:image\" content=\"https:\/\/www.mauro-lucini.it\/wp-content\/uploads\/2025\/01\/mauro-lucini-stradivari-7601-1_1890x1890.jpg\" \/>\n\t<meta property=\"og:image:width\" content=\"1181\" \/>\n\t<meta property=\"og:image:height\" content=\"1890\" \/>\n\t<meta property=\"og:image:type\" content=\"image\/jpeg\" \/>\n<meta name=\"twitter:card\" content=\"summary_large_image\" \/>\n<!-- \/ Yoast SEO plugin. -->","yoast_head_json":{"title":"Keman no. 30 Officina Mauro Lucini, Cremona 2024 - SATILDI - Mauro Lucini - Liutaio a Cremona","description":"No. 30 modern Cremona keman, parlak ve olgun ses veren, barok ve modern stiller i\u00e7in ideal, ayr\u0131k s\u0131rtl\u0131 ve turuncu-kahverengi vernikli.","robots":{"index":"index","follow":"follow","max-snippet":"max-snippet:-1","max-image-preview":"max-image-preview:large","max-video-preview":"max-video-preview:-1"},"canonical":"https:\/\/www.mauro-lucini.it\/tr\/negozio-di-violini\/kemanlari-cremonese\/keman-no-30-officina-mauro-lucini-cremona-2024\/","og_locale":"tr_TR","og_type":"article","og_title":"Keman no. 30 Officina Mauro Lucini, Cremona 2024 - SATILDI - Mauro Lucini - Liutaio a Cremona","og_description":"No. 30 modern Cremona keman, parlak ve olgun ses veren, barok ve modern stiller i\u00e7in ideal, ayr\u0131k s\u0131rtl\u0131 ve turuncu-kahverengi vernikli.","og_url":"https:\/\/www.mauro-lucini.it\/tr\/negozio-di-violini\/kemanlari-cremonese\/keman-no-30-officina-mauro-lucini-cremona-2024\/","og_site_name":"Mauro Lucini - Liutaio a Cremona","article_modified_time":"2025-05-15T19:27:43+00:00","og_image":[{"width":1181,"height":1890,"url":"https:\/\/www.mauro-lucini.it\/wp-content\/uploads\/2025\/01\/mauro-lucini-stradivari-7601-1_1890x1890.jpg","type":"image\/jpeg"}],"twitter_card":"summary_large_image","schema":{"@context":"https:\/\/schema.org","@graph":[{"@type":"WebPage","@id":"https:\/\/www.mauro-lucini.it\/tr\/negozio-di-violini\/kemanlari-cremonese\/keman-no-30-officina-mauro-lucini-cremona-2024\/","url":"https:\/\/www.mauro-lucini.it\/tr\/negozio-di-violini\/kemanlari-cremonese\/keman-no-30-officina-mauro-lucini-cremona-2024\/","name":"Keman no. 30 Officina Mauro Lucini, Cremona 2024 - SATILDI - Mauro Lucini - Liutaio a Cremona","isPartOf":{"@id":"https:\/\/www.mauro-lucini.it\/tr\/#website"},"primaryImageOfPage":{"@id":"https:\/\/www.mauro-lucini.it\/tr\/negozio-di-violini\/kemanlari-cremonese\/keman-no-30-officina-mauro-lucini-cremona-2024\/#primaryimage"},"image":{"@id":"https:\/\/www.mauro-lucini.it\/tr\/negozio-di-violini\/kemanlari-cremonese\/keman-no-30-officina-mauro-lucini-cremona-2024\/#primaryimage"},"thumbnailUrl":"https:\/\/www.mauro-lucini.it\/wp-content\/uploads\/2025\/01\/mauro-lucini-stradivari-7601-1_1890x1890.jpg","datePublished":"2025-01-08T10:44:26+00:00","dateModified":"2025-05-15T19:27:43+00:00","description":"No. 30 modern Cremona keman, parlak ve olgun ses veren, barok ve modern stiller i\u00e7in ideal, ayr\u0131k s\u0131rtl\u0131 ve turuncu-kahverengi vernikli.","breadcrumb":{"@id":"https:\/\/www.mauro-lucini.it\/tr\/negozio-di-violini\/kemanlari-cremonese\/keman-no-30-officina-mauro-lucini-cremona-2024\/#breadcrumb"},"inLanguage":"tr","potentialAction":[{"@type":"ReadAction","target":["https:\/\/www.mauro-lucini.it\/tr\/negozio-di-violini\/kemanlari-cremonese\/keman-no-30-officina-mauro-lucini-cremona-2024\/"]}]},{"@type":"ImageObject","inLanguage":"tr","@id":"https:\/\/www.mauro-lucini.it\/tr\/negozio-di-violini\/kemanlari-cremonese\/keman-no-30-officina-mauro-lucini-cremona-2024\/#primaryimage","url":"https:\/\/www.mauro-lucini.it\/wp-content\/uploads\/2025\/01\/mauro-lucini-stradivari-7601-1_1890x1890.jpg","contentUrl":"https:\/\/www.mauro-lucini.it\/wp-content\/uploads\/2025\/01\/mauro-lucini-stradivari-7601-1_1890x1890.jpg","width":1181,"height":1890},{"@type":"BreadcrumbList","@id":"https:\/\/www.mauro-lucini.it\/tr\/negozio-di-violini\/kemanlari-cremonese\/keman-no-30-officina-mauro-lucini-cremona-2024\/#breadcrumb","itemListElement":[{"@type":"ListItem","position":1,"name":"Home","item":"https:\/\/www.mauro-lucini.it\/tr\/"},{"@type":"ListItem","position":2,"name":"Shop","item":"https:\/\/www.mauro-lucini.it\/en\/shop\/"},{"@type":"ListItem","position":3,"name":"Keman no. 30 Officina Mauro Lucini, Cremona 2024 &#8211; SATILDI"}]},{"@type":"WebSite","@id":"https:\/\/www.mauro-lucini.it\/tr\/#website","url":"https:\/\/www.mauro-lucini.it\/tr\/","name":"Mauro Lucini - Liutaio a Cremona","description":"Mauro Lucini liutaio a Cremona - 40 anni di passione ed esperienza","publisher":{"@id":"https:\/\/www.mauro-lucini.it\/tr\/#organization"},"potentialAction":[{"@type":"SearchAction","target":{"@type":"EntryPoint","urlTemplate":"https:\/\/www.mauro-lucini.it\/tr\/?s={search_term_string}"},"query-input":{"@type":"PropertyValueSpecification","valueRequired":true,"valueName":"search_term_string"}}],"inLanguage":"tr"},{"@type":"Organization","@id":"https:\/\/www.mauro-lucini.it\/tr\/#organization","name":"Mauro Lucini - Liutaio a Cremona","url":"https:\/\/www.mauro-lucini.it\/tr\/","logo":{"@type":"ImageObject","inLanguage":"tr","@id":"https:\/\/www.mauro-lucini.it\/tr\/#\/schema\/logo\/image\/","url":"https:\/\/www.mauro-lucini.it\/wp-content\/uploads\/2024\/09\/Mauro-Lucini-Liutaio-Cremona.png","contentUrl":"https:\/\/www.mauro-lucini.it\/wp-content\/uploads\/2024\/09\/Mauro-Lucini-Liutaio-Cremona.png","width":480,"height":84,"caption":"Mauro Lucini - Liutaio a Cremona"},"image":{"@id":"https:\/\/www.mauro-lucini.it\/tr\/#\/schema\/logo\/image\/"}}]}},"_links":{"self":[{"href":"https:\/\/www.mauro-lucini.it\/tr\/wp-json\/wp\/v2\/product\/2941","targetHints":{"allow":["GET"]}}],"collection":[{"href":"https:\/\/www.mauro-lucini.it\/tr\/wp-json\/wp\/v2\/product"}],"about":[{"href":"https:\/\/www.mauro-lucini.it\/tr\/wp-json\/wp\/v2\/types\/product"}],"wp:featuredmedia":[{"embeddable":true,"href":"https:\/\/www.mauro-lucini.it\/tr\/wp-json\/wp\/v2\/media\/2919"}],"wp:attachment":[{"href":"https:\/\/www.mauro-lucini.it\/tr\/wp-json\/wp\/v2\/media?parent=2941"}],"wp:term":[{"taxonomy":"product_brand","embeddable":true,"href":"https:\/\/www.mauro-lucini.it\/tr\/wp-json\/wp\/v2\/product_brand?post=2941"},{"taxonomy":"product_cat","embeddable":true,"href":"https:\/\/www.mauro-lucini.it\/tr\/wp-json\/wp\/v2\/product_cat?post=2941"},{"taxonomy":"product_tag","embeddable":true,"href":"https:\/\/www.mauro-lucini.it\/tr\/wp-json\/wp\/v2\/product_tag?post=2941"}],"curies":[{"name":"wp","href":"https:\/\/api.w.org\/{rel}","templated":true}]}}

<p>Bu modern Cremona viyola, hem çağdaş müzisyenlerin hem de barok pratiğiyle ilgilenenlerin ihtiyaçlarını karşılamak için yaratılmıştır. Son derece hafif tepkisi ve parlak, olgun sesi sayesinde keman no. 30 of Officina Mauro Lucini, farklı müzik dünyaları arasında yumuşak geçişler sağlar. Zengin ve kristal berraklığındaki sesi, modern performanslar için mükemmel şekilde uygundur, ancak yapısı aynı zamanda otantik barok çalmayı desteklemek için tasarlanmıştır. İki parçalı arka kısım enstrümana benzersiz bir rezonans verirken, sıcak turuncu-kahverengi şeffaf vernik kemanın karakterini mükemmel bir şekilde ifade eder. Montaj ve işçilikteki mükemmellik, çalma zevkine de yansıyor.     </p>

<!-- This site is optimized with the Yoast SEO plugin v27.4 - https://yoast.com/product/yoast-seo-wordpress/ -->
<title>Keman no. 30 Officina Mauro Lucini, Cremona 2024 - SATILDI - Mauro Lucini - Liutaio a Cremona</title>
<meta name="description" content="No. 30 modern Cremona keman, parlak ve olgun ses veren, barok ve modern stiller için ideal, ayrık sırtlı ve turuncu-kahverengi vernikli." />
<meta name="robots" content="index, follow, max-snippet:-1, max-image-preview:large, max-video-preview:-1" />
<link rel="canonical" href="https://www.mauro-lucini.it/tr/negozio-di-violini/kemanlari-cremonese/keman-no-30-officina-mauro-lucini-cremona-2024/" />
<meta property="og:locale" content="tr_TR" />
<meta property="og:type" content="article" />
<meta property="og:title" content="Keman no. 30 Officina Mauro Lucini, Cremona 2024 - SATILDI - Mauro Lucini - Liutaio a Cremona" />
<meta property="og:description" content="No. 30 modern Cremona keman, parlak ve olgun ses veren, barok ve modern stiller için ideal, ayrık sırtlı ve turuncu-kahverengi vernikli." />
<meta property="og:url" content="https://www.mauro-lucini.it/tr/negozio-di-violini/kemanlari-cremonese/keman-no-30-officina-mauro-lucini-cremona-2024/" />
<meta property="og:site_name" content="Mauro Lucini - Liutaio a Cremona" />
<meta property="article:modified_time" content="2025-05-15T19:27:43+00:00" />
<meta property="og:image" content="https://www.mauro-lucini.it/wp-content/uploads/2025/01/mauro-lucini-stradivari-7601-1_1890x1890.jpg" />
	<meta property="og:image:width" content="1181" />
	<meta property="og:image:height" content="1890" />
	<meta property="og:image:type" content="image/jpeg" />
<meta name="twitter:card" content="summary_large_image" />
<!-- / Yoast SEO plugin. -->

No. 30 modern Cremona keman, parlak ve olgun ses veren, barok ve modern stiller için ideal, ayrık sırtlı ve turuncu-kahverengi vernikli.
