{"id":2384,"date":"2024-09-02T11:52:34","date_gmt":"2024-09-02T11:52:34","guid":{"rendered":"https:\/\/www.mauro-lucini.it\/luthier-mauro-lucini"},"modified":"2025-05-23T12:41:12","modified_gmt":"2025-05-23T12:41:12","slug":"luthier-mauro-lucini","status":"publish","type":"page","link":"https:\/\/www.mauro-lucini.it\/tr\/luthier-mauro-lucini\/","title":{"rendered":"Luthier Mauro Lucini"},"content":{"rendered":"\n<div class=\"wp-block-cover alignfull\"><span aria-hidden=\"true\" class=\"wp-block-cover__background has-background-dim\" style=\"background-color:#7b654f\"><\/span><img loading=\"lazy\" decoding=\"async\" width=\"2128\" height=\"1416\" class=\"wp-block-cover__image-background wp-image-328\" alt=\"\" src=\"https:\/\/www.mauro-lucini.it\/wp-content\/uploads\/2024\/08\/DSC_3895.jpg\" data-object-fit=\"cover\" srcset=\"https:\/\/www.mauro-lucini.it\/wp-content\/uploads\/2024\/08\/DSC_3895.jpg 2128w, https:\/\/www.mauro-lucini.it\/wp-content\/uploads\/2024\/08\/DSC_3895-300x200.jpg 300w, https:\/\/www.mauro-lucini.it\/wp-content\/uploads\/2024\/08\/DSC_3895-1024x681.jpg 1024w, https:\/\/www.mauro-lucini.it\/wp-content\/uploads\/2024\/08\/DSC_3895-768x511.jpg 768w, https:\/\/www.mauro-lucini.it\/wp-content\/uploads\/2024\/08\/DSC_3895-1536x1022.jpg 1536w, https:\/\/www.mauro-lucini.it\/wp-content\/uploads\/2024\/08\/DSC_3895-2048x1363.jpg 2048w, https:\/\/www.mauro-lucini.it\/wp-content\/uploads\/2024\/08\/DSC_3895-600x399.jpg 600w\" sizes=\"auto, (max-width: 2128px) 100vw, 2128px\" \/><div class=\"wp-block-cover__inner-container is-layout-constrained wp-block-cover-is-layout-constrained\">\n<h2 class=\"wp-block-heading has-text-align-center\">Luthier Mauro Lucini<\/h2>\n<\/div><\/div>\n\n<h2 class=\"wp-block-heading has-text-align-center\">Keman yap\u0131mc\u0131s\u0131 Mauro Lucini ve Cremona&#8217;daki Piazza San Michele&#8217;deki at\u00f6lyesi.<\/h2>\n\n<p class=\"has-secondary-color has-text-color has-link-color wp-elements-c0372d82679ac4c90b1986c372737e25\">Kremonal\u0131 keman yap\u0131mc\u0131s\u0131 Mauro Lucini, memleketi Cremona&#8217;n\u0131n keman yap\u0131m gelene\u011fine derinlemesine ba\u011fl\u0131d\u0131r: 40 y\u0131l\u0131 a\u015fk\u0131n bir s\u00fcredir Piazza San Michele 7&#8217;deki at\u00f6lyesi, \u00e7al\u0131\u015fmalar\u0131n\u0131n yarat\u0131c\u0131 merkezi, keman sesine duydu\u011fu co\u015fku ve sevgiyle dolu bir yer olmu\u015ftur.<br\/><\/p>\n\n<figure class=\"wp-block-image size-large\"><img loading=\"lazy\" decoding=\"async\" width=\"1024\" height=\"681\" src=\"https:\/\/www.mauro-lucini.it\/wp-content\/uploads\/2024\/08\/DSC_3855-1024x681.jpg\" alt=\"Mauro Lucini - Cremona'da keman yap&#x131;mc&#x131;s&#x131;\" class=\"wp-image-323\" srcset=\"https:\/\/www.mauro-lucini.it\/wp-content\/uploads\/2024\/08\/DSC_3855-1024x681.jpg 1024w, https:\/\/www.mauro-lucini.it\/wp-content\/uploads\/2024\/08\/DSC_3855-300x200.jpg 300w, https:\/\/www.mauro-lucini.it\/wp-content\/uploads\/2024\/08\/DSC_3855-768x511.jpg 768w, https:\/\/www.mauro-lucini.it\/wp-content\/uploads\/2024\/08\/DSC_3855-1536x1022.jpg 1536w, https:\/\/www.mauro-lucini.it\/wp-content\/uploads\/2024\/08\/DSC_3855-2048x1363.jpg 2048w, https:\/\/www.mauro-lucini.it\/wp-content\/uploads\/2024\/08\/DSC_3855-600x399.jpg 600w\" sizes=\"auto, (max-width: 1024px) 100vw, 1024px\" \/><\/figure>\n\n<p class=\"has-secondary-color has-text-color has-link-color wp-elements-2c55082042ae055b65ec10926f49492f\"><br\/>Bir zanaatkar ve sanat\u00e7\u0131 olarak t\u00fcm kariyerinin deneyiminden yararlanarak &#8211; di\u011fer \u015feylerin yan\u0131 s\u0131ra ona Concorso Nazionale di Liuteria di Pisogne&#8217;de (Pisogne&#8217;deki Ulusal Keman Yap\u0131m\u0131 Yar\u0131\u015fmas\u0131) bir \u00f6d\u00fcl kazand\u0131rd\u0131 &#8211; \u015fimdi kendini derinden hissedilen bir endi\u015feye ad\u0131yor: tutkulu m\u00fczisyenler ve \u00f6zellikle gen\u00e7 yetenekler i\u00e7in g\u00fczel, b\u00fcy\u00fcleyici ses veren enstr\u00fcmanlar in\u015fa etmek ve onlara \u0130talyan yayl\u0131 enstr\u00fcmanlar d\u00fcnyas\u0131na eri\u015filebilir eri\u015fim sa\u011flamak. \u00c7al\u0131\u015fmalar\u0131nda kendisine, onun rehberli\u011finde sanatlar\u0131nda olgunla\u015fan ve klasik Cremonese keman yap\u0131m\u0131n\u0131n miras\u0131n\u0131 gelece\u011fe ta\u015f\u0131yan iki ya da \u00fc\u00e7 \u00e7\u0131rak yard\u0131mc\u0131 olur.<br\/><\/p>\n\n<p class=\"has-secondary-color has-text-color has-link-color wp-elements-b662429366937a193fa176e1098f55c7\">Cremona&#8217;daki Officina Mauro Lucini&#8217;nin tarihi duvarlar\u0131 aras\u0131nda \u00fcretilen her enstr\u00fcman, Maestro Lucini ve \u00e7al\u0131\u015fanlar\u0131n\u0131n \u00f6zveri ve ince i\u015f\u00e7ilikle detayland\u0131rd\u0131\u011f\u0131 ve rafine etti\u011fi bireysel bir m\u00fczikal ki\u015filiktir.<\/p>\n","protected":false},"excerpt":{"rendered":"<p>Keman yap\u0131mc\u0131s\u0131 Mauro Lucini ve Cremona&#8217;daki Piazza San Michele&#8217;deki at\u00f6lyesi. Kremonal\u0131 keman yap\u0131mc\u0131s\u0131 Mauro Lucini, memleketi Cremona&#8217;n\u0131n keman yap\u0131m gelene\u011fine derinlemesine ba\u011fl\u0131d\u0131r: 40 y\u0131l\u0131 a\u015fk\u0131n bir s\u00fcredir Piazza San Michele 7&#8217;deki at\u00f6lyesi, \u00e7al\u0131\u015fmalar\u0131n\u0131n yarat\u0131c\u0131 merkezi, keman sesine duydu\u011fu co\u015fku ve sevgiyle dolu bir yer olmu\u015ftur. Bir zanaatkar ve sanat\u00e7\u0131 olarak t\u00fcm kariyerinin deneyiminden yararlanarak &#8211; [&hellip;]<\/p>\n","protected":false},"author":1,"featured_media":0,"parent":0,"menu_order":20,"comment_status":"closed","ping_status":"closed","template":"","meta":{"_coblocks_attr":"","_coblocks_dimensions":"","_coblocks_responsive_height":"","_coblocks_accordion_ie_support":"","hide_page_title":"","footnotes":""},"class_list":["post-2384","page","type-page","status-publish","hentry"],"yoast_head":"<!-- This site is optimized with the Yoast SEO plugin v27.4 - https:\/\/yoast.com\/product\/yoast-seo-wordpress\/ -->\n<title>Luthier Mauro Lucini<\/title>\n<meta name=\"description\" content=\"Mauro Lucini - Cremona&#039;da luthier: hevesli m\u00fczisyenler ve gen\u00e7 yetenekler i\u00e7in geleneksel Cremonese tarz\u0131nda yap\u0131lm\u0131\u015f uygun fiyatl\u0131 \u0130talyan kemanlar\u0131\" \/>\n<meta name=\"robots\" content=\"index, follow, max-snippet:-1, max-image-preview:large, max-video-preview:-1\" \/>\n<link rel=\"canonical\" href=\"https:\/\/www.mauro-lucini.it\/tr\/luthier-mauro-lucini\/\" \/>\n<meta property=\"og:locale\" content=\"tr_TR\" \/>\n<meta property=\"og:type\" content=\"article\" \/>\n<meta property=\"og:title\" content=\"Luthier Mauro Lucini\" \/>\n<meta property=\"og:description\" content=\"Mauro Lucini - Cremona&#039;da luthier: hevesli m\u00fczisyenler ve gen\u00e7 yetenekler i\u00e7in geleneksel Cremonese tarz\u0131nda yap\u0131lm\u0131\u015f uygun fiyatl\u0131 \u0130talyan kemanlar\u0131\" \/>\n<meta property=\"og:url\" content=\"https:\/\/www.mauro-lucini.it\/tr\/luthier-mauro-lucini\/\" \/>\n<meta property=\"og:site_name\" content=\"Mauro Lucini - Liutaio a Cremona\" \/>\n<meta property=\"article:modified_time\" content=\"2025-05-23T12:41:12+00:00\" \/>\n<meta property=\"og:image\" content=\"https:\/\/www.mauro-lucini.it\/wp-content\/uploads\/2024\/08\/DSC_3895.jpg\" \/>\n\t<meta property=\"og:image:width\" content=\"2128\" \/>\n\t<meta property=\"og:image:height\" content=\"1416\" \/>\n\t<meta property=\"og:image:type\" content=\"image\/jpeg\" \/>\n<meta name=\"twitter:card\" content=\"summary_large_image\" \/>\n<!-- \/ Yoast SEO plugin. -->","yoast_head_json":{"title":"Luthier Mauro Lucini","description":"Mauro Lucini - Cremona'da luthier: hevesli m\u00fczisyenler ve gen\u00e7 yetenekler i\u00e7in geleneksel Cremonese tarz\u0131nda yap\u0131lm\u0131\u015f uygun fiyatl\u0131 \u0130talyan kemanlar\u0131","robots":{"index":"index","follow":"follow","max-snippet":"max-snippet:-1","max-image-preview":"max-image-preview:large","max-video-preview":"max-video-preview:-1"},"canonical":"https:\/\/www.mauro-lucini.it\/tr\/luthier-mauro-lucini\/","og_locale":"tr_TR","og_type":"article","og_title":"Luthier Mauro Lucini","og_description":"Mauro Lucini - Cremona'da luthier: hevesli m\u00fczisyenler ve gen\u00e7 yetenekler i\u00e7in geleneksel Cremonese tarz\u0131nda yap\u0131lm\u0131\u015f uygun fiyatl\u0131 \u0130talyan kemanlar\u0131","og_url":"https:\/\/www.mauro-lucini.it\/tr\/luthier-mauro-lucini\/","og_site_name":"Mauro Lucini - Liutaio a Cremona","article_modified_time":"2025-05-23T12:41:12+00:00","og_image":[{"width":2128,"height":1416,"url":"https:\/\/www.mauro-lucini.it\/wp-content\/uploads\/2024\/08\/DSC_3895.jpg","type":"image\/jpeg"}],"twitter_card":"summary_large_image","schema":{"@context":"https:\/\/schema.org","@graph":[{"@type":"WebPage","@id":"https:\/\/www.mauro-lucini.it\/tr\/luthier-mauro-lucini\/","url":"https:\/\/www.mauro-lucini.it\/tr\/luthier-mauro-lucini\/","name":"Luthier Mauro Lucini","isPartOf":{"@id":"https:\/\/www.mauro-lucini.it\/tr\/#website"},"primaryImageOfPage":{"@id":"https:\/\/www.mauro-lucini.it\/tr\/luthier-mauro-lucini\/#primaryimage"},"image":{"@id":"https:\/\/www.mauro-lucini.it\/tr\/luthier-mauro-lucini\/#primaryimage"},"thumbnailUrl":"https:\/\/www.mauro-lucini.it\/wp-content\/uploads\/2024\/08\/DSC_3895.jpg","datePublished":"2024-09-02T11:52:34+00:00","dateModified":"2025-05-23T12:41:12+00:00","description":"Mauro Lucini - Cremona'da luthier: hevesli m\u00fczisyenler ve gen\u00e7 yetenekler i\u00e7in geleneksel Cremonese tarz\u0131nda yap\u0131lm\u0131\u015f uygun fiyatl\u0131 \u0130talyan kemanlar\u0131","breadcrumb":{"@id":"https:\/\/www.mauro-lucini.it\/tr\/luthier-mauro-lucini\/#breadcrumb"},"inLanguage":"tr","potentialAction":[{"@type":"ReadAction","target":["https:\/\/www.mauro-lucini.it\/tr\/luthier-mauro-lucini\/"]}]},{"@type":"ImageObject","inLanguage":"tr","@id":"https:\/\/www.mauro-lucini.it\/tr\/luthier-mauro-lucini\/#primaryimage","url":"https:\/\/www.mauro-lucini.it\/wp-content\/uploads\/2024\/08\/DSC_3895.jpg","contentUrl":"https:\/\/www.mauro-lucini.it\/wp-content\/uploads\/2024\/08\/DSC_3895.jpg"},{"@type":"BreadcrumbList","@id":"https:\/\/www.mauro-lucini.it\/tr\/luthier-mauro-lucini\/#breadcrumb","itemListElement":[{"@type":"ListItem","position":1,"name":"Home","item":"https:\/\/www.mauro-lucini.it\/tr\/"},{"@type":"ListItem","position":2,"name":"Luthier Mauro Lucini"}]},{"@type":"WebSite","@id":"https:\/\/www.mauro-lucini.it\/tr\/#website","url":"https:\/\/www.mauro-lucini.it\/tr\/","name":"Mauro Lucini - Liutaio a Cremona","description":"Mauro Lucini liutaio a Cremona - 40 anni di passione ed esperienza","publisher":{"@id":"https:\/\/www.mauro-lucini.it\/tr\/#organization"},"potentialAction":[{"@type":"SearchAction","target":{"@type":"EntryPoint","urlTemplate":"https:\/\/www.mauro-lucini.it\/tr\/?s={search_term_string}"},"query-input":{"@type":"PropertyValueSpecification","valueRequired":true,"valueName":"search_term_string"}}],"inLanguage":"tr"},{"@type":"Organization","@id":"https:\/\/www.mauro-lucini.it\/tr\/#organization","name":"Mauro Lucini - Liutaio a Cremona","url":"https:\/\/www.mauro-lucini.it\/tr\/","logo":{"@type":"ImageObject","inLanguage":"tr","@id":"https:\/\/www.mauro-lucini.it\/tr\/#\/schema\/logo\/image\/","url":"https:\/\/www.mauro-lucini.it\/wp-content\/uploads\/2024\/09\/Mauro-Lucini-Liutaio-Cremona.png","contentUrl":"https:\/\/www.mauro-lucini.it\/wp-content\/uploads\/2024\/09\/Mauro-Lucini-Liutaio-Cremona.png","width":480,"height":84,"caption":"Mauro Lucini - Liutaio a Cremona"},"image":{"@id":"https:\/\/www.mauro-lucini.it\/tr\/#\/schema\/logo\/image\/"}}]}},"_links":{"self":[{"href":"https:\/\/www.mauro-lucini.it\/tr\/wp-json\/wp\/v2\/pages\/2384","targetHints":{"allow":["GET"]}}],"collection":[{"href":"https:\/\/www.mauro-lucini.it\/tr\/wp-json\/wp\/v2\/pages"}],"about":[{"href":"https:\/\/www.mauro-lucini.it\/tr\/wp-json\/wp\/v2\/types\/page"}],"author":[{"embeddable":true,"href":"https:\/\/www.mauro-lucini.it\/tr\/wp-json\/wp\/v2\/users\/1"}],"replies":[{"embeddable":true,"href":"https:\/\/www.mauro-lucini.it\/tr\/wp-json\/wp\/v2\/comments?post=2384"}],"version-history":[{"count":3,"href":"https:\/\/www.mauro-lucini.it\/tr\/wp-json\/wp\/v2\/pages\/2384\/revisions"}],"predecessor-version":[{"id":2500,"href":"https:\/\/www.mauro-lucini.it\/tr\/wp-json\/wp\/v2\/pages\/2384\/revisions\/2500"}],"wp:attachment":[{"href":"https:\/\/www.mauro-lucini.it\/tr\/wp-json\/wp\/v2\/media?parent=2384"}],"curies":[{"name":"wp","href":"https:\/\/api.w.org\/{rel}","templated":true}]}}

<div class="wp-block-cover alignfull"><span aria-hidden="true" class="wp-block-cover__background has-background-dim" style="background-color:#7b654f"></span><img loading="lazy" decoding="async" width="2128" height="1416" class="wp-block-cover__image-background wp-image-328" alt="" src="https://www.mauro-lucini.it/wp-content/uploads/2024/08/DSC_3895.jpg" data-object-fit="cover" srcset="https://www.mauro-lucini.it/wp-content/uploads/2024/08/DSC_3895.jpg 2128w, https://www.mauro-lucini.it/wp-content/uploads/2024/08/DSC_3895-300x200.jpg 300w, https://www.mauro-lucini.it/wp-content/uploads/2024/08/DSC_3895-1024x681.jpg 1024w, https://www.mauro-lucini.it/wp-content/uploads/2024/08/DSC_3895-768x511.jpg 768w, https://www.mauro-lucini.it/wp-content/uploads/2024/08/DSC_3895-1536x1022.jpg 1536w, https://www.mauro-lucini.it/wp-content/uploads/2024/08/DSC_3895-2048x1363.jpg 2048w, https://www.mauro-lucini.it/wp-content/uploads/2024/08/DSC_3895-600x399.jpg 600w" sizes="auto, (max-width: 2128px) 100vw, 2128px" /><div class="wp-block-cover__inner-container is-layout-constrained wp-block-cover-is-layout-constrained">
<h2 class="wp-block-heading has-text-align-center">Luthier Mauro Lucini</h2>
</div></div>

<h2 class="wp-block-heading has-text-align-center">Keman yapımcısı Mauro Lucini ve Cremona&#8217;daki Piazza San Michele&#8217;deki atölyesi.</h2>

<p class="has-secondary-color has-text-color has-link-color wp-elements-c0372d82679ac4c90b1986c372737e25">Kremonalı keman yapımcısı Mauro Lucini, memleketi Cremona&#8217;nın keman yapım geleneğine derinlemesine bağlıdır: 40 yılı aşkın bir süredir Piazza San Michele 7&#8217;deki atölyesi, çalışmalarının yaratıcı merkezi, keman sesine duyduğu coşku ve sevgiyle dolu bir yer olmuştur.<br/></p>

<figure class="wp-block-image size-large"><img loading="lazy" decoding="async" width="1024" height="681" src="https://www.mauro-lucini.it/wp-content/uploads/2024/08/DSC_3855-1024x681.jpg" alt="Mauro Lucini - Cremona'da keman yap&#x131;mc&#x131;s&#x131;" class="wp-image-323" srcset="https://www.mauro-lucini.it/wp-content/uploads/2024/08/DSC_3855-1024x681.jpg 1024w, https://www.mauro-lucini.it/wp-content/uploads/2024/08/DSC_3855-300x200.jpg 300w, https://www.mauro-lucini.it/wp-content/uploads/2024/08/DSC_3855-768x511.jpg 768w, https://www.mauro-lucini.it/wp-content/uploads/2024/08/DSC_3855-1536x1022.jpg 1536w, https://www.mauro-lucini.it/wp-content/uploads/2024/08/DSC_3855-2048x1363.jpg 2048w, https://www.mauro-lucini.it/wp-content/uploads/2024/08/DSC_3855-600x399.jpg 600w" sizes="auto, (max-width: 1024px) 100vw, 1024px" /></figure>

<p class="has-secondary-color has-text-color has-link-color wp-elements-2c55082042ae055b65ec10926f49492f"><br/>Bir zanaatkar ve sanatçı olarak tüm kariyerinin deneyiminden yararlanarak &#8211; diğer şeylerin yanı sıra ona Concorso Nazionale di Liuteria di Pisogne&#8217;de (Pisogne&#8217;deki Ulusal Keman Yapımı Yarışması) bir ödül kazandırdı &#8211; şimdi kendini derinden hissedilen bir endişeye adıyor: tutkulu müzisyenler ve özellikle genç yetenekler için güzel, büyüleyici ses veren enstrümanlar inşa etmek ve onlara İtalyan yaylı enstrümanlar dünyasına erişilebilir erişim sağlamak. Çalışmalarında kendisine, onun rehberliğinde sanatlarında olgunlaşan ve klasik Cremonese keman yapımının mirasını geleceğe taşıyan iki ya da üç çırak yardımcı olur.<br/></p>

<p class="has-secondary-color has-text-color has-link-color wp-elements-b662429366937a193fa176e1098f55c7">Cremona&#8217;daki Officina Mauro Lucini&#8217;nin tarihi duvarları arasında üretilen her enstrüman, Maestro Lucini ve çalışanlarının özveri ve ince işçilikle detaylandırdığı ve rafine ettiği bireysel bir müzikal kişiliktir.</p>

<p>Keman yapımcısı Mauro Lucini ve Cremona&#8217;daki Piazza San Michele&#8217;deki atölyesi. Kremonalı keman yapımcısı Mauro Lucini, memleketi Cremona&#8217;nın keman yapım geleneğine derinlemesine bağlıdır: 40 yılı aşkın bir süredir Piazza San Michele 7&#8217;deki atölyesi, çalışmalarının yaratıcı merkezi, keman sesine duyduğu coşku ve sevgiyle dolu bir yer olmuştur. Bir zanaatkar ve sanatçı olarak tüm kariyerinin deneyiminden yararlanarak &#8211; [&hellip;]</p>

<!-- This site is optimized with the Yoast SEO plugin v27.4 - https://yoast.com/product/yoast-seo-wordpress/ -->
<title>Luthier Mauro Lucini</title>
<meta name="description" content="Mauro Lucini - Cremona&#039;da luthier: hevesli müzisyenler ve genç yetenekler için geleneksel Cremonese tarzında yapılmış uygun fiyatlı İtalyan kemanları" />
<meta name="robots" content="index, follow, max-snippet:-1, max-image-preview:large, max-video-preview:-1" />
<link rel="canonical" href="https://www.mauro-lucini.it/tr/luthier-mauro-lucini/" />
<meta property="og:locale" content="tr_TR" />
<meta property="og:type" content="article" />
<meta property="og:title" content="Luthier Mauro Lucini" />
<meta property="og:description" content="Mauro Lucini - Cremona&#039;da luthier: hevesli müzisyenler ve genç yetenekler için geleneksel Cremonese tarzında yapılmış uygun fiyatlı İtalyan kemanları" />
<meta property="og:url" content="https://www.mauro-lucini.it/tr/luthier-mauro-lucini/" />
<meta property="og:site_name" content="Mauro Lucini - Liutaio a Cremona" />
<meta property="article:modified_time" content="2025-05-23T12:41:12+00:00" />
<meta property="og:image" content="https://www.mauro-lucini.it/wp-content/uploads/2024/08/DSC_3895.jpg" />
	<meta property="og:image:width" content="2128" />
	<meta property="og:image:height" content="1416" />
	<meta property="og:image:type" content="image/jpeg" />
<meta name="twitter:card" content="summary_large_image" />
<!-- / Yoast SEO plugin. -->

Mauro Lucini - Cremona'da luthier: hevesli müzisyenler ve genç yetenekler için geleneksel Cremonese tarzında yapılmış uygun fiyatlı İtalyan kemanları
