{"id":2360,"date":"2024-09-02T11:45:19","date_gmt":"2024-09-02T11:45:19","guid":{"rendered":"https:\/\/www.mauro-lucini.it\/keman-yapim-atolyesi"},"modified":"2025-05-23T12:43:11","modified_gmt":"2025-05-23T12:43:11","slug":"keman-yapim-atolyesi","status":"publish","type":"page","link":"https:\/\/www.mauro-lucini.it\/tr\/keman-yapim-atolyesi\/","title":{"rendered":"Keman yap\u0131m at\u00f6lyesi"},"content":{"rendered":"\n<div class=\"wp-block-cover alignfull\"><span aria-hidden=\"true\" class=\"wp-block-cover__background has-background-dim\" style=\"background-color:#583a26\"><\/span><img loading=\"lazy\" decoding=\"async\" width=\"2170\" height=\"1202\" class=\"wp-block-cover__image-background wp-image-331\" alt=\"\" src=\"https:\/\/www.mauro-lucini.it\/wp-content\/uploads\/2024\/08\/legno-bottega-liuteria.jpg\" data-object-fit=\"cover\" srcset=\"https:\/\/www.mauro-lucini.it\/wp-content\/uploads\/2024\/08\/legno-bottega-liuteria.jpg 2170w, https:\/\/www.mauro-lucini.it\/wp-content\/uploads\/2024\/08\/legno-bottega-liuteria-300x166.jpg 300w, https:\/\/www.mauro-lucini.it\/wp-content\/uploads\/2024\/08\/legno-bottega-liuteria-1024x567.jpg 1024w, https:\/\/www.mauro-lucini.it\/wp-content\/uploads\/2024\/08\/legno-bottega-liuteria-768x425.jpg 768w, https:\/\/www.mauro-lucini.it\/wp-content\/uploads\/2024\/08\/legno-bottega-liuteria-1536x851.jpg 1536w, https:\/\/www.mauro-lucini.it\/wp-content\/uploads\/2024\/08\/legno-bottega-liuteria-2048x1134.jpg 2048w, https:\/\/www.mauro-lucini.it\/wp-content\/uploads\/2024\/08\/legno-bottega-liuteria-600x332.jpg 600w\" sizes=\"auto, (max-width: 2170px) 100vw, 2170px\" \/><div class=\"wp-block-cover__inner-container is-layout-constrained wp-block-cover-is-layout-constrained\">\n<h2 class=\"wp-block-heading has-text-align-center\">Keman yap\u0131m at\u00f6lyesi<\/h2>\n<\/div><\/div>\n\n<h2 class=\"wp-block-heading has-text-align-center\">Cremona&#8217;daki Mauro Lucini at\u00f6lyesi<\/h2>\n\n<p>Maestro Mauro Lucini, 40 y\u0131l\u0131 a\u015fk\u0131n bir s\u00fcre \u00f6nce San Michele Bazilikas\u0131&#8217;n\u0131n kar\u015f\u0131s\u0131ndaki eski tu\u011fla tonozlarda at\u00f6lyesini a\u00e7t\u0131\u011f\u0131nda, kendisine \u015fa\u015fmaz tarih duygusu ve memleketinin as\u0131rl\u0131k zanaat gelene\u011fi rehberlik etti. Bir zamanlar orta\u00e7a\u011fdan kalma San Giovanni hastanesinin \u015fapelini bar\u0131nd\u0131ran bina, de\u011ferli ah\u015faplarla hassas \u00e7al\u0131\u015fmalar i\u00e7in gerekli alan\u0131 ve iyi bir i\u00e7 mekan iklimini sunmakla kalm\u0131yor, ayn\u0131 zamanda a\u00e7\u0131k ve te\u015fvik edici bir ruha da sahip: Claudio Monteverdi&#8217;nin 1567&#8217;de do\u011fdu\u011fu yere be\u015f dakikadan daha k\u0131sa bir y\u00fcr\u00fcy\u00fc\u015f mesafesinde bulunan Piazza San Michele, Cremona&#8217;n\u0131n samimi ve yerel bir manzaras\u0131n\u0131 sunuyor. <br\/><\/p>\n\n<figure class=\"wp-block-image size-large\"><img loading=\"lazy\" decoding=\"async\" width=\"1024\" height=\"507\" src=\"https:\/\/www.mauro-lucini.it\/wp-content\/uploads\/2024\/08\/vernice-1024x507.jpg\" alt=\"boya\" class=\"wp-image-334\" srcset=\"https:\/\/www.mauro-lucini.it\/wp-content\/uploads\/2024\/08\/vernice-1024x507.jpg 1024w, https:\/\/www.mauro-lucini.it\/wp-content\/uploads\/2024\/08\/vernice-300x149.jpg 300w, https:\/\/www.mauro-lucini.it\/wp-content\/uploads\/2024\/08\/vernice-768x380.jpg 768w, https:\/\/www.mauro-lucini.it\/wp-content\/uploads\/2024\/08\/vernice-1536x761.jpg 1536w, https:\/\/www.mauro-lucini.it\/wp-content\/uploads\/2024\/08\/vernice-2048x1014.jpg 2048w, https:\/\/www.mauro-lucini.it\/wp-content\/uploads\/2024\/08\/vernice-600x297.jpg 600w\" sizes=\"auto, (max-width: 1024px) 100vw, 1024px\" \/><\/figure>\n\n<p><br\/>Burada Lucini ve at\u00f6lyesi, Stradivari d\u00fcnyas\u0131n\u0131n g\u00fcn\u00fcm\u00fcz keman yap\u0131m\u0131n\u0131n y\u00fcksek standartlar\u0131yla birle\u015fti\u011fi bir zaman kaps\u00fcl\u00fc yaratm\u0131\u015ft\u0131r. En iyi keman yap\u0131m okullar\u0131nda e\u011fitim alm\u0131\u015f olan i\u015fbirlik\u00e7ileri, maestronun y\u00f6netiminde ola\u011fan\u00fcst\u00fc g\u00fczellikte, ola\u011fan\u00fcst\u00fc ses kalitesine sahip, e\u015fsiz \u0130talyan karakteri ve benzersiz bir fiyat\/kalite oran\u0131na sahip kemanlar\u0131n yarat\u0131ld\u0131\u011f\u0131 Officina&#8217;n\u0131n enstr\u00fcmanlar\u0131 \u00fczerindeki \u00e7al\u0131\u015fmalara yeni bir ivme kazand\u0131r\u0131yor.<\/p>\n\n<p><\/p>\n\n<p><\/p>\n\n<p><\/p>\n","protected":false},"excerpt":{"rendered":"<p>Cremona&#8217;daki Mauro Lucini at\u00f6lyesi Maestro Mauro Lucini, 40 y\u0131l\u0131 a\u015fk\u0131n bir s\u00fcre \u00f6nce San Michele Bazilikas\u0131&#8217;n\u0131n kar\u015f\u0131s\u0131ndaki eski tu\u011fla tonozlarda at\u00f6lyesini a\u00e7t\u0131\u011f\u0131nda, kendisine \u015fa\u015fmaz tarih duygusu ve memleketinin as\u0131rl\u0131k zanaat gelene\u011fi rehberlik etti. Bir zamanlar orta\u00e7a\u011fdan kalma San Giovanni hastanesinin \u015fapelini bar\u0131nd\u0131ran bina, de\u011ferli ah\u015faplarla hassas \u00e7al\u0131\u015fmalar i\u00e7in gerekli alan\u0131 ve iyi bir i\u00e7 mekan [&hellip;]<\/p>\n","protected":false},"author":1,"featured_media":0,"parent":0,"menu_order":21,"comment_status":"closed","ping_status":"closed","template":"","meta":{"_coblocks_attr":"","_coblocks_dimensions":"","_coblocks_responsive_height":"","_coblocks_accordion_ie_support":"","hide_page_title":"","footnotes":""},"class_list":["post-2360","page","type-page","status-publish","hentry"],"yoast_head":"<!-- This site is optimized with the Yoast SEO plugin v27.4 - https:\/\/yoast.com\/product\/yoast-seo-wordpress\/ -->\n<title>Cremona&#039;da Mauro Lucini keman yap\u0131m at\u00f6lyesi<\/title>\n<meta name=\"description\" content=\"Cremona&#039;daki Officina Mauro Lucini: Stradivari d\u00fcnyas\u0131n\u0131n \u00e7a\u011fda\u015f keman yap\u0131m\u0131n\u0131n y\u00fcksek standartlar\u0131yla bulu\u015ftu\u011fu bir zaman kaps\u00fcl\u00fc\" \/>\n<meta name=\"robots\" content=\"index, follow, max-snippet:-1, max-image-preview:large, max-video-preview:-1\" \/>\n<link rel=\"canonical\" href=\"https:\/\/www.mauro-lucini.it\/tr\/keman-yapim-atolyesi\/\" \/>\n<meta property=\"og:locale\" content=\"tr_TR\" \/>\n<meta property=\"og:type\" content=\"article\" \/>\n<meta property=\"og:title\" content=\"Cremona&#039;da Mauro Lucini keman yap\u0131m at\u00f6lyesi\" \/>\n<meta property=\"og:description\" content=\"Cremona&#039;daki Officina Mauro Lucini: Stradivari d\u00fcnyas\u0131n\u0131n \u00e7a\u011fda\u015f keman yap\u0131m\u0131n\u0131n y\u00fcksek standartlar\u0131yla bulu\u015ftu\u011fu bir zaman kaps\u00fcl\u00fc\" \/>\n<meta property=\"og:url\" content=\"https:\/\/www.mauro-lucini.it\/tr\/keman-yapim-atolyesi\/\" \/>\n<meta property=\"og:site_name\" content=\"Mauro Lucini - Liutaio a Cremona\" \/>\n<meta property=\"article:modified_time\" content=\"2025-05-23T12:43:11+00:00\" \/>\n<meta property=\"og:image\" content=\"https:\/\/www.mauro-lucini.it\/wp-content\/uploads\/2024\/08\/legno-bottega-liuteria.jpg\" \/>\n\t<meta property=\"og:image:width\" content=\"2170\" \/>\n\t<meta property=\"og:image:height\" content=\"1202\" \/>\n\t<meta property=\"og:image:type\" content=\"image\/jpeg\" \/>\n<meta name=\"twitter:card\" content=\"summary_large_image\" \/>\n<!-- \/ Yoast SEO plugin. -->","yoast_head_json":{"title":"Cremona'da Mauro Lucini keman yap\u0131m at\u00f6lyesi","description":"Cremona'daki Officina Mauro Lucini: Stradivari d\u00fcnyas\u0131n\u0131n \u00e7a\u011fda\u015f keman yap\u0131m\u0131n\u0131n y\u00fcksek standartlar\u0131yla bulu\u015ftu\u011fu bir zaman kaps\u00fcl\u00fc","robots":{"index":"index","follow":"follow","max-snippet":"max-snippet:-1","max-image-preview":"max-image-preview:large","max-video-preview":"max-video-preview:-1"},"canonical":"https:\/\/www.mauro-lucini.it\/tr\/keman-yapim-atolyesi\/","og_locale":"tr_TR","og_type":"article","og_title":"Cremona'da Mauro Lucini keman yap\u0131m at\u00f6lyesi","og_description":"Cremona'daki Officina Mauro Lucini: Stradivari d\u00fcnyas\u0131n\u0131n \u00e7a\u011fda\u015f keman yap\u0131m\u0131n\u0131n y\u00fcksek standartlar\u0131yla bulu\u015ftu\u011fu bir zaman kaps\u00fcl\u00fc","og_url":"https:\/\/www.mauro-lucini.it\/tr\/keman-yapim-atolyesi\/","og_site_name":"Mauro Lucini - Liutaio a Cremona","article_modified_time":"2025-05-23T12:43:11+00:00","og_image":[{"width":2170,"height":1202,"url":"https:\/\/www.mauro-lucini.it\/wp-content\/uploads\/2024\/08\/legno-bottega-liuteria.jpg","type":"image\/jpeg"}],"twitter_card":"summary_large_image","schema":{"@context":"https:\/\/schema.org","@graph":[{"@type":"WebPage","@id":"https:\/\/www.mauro-lucini.it\/tr\/keman-yapim-atolyesi\/","url":"https:\/\/www.mauro-lucini.it\/tr\/keman-yapim-atolyesi\/","name":"Cremona'da Mauro Lucini keman yap\u0131m at\u00f6lyesi","isPartOf":{"@id":"https:\/\/www.mauro-lucini.it\/tr\/#website"},"primaryImageOfPage":{"@id":"https:\/\/www.mauro-lucini.it\/tr\/keman-yapim-atolyesi\/#primaryimage"},"image":{"@id":"https:\/\/www.mauro-lucini.it\/tr\/keman-yapim-atolyesi\/#primaryimage"},"thumbnailUrl":"https:\/\/www.mauro-lucini.it\/wp-content\/uploads\/2024\/08\/legno-bottega-liuteria.jpg","datePublished":"2024-09-02T11:45:19+00:00","dateModified":"2025-05-23T12:43:11+00:00","description":"Cremona'daki Officina Mauro Lucini: Stradivari d\u00fcnyas\u0131n\u0131n \u00e7a\u011fda\u015f keman yap\u0131m\u0131n\u0131n y\u00fcksek standartlar\u0131yla bulu\u015ftu\u011fu bir zaman kaps\u00fcl\u00fc","breadcrumb":{"@id":"https:\/\/www.mauro-lucini.it\/tr\/keman-yapim-atolyesi\/#breadcrumb"},"inLanguage":"tr","potentialAction":[{"@type":"ReadAction","target":["https:\/\/www.mauro-lucini.it\/tr\/keman-yapim-atolyesi\/"]}]},{"@type":"ImageObject","inLanguage":"tr","@id":"https:\/\/www.mauro-lucini.it\/tr\/keman-yapim-atolyesi\/#primaryimage","url":"https:\/\/www.mauro-lucini.it\/wp-content\/uploads\/2024\/08\/legno-bottega-liuteria.jpg","contentUrl":"https:\/\/www.mauro-lucini.it\/wp-content\/uploads\/2024\/08\/legno-bottega-liuteria.jpg"},{"@type":"BreadcrumbList","@id":"https:\/\/www.mauro-lucini.it\/tr\/keman-yapim-atolyesi\/#breadcrumb","itemListElement":[{"@type":"ListItem","position":1,"name":"Home","item":"https:\/\/www.mauro-lucini.it\/tr\/"},{"@type":"ListItem","position":2,"name":"Keman yap\u0131m at\u00f6lyesi"}]},{"@type":"WebSite","@id":"https:\/\/www.mauro-lucini.it\/tr\/#website","url":"https:\/\/www.mauro-lucini.it\/tr\/","name":"Mauro Lucini - Liutaio a Cremona","description":"Mauro Lucini liutaio a Cremona - 40 anni di passione ed esperienza","publisher":{"@id":"https:\/\/www.mauro-lucini.it\/tr\/#organization"},"potentialAction":[{"@type":"SearchAction","target":{"@type":"EntryPoint","urlTemplate":"https:\/\/www.mauro-lucini.it\/tr\/?s={search_term_string}"},"query-input":{"@type":"PropertyValueSpecification","valueRequired":true,"valueName":"search_term_string"}}],"inLanguage":"tr"},{"@type":"Organization","@id":"https:\/\/www.mauro-lucini.it\/tr\/#organization","name":"Mauro Lucini - Liutaio a Cremona","url":"https:\/\/www.mauro-lucini.it\/tr\/","logo":{"@type":"ImageObject","inLanguage":"tr","@id":"https:\/\/www.mauro-lucini.it\/tr\/#\/schema\/logo\/image\/","url":"https:\/\/www.mauro-lucini.it\/wp-content\/uploads\/2024\/09\/Mauro-Lucini-Liutaio-Cremona.png","contentUrl":"https:\/\/www.mauro-lucini.it\/wp-content\/uploads\/2024\/09\/Mauro-Lucini-Liutaio-Cremona.png","width":480,"height":84,"caption":"Mauro Lucini - Liutaio a Cremona"},"image":{"@id":"https:\/\/www.mauro-lucini.it\/tr\/#\/schema\/logo\/image\/"}}]}},"_links":{"self":[{"href":"https:\/\/www.mauro-lucini.it\/tr\/wp-json\/wp\/v2\/pages\/2360","targetHints":{"allow":["GET"]}}],"collection":[{"href":"https:\/\/www.mauro-lucini.it\/tr\/wp-json\/wp\/v2\/pages"}],"about":[{"href":"https:\/\/www.mauro-lucini.it\/tr\/wp-json\/wp\/v2\/types\/page"}],"author":[{"embeddable":true,"href":"https:\/\/www.mauro-lucini.it\/tr\/wp-json\/wp\/v2\/users\/1"}],"replies":[{"embeddable":true,"href":"https:\/\/www.mauro-lucini.it\/tr\/wp-json\/wp\/v2\/comments?post=2360"}],"version-history":[{"count":2,"href":"https:\/\/www.mauro-lucini.it\/tr\/wp-json\/wp\/v2\/pages\/2360\/revisions"}],"predecessor-version":[{"id":2502,"href":"https:\/\/www.mauro-lucini.it\/tr\/wp-json\/wp\/v2\/pages\/2360\/revisions\/2502"}],"wp:attachment":[{"href":"https:\/\/www.mauro-lucini.it\/tr\/wp-json\/wp\/v2\/media?parent=2360"}],"curies":[{"name":"wp","href":"https:\/\/api.w.org\/{rel}","templated":true}]}}

Keman yapım atölyesi

<div class="wp-block-cover alignfull"><span aria-hidden="true" class="wp-block-cover__background has-background-dim" style="background-color:#583a26"></span><img loading="lazy" decoding="async" width="2170" height="1202" class="wp-block-cover__image-background wp-image-331" alt="" src="https://www.mauro-lucini.it/wp-content/uploads/2024/08/legno-bottega-liuteria.jpg" data-object-fit="cover" srcset="https://www.mauro-lucini.it/wp-content/uploads/2024/08/legno-bottega-liuteria.jpg 2170w, https://www.mauro-lucini.it/wp-content/uploads/2024/08/legno-bottega-liuteria-300x166.jpg 300w, https://www.mauro-lucini.it/wp-content/uploads/2024/08/legno-bottega-liuteria-1024x567.jpg 1024w, https://www.mauro-lucini.it/wp-content/uploads/2024/08/legno-bottega-liuteria-768x425.jpg 768w, https://www.mauro-lucini.it/wp-content/uploads/2024/08/legno-bottega-liuteria-1536x851.jpg 1536w, https://www.mauro-lucini.it/wp-content/uploads/2024/08/legno-bottega-liuteria-2048x1134.jpg 2048w, https://www.mauro-lucini.it/wp-content/uploads/2024/08/legno-bottega-liuteria-600x332.jpg 600w" sizes="auto, (max-width: 2170px) 100vw, 2170px" /><div class="wp-block-cover__inner-container is-layout-constrained wp-block-cover-is-layout-constrained">
<h2 class="wp-block-heading has-text-align-center">Keman yapım atölyesi</h2>
</div></div>

<h2 class="wp-block-heading has-text-align-center">Cremona&#8217;daki Mauro Lucini atölyesi</h2>

<p>Maestro Mauro Lucini, 40 yılı aşkın bir süre önce San Michele Bazilikası&#8217;nın karşısındaki eski tuğla tonozlarda atölyesini açtığında, kendisine şaşmaz tarih duygusu ve memleketinin asırlık zanaat geleneği rehberlik etti. Bir zamanlar ortaçağdan kalma San Giovanni hastanesinin şapelini barındıran bina, değerli ahşaplarla hassas çalışmalar için gerekli alanı ve iyi bir iç mekan iklimini sunmakla kalmıyor, aynı zamanda açık ve teşvik edici bir ruha da sahip: Claudio Monteverdi&#8217;nin 1567&#8217;de doğduğu yere beş dakikadan daha kısa bir yürüyüş mesafesinde bulunan Piazza San Michele, Cremona&#8217;nın samimi ve yerel bir manzarasını sunuyor. <br/></p>

<figure class="wp-block-image size-large"><img loading="lazy" decoding="async" width="1024" height="507" src="https://www.mauro-lucini.it/wp-content/uploads/2024/08/vernice-1024x507.jpg" alt="boya" class="wp-image-334" srcset="https://www.mauro-lucini.it/wp-content/uploads/2024/08/vernice-1024x507.jpg 1024w, https://www.mauro-lucini.it/wp-content/uploads/2024/08/vernice-300x149.jpg 300w, https://www.mauro-lucini.it/wp-content/uploads/2024/08/vernice-768x380.jpg 768w, https://www.mauro-lucini.it/wp-content/uploads/2024/08/vernice-1536x761.jpg 1536w, https://www.mauro-lucini.it/wp-content/uploads/2024/08/vernice-2048x1014.jpg 2048w, https://www.mauro-lucini.it/wp-content/uploads/2024/08/vernice-600x297.jpg 600w" sizes="auto, (max-width: 1024px) 100vw, 1024px" /></figure>

<p><br/>Burada Lucini ve atölyesi, Stradivari dünyasının günümüz keman yapımının yüksek standartlarıyla birleştiği bir zaman kapsülü yaratmıştır. En iyi keman yapım okullarında eğitim almış olan işbirlikçileri, maestronun yönetiminde olağanüstü güzellikte, olağanüstü ses kalitesine sahip, eşsiz İtalyan karakteri ve benzersiz bir fiyat/kalite oranına sahip kemanların yaratıldığı Officina&#8217;nın enstrümanları üzerindeki çalışmalara yeni bir ivme kazandırıyor.</p>

<p></p>

<p></p>

<p></p>

<p>Cremona&#8217;daki Mauro Lucini atölyesi Maestro Mauro Lucini, 40 yılı aşkın bir süre önce San Michele Bazilikası&#8217;nın karşısındaki eski tuğla tonozlarda atölyesini açtığında, kendisine şaşmaz tarih duygusu ve memleketinin asırlık zanaat geleneği rehberlik etti. Bir zamanlar ortaçağdan kalma San Giovanni hastanesinin şapelini barındıran bina, değerli ahşaplarla hassas çalışmalar için gerekli alanı ve iyi bir iç mekan [&hellip;]</p>

<!-- This site is optimized with the Yoast SEO plugin v27.4 - https://yoast.com/product/yoast-seo-wordpress/ -->
<title>Cremona&#039;da Mauro Lucini keman yapım atölyesi</title>
<meta name="description" content="Cremona&#039;daki Officina Mauro Lucini: Stradivari dünyasının çağdaş keman yapımının yüksek standartlarıyla buluştuğu bir zaman kapsülü" />
<meta name="robots" content="index, follow, max-snippet:-1, max-image-preview:large, max-video-preview:-1" />
<link rel="canonical" href="https://www.mauro-lucini.it/tr/keman-yapim-atolyesi/" />
<meta property="og:locale" content="tr_TR" />
<meta property="og:type" content="article" />
<meta property="og:title" content="Cremona&#039;da Mauro Lucini keman yapım atölyesi" />
<meta property="og:description" content="Cremona&#039;daki Officina Mauro Lucini: Stradivari dünyasının çağdaş keman yapımının yüksek standartlarıyla buluştuğu bir zaman kapsülü" />
<meta property="og:url" content="https://www.mauro-lucini.it/tr/keman-yapim-atolyesi/" />
<meta property="og:site_name" content="Mauro Lucini - Liutaio a Cremona" />
<meta property="article:modified_time" content="2025-05-23T12:43:11+00:00" />
<meta property="og:image" content="https://www.mauro-lucini.it/wp-content/uploads/2024/08/legno-bottega-liuteria.jpg" />
	<meta property="og:image:width" content="2170" />
	<meta property="og:image:height" content="1202" />
	<meta property="og:image:type" content="image/jpeg" />
<meta name="twitter:card" content="summary_large_image" />
<!-- / Yoast SEO plugin. -->

Cremona'da Mauro Lucini keman yapım atölyesi

Cremona'daki Officina Mauro Lucini: Stradivari dünyasının çağdaş keman yapımının yüksek standartlarıyla buluştuğu bir zaman kapsülü
