{"id":2313,"date":"2024-08-30T10:59:05","date_gmt":"2024-08-30T10:59:05","guid":{"rendered":"https:\/\/www.mauro-lucini.it\/kunye"},"modified":"2024-12-14T07:14:45","modified_gmt":"2024-12-14T07:14:45","slug":"kunye","status":"publish","type":"page","link":"https:\/\/www.mauro-lucini.it\/tr\/kunye\/","title":{"rendered":"K\u00fcnye"},"content":{"rendered":"\n<p><br\/><br\/><br\/>\u0130leti\u015fim At\u00f6lyesi Mauro Lucini | Luthier At\u00f6lyesi: +39 327 844 5119<a href=\"mailto:mauro@mauro-lucini.it\">mauro@mauro-lucini.it<\/a><\/p>\n\n<p><\/p>\n\n<p><br\/><br\/><br\/>Adres Officina Mauro Lucini | Liutaio Piazza S. Michele, 7 26100 Cremona (CR), \u0130talya<\/p>\n","protected":false},"excerpt":{"rendered":"<p>\u0130leti\u015fim At\u00f6lyesi Mauro Lucini | Luthier At\u00f6lyesi: +39 327 844 5119mauro@mauro-lucini.it Adres Officina Mauro Lucini | Liutaio Piazza S. Michele, 7 26100 Cremona (CR), \u0130talya<\/p>\n","protected":false},"author":1,"featured_media":0,"parent":0,"menu_order":92,"comment_status":"closed","ping_status":"closed","template":"","meta":{"_coblocks_attr":"","_coblocks_dimensions":"","_coblocks_responsive_height":"","_coblocks_accordion_ie_support":"","hide_page_title":"","footnotes":""},"class_list":["post-2313","page","type-page","status-publish","hentry"],"yoast_head":"<!-- This site is optimized with the Yoast SEO plugin v27.4 - https:\/\/yoast.com\/product\/yoast-seo-wordpress\/ -->\n<title>K\u00fcnye - Mauro Lucini - Liutaio a Cremona<\/title>\n<meta name=\"description\" content=\"Officina Mauro Lucini | Keman Yap\u0131mc\u0131s\u0131 - Piazza S. Michele, 726100 Cremona (CR), \u0130talya\" \/>\n<meta name=\"robots\" content=\"index, follow, max-snippet:-1, max-image-preview:large, max-video-preview:-1\" \/>\n<link rel=\"canonical\" href=\"https:\/\/www.mauro-lucini.it\/tr\/kunye\/\" \/>\n<meta property=\"og:locale\" content=\"tr_TR\" \/>\n<meta property=\"og:type\" content=\"article\" \/>\n<meta property=\"og:title\" content=\"K\u00fcnye - Mauro Lucini - Liutaio a Cremona\" \/>\n<meta property=\"og:description\" content=\"Officina Mauro Lucini | Keman Yap\u0131mc\u0131s\u0131 - Piazza S. Michele, 726100 Cremona (CR), \u0130talya\" \/>\n<meta property=\"og:url\" content=\"https:\/\/www.mauro-lucini.it\/tr\/kunye\/\" \/>\n<meta property=\"og:site_name\" content=\"Mauro Lucini - Liutaio a Cremona\" \/>\n<meta property=\"article:modified_time\" content=\"2024-12-14T07:14:45+00:00\" \/>\n<meta name=\"twitter:card\" content=\"summary_large_image\" \/>\n<!-- \/ Yoast SEO plugin. -->","yoast_head_json":{"title":"K\u00fcnye - Mauro Lucini - Liutaio a Cremona","description":"Officina Mauro Lucini | Keman Yap\u0131mc\u0131s\u0131 - Piazza S. Michele, 726100 Cremona (CR), \u0130talya","robots":{"index":"index","follow":"follow","max-snippet":"max-snippet:-1","max-image-preview":"max-image-preview:large","max-video-preview":"max-video-preview:-1"},"canonical":"https:\/\/www.mauro-lucini.it\/tr\/kunye\/","og_locale":"tr_TR","og_type":"article","og_title":"K\u00fcnye - Mauro Lucini - Liutaio a Cremona","og_description":"Officina Mauro Lucini | Keman Yap\u0131mc\u0131s\u0131 - Piazza S. Michele, 726100 Cremona (CR), \u0130talya","og_url":"https:\/\/www.mauro-lucini.it\/tr\/kunye\/","og_site_name":"Mauro Lucini - Liutaio a Cremona","article_modified_time":"2024-12-14T07:14:45+00:00","twitter_card":"summary_large_image","schema":{"@context":"https:\/\/schema.org","@graph":[{"@type":"WebPage","@id":"https:\/\/www.mauro-lucini.it\/tr\/kunye\/","url":"https:\/\/www.mauro-lucini.it\/tr\/kunye\/","name":"K\u00fcnye - Mauro Lucini - Liutaio a Cremona","isPartOf":{"@id":"https:\/\/www.mauro-lucini.it\/tr\/#website"},"datePublished":"2024-08-30T10:59:05+00:00","dateModified":"2024-12-14T07:14:45+00:00","description":"Officina Mauro Lucini | Keman Yap\u0131mc\u0131s\u0131 - Piazza S. Michele, 726100 Cremona (CR), \u0130talya","breadcrumb":{"@id":"https:\/\/www.mauro-lucini.it\/tr\/kunye\/#breadcrumb"},"inLanguage":"tr","potentialAction":[{"@type":"ReadAction","target":["https:\/\/www.mauro-lucini.it\/tr\/kunye\/"]}]},{"@type":"BreadcrumbList","@id":"https:\/\/www.mauro-lucini.it\/tr\/kunye\/#breadcrumb","itemListElement":[{"@type":"ListItem","position":1,"name":"Home","item":"https:\/\/www.mauro-lucini.it\/tr\/"},{"@type":"ListItem","position":2,"name":"K\u00fcnye"}]},{"@type":"WebSite","@id":"https:\/\/www.mauro-lucini.it\/tr\/#website","url":"https:\/\/www.mauro-lucini.it\/tr\/","name":"Mauro Lucini - Liutaio a Cremona","description":"Mauro Lucini liutaio a Cremona - 40 anni di passione ed esperienza","publisher":{"@id":"https:\/\/www.mauro-lucini.it\/tr\/#organization"},"potentialAction":[{"@type":"SearchAction","target":{"@type":"EntryPoint","urlTemplate":"https:\/\/www.mauro-lucini.it\/tr\/?s={search_term_string}"},"query-input":{"@type":"PropertyValueSpecification","valueRequired":true,"valueName":"search_term_string"}}],"inLanguage":"tr"},{"@type":"Organization","@id":"https:\/\/www.mauro-lucini.it\/tr\/#organization","name":"Mauro Lucini - Liutaio a Cremona","url":"https:\/\/www.mauro-lucini.it\/tr\/","logo":{"@type":"ImageObject","inLanguage":"tr","@id":"https:\/\/www.mauro-lucini.it\/tr\/#\/schema\/logo\/image\/","url":"https:\/\/www.mauro-lucini.it\/wp-content\/uploads\/2024\/09\/Mauro-Lucini-Liutaio-Cremona.png","contentUrl":"https:\/\/www.mauro-lucini.it\/wp-content\/uploads\/2024\/09\/Mauro-Lucini-Liutaio-Cremona.png","width":480,"height":84,"caption":"Mauro Lucini - Liutaio a Cremona"},"image":{"@id":"https:\/\/www.mauro-lucini.it\/tr\/#\/schema\/logo\/image\/"}}]}},"_links":{"self":[{"href":"https:\/\/www.mauro-lucini.it\/tr\/wp-json\/wp\/v2\/pages\/2313","targetHints":{"allow":["GET"]}}],"collection":[{"href":"https:\/\/www.mauro-lucini.it\/tr\/wp-json\/wp\/v2\/pages"}],"about":[{"href":"https:\/\/www.mauro-lucini.it\/tr\/wp-json\/wp\/v2\/types\/page"}],"author":[{"embeddable":true,"href":"https:\/\/www.mauro-lucini.it\/tr\/wp-json\/wp\/v2\/users\/1"}],"replies":[{"embeddable":true,"href":"https:\/\/www.mauro-lucini.it\/tr\/wp-json\/wp\/v2\/comments?post=2313"}],"version-history":[{"count":1,"href":"https:\/\/www.mauro-lucini.it\/tr\/wp-json\/wp\/v2\/pages\/2313\/revisions"}],"predecessor-version":[{"id":2315,"href":"https:\/\/www.mauro-lucini.it\/tr\/wp-json\/wp\/v2\/pages\/2313\/revisions\/2315"}],"wp:attachment":[{"href":"https:\/\/www.mauro-lucini.it\/tr\/wp-json\/wp\/v2\/media?parent=2313"}],"curies":[{"name":"wp","href":"https:\/\/api.w.org\/{rel}","templated":true}]}}

Künye

<p><br/><br/><br/>İletişim Atölyesi Mauro Lucini | Luthier Atölyesi: +39 327 844 5119<a href="mailto:mauro@mauro-lucini.it">mauro@mauro-lucini.it</a></p>

<p></p>

<p><br/><br/><br/>Adres Officina Mauro Lucini | Liutaio Piazza S. Michele, 7 26100 Cremona (CR), İtalya</p>

<p>İletişim Atölyesi Mauro Lucini | Luthier Atölyesi: +39 327 844 5119mauro@mauro-lucini.it Adres Officina Mauro Lucini | Liutaio Piazza S. Michele, 7 26100 Cremona (CR), İtalya</p>

<!-- This site is optimized with the Yoast SEO plugin v27.4 - https://yoast.com/product/yoast-seo-wordpress/ -->
<title>Künye - Mauro Lucini - Liutaio a Cremona</title>
<meta name="description" content="Officina Mauro Lucini | Keman Yapımcısı - Piazza S. Michele, 726100 Cremona (CR), İtalya" />
<meta name="robots" content="index, follow, max-snippet:-1, max-image-preview:large, max-video-preview:-1" />
<link rel="canonical" href="https://www.mauro-lucini.it/tr/kunye/" />
<meta property="og:locale" content="tr_TR" />
<meta property="og:type" content="article" />
<meta property="og:title" content="Künye - Mauro Lucini - Liutaio a Cremona" />
<meta property="og:description" content="Officina Mauro Lucini | Keman Yapımcısı - Piazza S. Michele, 726100 Cremona (CR), İtalya" />
<meta property="og:url" content="https://www.mauro-lucini.it/tr/kunye/" />
<meta property="og:site_name" content="Mauro Lucini - Liutaio a Cremona" />
<meta property="article:modified_time" content="2024-12-14T07:14:45+00:00" />
<meta name="twitter:card" content="summary_large_image" />
<!-- / Yoast SEO plugin. -->

Künye - Mauro Lucini - Liutaio a Cremona

Officina Mauro Lucini | Keman Yapımcısı - Piazza S. Michele, 726100 Cremona (CR), İtalya
