{"id":2267,"date":"2024-01-05T19:26:42","date_gmt":"2024-01-05T19:26:42","guid":{"rendered":"https:\/\/www.mauro-lucini.it\/negozio\/bez-kategorii\/skrzypce-officina-mauro-lucini-cremona-2023-sprzedane"},"modified":"2025-01-20T10:41:58","modified_gmt":"2025-01-20T10:41:58","slug":"skrzypce-officina-mauro-lucini-cremona-2023","status":"publish","type":"product","link":"https:\/\/www.mauro-lucini.it\/pl\/negozio-di-violini\/skrzypce-kremonskie\/skrzypce-officina-mauro-lucini-cremona-2023\/","title":{"rendered":"Skrzypce Officina Mauro Lucini, Cremona 2023 &#8211; SPRZEDANE"},"content":{"rendered":"<p>Bardzo pi\u0119kne skrzypce z Officina Mauro Lucini w Cremonie, lakierowane w kolorze burgundowej czerwieni, z jednocz\u0119\u015bciowym ty\u0142em i pot\u0119\u017cnym, promiennym i dojrza\u0142ym d\u017awi\u0119kiem.<\/p>\n","protected":false},"excerpt":{"rendered":"<p>Bardzo pi\u0119kne skrzypce z Officina Mauro Lucini w Cremonie, lakierowane w kolorze burgundowej czerwieni, z jednocz\u0119\u015bciowym ty\u0142em i pot\u0119\u017cnym, promiennym i dojrza\u0142ym d\u017awi\u0119kiem.<\/p>\n","protected":false},"featured_media":1616,"template":"","meta":{"_coblocks_attr":"","_coblocks_dimensions":"","_coblocks_responsive_height":"","_coblocks_accordion_ie_support":"","hide_page_title":""},"product_brand":[],"product_cat":[111],"product_tag":[],"class_list":{"0":"post-2267","1":"product","2":"type-product","3":"status-publish","4":"has-post-thumbnail","6":"product_cat-skrzypce-kremonskie","8":"first","9":"outofstock","10":"sold-individually","11":"taxable","12":"shipping-taxable","13":"purchasable","14":"product-type-simple"},"yoast_head":"<!-- This site is optimized with the Yoast SEO plugin v27.4 - https:\/\/yoast.com\/product\/yoast-seo-wordpress\/ -->\n<title>Skrzypce Officina Mauro Lucini, Cremona 2023 - SPRZEDANE - Mauro Lucini - Liutaio a Cremona<\/title>\n<meta name=\"description\" content=\"Bardzo pi\u0119kne skrzypce z Officina Mauro Lucini w Cremonie, lakierowane w kolorze burgundowej czerwieni, z jednocz\u0119\u015bciowym ty\u0142em i pot\u0119\u017cnym, promiennym i dojrza\u0142ym d\u017awi\u0119kiem.\" \/>\n<meta name=\"robots\" content=\"index, follow, max-snippet:-1, max-image-preview:large, max-video-preview:-1\" \/>\n<link rel=\"canonical\" href=\"https:\/\/www.mauro-lucini.it\/pl\/negozio-di-violini\/skrzypce-kremonskie\/skrzypce-officina-mauro-lucini-cremona-2023\/\" \/>\n<meta property=\"og:locale\" content=\"pl_PL\" \/>\n<meta property=\"og:type\" content=\"article\" \/>\n<meta property=\"og:title\" content=\"Skrzypce Officina Mauro Lucini, Cremona 2023 - SPRZEDANE - Mauro Lucini - Liutaio a Cremona\" \/>\n<meta property=\"og:description\" content=\"Bardzo pi\u0119kne skrzypce z Officina Mauro Lucini w Cremonie, lakierowane w kolorze burgundowej czerwieni, z jednocz\u0119\u015bciowym ty\u0142em i pot\u0119\u017cnym, promiennym i dojrza\u0142ym d\u017awi\u0119kiem.\" \/>\n<meta property=\"og:url\" content=\"https:\/\/www.mauro-lucini.it\/pl\/negozio-di-violini\/skrzypce-kremonskie\/skrzypce-officina-mauro-lucini-cremona-2023\/\" \/>\n<meta property=\"og:site_name\" content=\"Mauro Lucini - Liutaio a Cremona\" \/>\n<meta property=\"article:modified_time\" content=\"2025-01-20T10:41:58+00:00\" \/>\n<meta property=\"og:image\" content=\"https:\/\/www.mauro-lucini.it\/wp-content\/uploads\/2024\/01\/mauro-lucini-7207-2.jpg\" \/>\n\t<meta property=\"og:image:width\" content=\"1181\" \/>\n\t<meta property=\"og:image:height\" content=\"1890\" \/>\n\t<meta property=\"og:image:type\" content=\"image\/jpeg\" \/>\n<meta name=\"twitter:card\" content=\"summary_large_image\" \/>\n<!-- \/ Yoast SEO plugin. -->","yoast_head_json":{"title":"Skrzypce Officina Mauro Lucini, Cremona 2023 - SPRZEDANE - Mauro Lucini - Liutaio a Cremona","description":"Bardzo pi\u0119kne skrzypce z Officina Mauro Lucini w Cremonie, lakierowane w kolorze burgundowej czerwieni, z jednocz\u0119\u015bciowym ty\u0142em i pot\u0119\u017cnym, promiennym i dojrza\u0142ym d\u017awi\u0119kiem.","robots":{"index":"index","follow":"follow","max-snippet":"max-snippet:-1","max-image-preview":"max-image-preview:large","max-video-preview":"max-video-preview:-1"},"canonical":"https:\/\/www.mauro-lucini.it\/pl\/negozio-di-violini\/skrzypce-kremonskie\/skrzypce-officina-mauro-lucini-cremona-2023\/","og_locale":"pl_PL","og_type":"article","og_title":"Skrzypce Officina Mauro Lucini, Cremona 2023 - SPRZEDANE - Mauro Lucini - Liutaio a Cremona","og_description":"Bardzo pi\u0119kne skrzypce z Officina Mauro Lucini w Cremonie, lakierowane w kolorze burgundowej czerwieni, z jednocz\u0119\u015bciowym ty\u0142em i pot\u0119\u017cnym, promiennym i dojrza\u0142ym d\u017awi\u0119kiem.","og_url":"https:\/\/www.mauro-lucini.it\/pl\/negozio-di-violini\/skrzypce-kremonskie\/skrzypce-officina-mauro-lucini-cremona-2023\/","og_site_name":"Mauro Lucini - Liutaio a Cremona","article_modified_time":"2025-01-20T10:41:58+00:00","og_image":[{"width":1181,"height":1890,"url":"https:\/\/www.mauro-lucini.it\/wp-content\/uploads\/2024\/01\/mauro-lucini-7207-2.jpg","type":"image\/jpeg"}],"twitter_card":"summary_large_image","schema":{"@context":"https:\/\/schema.org","@graph":[{"@type":"WebPage","@id":"https:\/\/www.mauro-lucini.it\/pl\/negozio-di-violini\/skrzypce-kremonskie\/skrzypce-officina-mauro-lucini-cremona-2023\/","url":"https:\/\/www.mauro-lucini.it\/pl\/negozio-di-violini\/skrzypce-kremonskie\/skrzypce-officina-mauro-lucini-cremona-2023\/","name":"Skrzypce Officina Mauro Lucini, Cremona 2023 - SPRZEDANE - Mauro Lucini - Liutaio a Cremona","isPartOf":{"@id":"https:\/\/www.mauro-lucini.it\/pl\/#website"},"primaryImageOfPage":{"@id":"https:\/\/www.mauro-lucini.it\/pl\/negozio-di-violini\/skrzypce-kremonskie\/skrzypce-officina-mauro-lucini-cremona-2023\/#primaryimage"},"image":{"@id":"https:\/\/www.mauro-lucini.it\/pl\/negozio-di-violini\/skrzypce-kremonskie\/skrzypce-officina-mauro-lucini-cremona-2023\/#primaryimage"},"thumbnailUrl":"https:\/\/www.mauro-lucini.it\/wp-content\/uploads\/2024\/01\/mauro-lucini-7207-2.jpg","datePublished":"2024-01-05T19:26:42+00:00","dateModified":"2025-01-20T10:41:58+00:00","description":"Bardzo pi\u0119kne skrzypce z Officina Mauro Lucini w Cremonie, lakierowane w kolorze burgundowej czerwieni, z jednocz\u0119\u015bciowym ty\u0142em i pot\u0119\u017cnym, promiennym i dojrza\u0142ym d\u017awi\u0119kiem.","breadcrumb":{"@id":"https:\/\/www.mauro-lucini.it\/pl\/negozio-di-violini\/skrzypce-kremonskie\/skrzypce-officina-mauro-lucini-cremona-2023\/#breadcrumb"},"inLanguage":"pl-PL","potentialAction":[{"@type":"ReadAction","target":["https:\/\/www.mauro-lucini.it\/pl\/negozio-di-violini\/skrzypce-kremonskie\/skrzypce-officina-mauro-lucini-cremona-2023\/"]}]},{"@type":"ImageObject","inLanguage":"pl-PL","@id":"https:\/\/www.mauro-lucini.it\/pl\/negozio-di-violini\/skrzypce-kremonskie\/skrzypce-officina-mauro-lucini-cremona-2023\/#primaryimage","url":"https:\/\/www.mauro-lucini.it\/wp-content\/uploads\/2024\/01\/mauro-lucini-7207-2.jpg","contentUrl":"https:\/\/www.mauro-lucini.it\/wp-content\/uploads\/2024\/01\/mauro-lucini-7207-2.jpg","width":1181,"height":1890},{"@type":"BreadcrumbList","@id":"https:\/\/www.mauro-lucini.it\/pl\/negozio-di-violini\/skrzypce-kremonskie\/skrzypce-officina-mauro-lucini-cremona-2023\/#breadcrumb","itemListElement":[{"@type":"ListItem","position":1,"name":"Home","item":"https:\/\/www.mauro-lucini.it\/pl\/"},{"@type":"ListItem","position":2,"name":"Shop","item":"https:\/\/www.mauro-lucini.it\/en\/shop\/"},{"@type":"ListItem","position":3,"name":"Skrzypce Officina Mauro Lucini, Cremona 2023 &#8211; SPRZEDANE"}]},{"@type":"WebSite","@id":"https:\/\/www.mauro-lucini.it\/pl\/#website","url":"https:\/\/www.mauro-lucini.it\/pl\/","name":"Mauro Lucini - Liutaio a Cremona","description":"Mauro Lucini liutaio a Cremona - 40 anni di passione ed esperienza","publisher":{"@id":"https:\/\/www.mauro-lucini.it\/pl\/#organization"},"potentialAction":[{"@type":"SearchAction","target":{"@type":"EntryPoint","urlTemplate":"https:\/\/www.mauro-lucini.it\/pl\/?s={search_term_string}"},"query-input":{"@type":"PropertyValueSpecification","valueRequired":true,"valueName":"search_term_string"}}],"inLanguage":"pl-PL"},{"@type":"Organization","@id":"https:\/\/www.mauro-lucini.it\/pl\/#organization","name":"Mauro Lucini - Liutaio a Cremona","url":"https:\/\/www.mauro-lucini.it\/pl\/","logo":{"@type":"ImageObject","inLanguage":"pl-PL","@id":"https:\/\/www.mauro-lucini.it\/pl\/#\/schema\/logo\/image\/","url":"https:\/\/www.mauro-lucini.it\/wp-content\/uploads\/2024\/09\/Mauro-Lucini-Liutaio-Cremona.png","contentUrl":"https:\/\/www.mauro-lucini.it\/wp-content\/uploads\/2024\/09\/Mauro-Lucini-Liutaio-Cremona.png","width":480,"height":84,"caption":"Mauro Lucini - Liutaio a Cremona"},"image":{"@id":"https:\/\/www.mauro-lucini.it\/pl\/#\/schema\/logo\/image\/"}}]}},"_links":{"self":[{"href":"https:\/\/www.mauro-lucini.it\/pl\/wp-json\/wp\/v2\/product\/2267","targetHints":{"allow":["GET"]}}],"collection":[{"href":"https:\/\/www.mauro-lucini.it\/pl\/wp-json\/wp\/v2\/product"}],"about":[{"href":"https:\/\/www.mauro-lucini.it\/pl\/wp-json\/wp\/v2\/types\/product"}],"wp:featuredmedia":[{"embeddable":true,"href":"https:\/\/www.mauro-lucini.it\/pl\/wp-json\/wp\/v2\/media\/1616"}],"wp:attachment":[{"href":"https:\/\/www.mauro-lucini.it\/pl\/wp-json\/wp\/v2\/media?parent=2267"}],"wp:term":[{"taxonomy":"product_brand","embeddable":true,"href":"https:\/\/www.mauro-lucini.it\/pl\/wp-json\/wp\/v2\/product_brand?post=2267"},{"taxonomy":"product_cat","embeddable":true,"href":"https:\/\/www.mauro-lucini.it\/pl\/wp-json\/wp\/v2\/product_cat?post=2267"},{"taxonomy":"product_tag","embeddable":true,"href":"https:\/\/www.mauro-lucini.it\/pl\/wp-json\/wp\/v2\/product_tag?post=2267"}],"curies":[{"name":"wp","href":"https:\/\/api.w.org\/{rel}","templated":true}]}}

<p>Bardzo piękne skrzypce z Officina Mauro Lucini w Cremonie, lakierowane w kolorze burgundowej czerwieni, z jednoczęściowym tyłem i potężnym, promiennym i dojrzałym dźwiękiem.</p>

<!-- This site is optimized with the Yoast SEO plugin v27.4 - https://yoast.com/product/yoast-seo-wordpress/ -->
<title>Skrzypce Officina Mauro Lucini, Cremona 2023 - SPRZEDANE - Mauro Lucini - Liutaio a Cremona</title>
<meta name="description" content="Bardzo piękne skrzypce z Officina Mauro Lucini w Cremonie, lakierowane w kolorze burgundowej czerwieni, z jednoczęściowym tyłem i potężnym, promiennym i dojrzałym dźwiękiem." />
<meta name="robots" content="index, follow, max-snippet:-1, max-image-preview:large, max-video-preview:-1" />
<link rel="canonical" href="https://www.mauro-lucini.it/pl/negozio-di-violini/skrzypce-kremonskie/skrzypce-officina-mauro-lucini-cremona-2023/" />
<meta property="og:locale" content="pl_PL" />
<meta property="og:type" content="article" />
<meta property="og:title" content="Skrzypce Officina Mauro Lucini, Cremona 2023 - SPRZEDANE - Mauro Lucini - Liutaio a Cremona" />
<meta property="og:description" content="Bardzo piękne skrzypce z Officina Mauro Lucini w Cremonie, lakierowane w kolorze burgundowej czerwieni, z jednoczęściowym tyłem i potężnym, promiennym i dojrzałym dźwiękiem." />
<meta property="og:url" content="https://www.mauro-lucini.it/pl/negozio-di-violini/skrzypce-kremonskie/skrzypce-officina-mauro-lucini-cremona-2023/" />
<meta property="og:site_name" content="Mauro Lucini - Liutaio a Cremona" />
<meta property="article:modified_time" content="2025-01-20T10:41:58+00:00" />
<meta property="og:image" content="https://www.mauro-lucini.it/wp-content/uploads/2024/01/mauro-lucini-7207-2.jpg" />
	<meta property="og:image:width" content="1181" />
	<meta property="og:image:height" content="1890" />
	<meta property="og:image:type" content="image/jpeg" />
<meta name="twitter:card" content="summary_large_image" />
<!-- / Yoast SEO plugin. -->

Bardzo piękne skrzypce z Officina Mauro Lucini w Cremonie, lakierowane w kolorze burgundowej czerwieni, z jednoczęściowym tyłem i potężnym, promiennym i dojrzałym dźwiękiem.
