{"id":2217,"date":"2024-12-13T11:47:44","date_gmt":"2024-12-13T11:47:44","guid":{"rendered":"https:\/\/www.mauro-lucini.it\/negozio\/bez-kategorii\/altowka-395-cm-officina-mauro-lucini-cremona-2024-sprzedane"},"modified":"2025-05-28T07:30:43","modified_gmt":"2025-05-28T07:30:43","slug":"cremona-altowka-395-cm-officina-mauro-lucini-2024","status":"publish","type":"product","link":"https:\/\/www.mauro-lucini.it\/pl\/negozio-di-violini\/altowki-kremonsie\/cremona-altowka-395-cm-officina-mauro-lucini-2024\/","title":{"rendered":"Alt\u00f3wka 39,5 cm, Officina Mauro Lucini, Cremona, 2024 &#8211; SPRZEDANE"},"content":{"rendered":"","protected":false},"excerpt":{"rendered":"<p>Ta nowa w\u0142oska alt\u00f3wka, wyprodukowana w 2024 roku przez Officina Mauro Lucini w Cremonie, \u0142\u0105czy dziesi\u0119ciolecia do\u015bwiadczenia mistrza z najnowocze\u015bniejszymi technikami lutniczymi. Fascynuj\u0105cy z\u0142oto-pomara\u0144czowy lakier podkre\u015bla szlachetny \u015bwierk wierzchu i dwucz\u0119\u015bciowy klon p\u0142omienisty z ty\u0142u, pozwalaj\u0105c d\u017awi\u0119kowi wyrazi\u0107 sw\u00f3j pe\u0142ny potencja\u0142 tonalny. Smuk\u0142a szyjka i skala o d\u0142ugo\u015bci 36,6 cm zosta\u0142y zaprojektowane tak, aby zapewni\u0107 optymalny komfort gry i p\u0142ynn\u0105 gr\u0119. D\u017awi\u0119k alt\u00f3wki jest jasny i dojrza\u0142y, z dobrze rozwini\u0119t\u0105 g\u0142o\u015bno\u015bci\u0105 w niskich zakresach, charakteryzuj\u0105cy si\u0119 klarowno\u015bci\u0105 i blaskiem, kt\u00f3re spe\u0142niaj\u0105 wymagania wsp\u00f3\u0142czesnych altowiolist\u00f3w. Ka\u017cdy instrument posiada certyfikat autentyczno\u015bci, piecz\u0119\u0107 marki i oryginaln\u0105 etykiet\u0119.    <\/p>\n","protected":false},"featured_media":2133,"template":"","meta":{"_coblocks_attr":"","_coblocks_dimensions":"","_coblocks_responsive_height":"","_coblocks_accordion_ie_support":"","hide_page_title":""},"product_brand":[],"product_cat":[107],"product_tag":[109],"class_list":{"0":"post-2217","1":"product","2":"type-product","3":"status-publish","4":"has-post-thumbnail","6":"product_cat-altowki-kremonsie","7":"product_tag-fiolki","9":"first","10":"outofstock","11":"taxable","12":"shipping-taxable","13":"purchasable","14":"product-type-simple"},"yoast_head":"<!-- This site is optimized with the Yoast SEO plugin v27.4 - https:\/\/yoast.com\/product\/yoast-seo-wordpress\/ -->\n<title>Alt\u00f3wka 39,5 cm, Officina Mauro Lucini, Cremona, 2024 - SPRZEDANE - Mauro Lucini - Liutaio a Cremona<\/title>\n<meta name=\"description\" content=\"W\u0142oska alt\u00f3wka 39,5 cm, Officina Mauro Lucini, Cremona, 2024, \u0142\u0105czy wieloletnie do\u015bwiadczenie mistrza z najnowocze\u015bniejszymi technikami lutnictwa.\" \/>\n<meta name=\"robots\" content=\"index, follow, max-snippet:-1, max-image-preview:large, max-video-preview:-1\" \/>\n<link rel=\"canonical\" href=\"https:\/\/www.mauro-lucini.it\/pl\/negozio-di-violini\/altowki-kremonsie\/cremona-altowka-395-cm-officina-mauro-lucini-2024\/\" \/>\n<meta property=\"og:locale\" content=\"pl_PL\" \/>\n<meta property=\"og:type\" content=\"article\" \/>\n<meta property=\"og:title\" content=\"Alt\u00f3wka 39,5 cm, Officina Mauro Lucini, Cremona, 2024 - SPRZEDANE - Mauro Lucini - Liutaio a Cremona\" \/>\n<meta property=\"og:description\" content=\"W\u0142oska alt\u00f3wka 39,5 cm, Officina Mauro Lucini, Cremona, 2024, \u0142\u0105czy wieloletnie do\u015bwiadczenie mistrza z najnowocze\u015bniejszymi technikami lutnictwa.\" \/>\n<meta property=\"og:url\" content=\"https:\/\/www.mauro-lucini.it\/pl\/negozio-di-violini\/altowki-kremonsie\/cremona-altowka-395-cm-officina-mauro-lucini-2024\/\" \/>\n<meta property=\"og:site_name\" content=\"Mauro Lucini - Liutaio a Cremona\" \/>\n<meta property=\"article:modified_time\" content=\"2025-05-28T07:30:43+00:00\" \/>\n<meta property=\"og:image\" content=\"https:\/\/www.mauro-lucini.it\/wp-content\/uploads\/2024\/12\/mauro-lucini-viola-no26.jpg\" \/>\n\t<meta property=\"og:image:width\" content=\"1181\" \/>\n\t<meta property=\"og:image:height\" content=\"1890\" \/>\n\t<meta property=\"og:image:type\" content=\"image\/jpeg\" \/>\n<meta name=\"twitter:card\" content=\"summary_large_image\" \/>\n<!-- \/ Yoast SEO plugin. -->","yoast_head_json":{"title":"Alt\u00f3wka 39,5 cm, Officina Mauro Lucini, Cremona, 2024 - SPRZEDANE - Mauro Lucini - Liutaio a Cremona","description":"W\u0142oska alt\u00f3wka 39,5 cm, Officina Mauro Lucini, Cremona, 2024, \u0142\u0105czy wieloletnie do\u015bwiadczenie mistrza z najnowocze\u015bniejszymi technikami lutnictwa.","robots":{"index":"index","follow":"follow","max-snippet":"max-snippet:-1","max-image-preview":"max-image-preview:large","max-video-preview":"max-video-preview:-1"},"canonical":"https:\/\/www.mauro-lucini.it\/pl\/negozio-di-violini\/altowki-kremonsie\/cremona-altowka-395-cm-officina-mauro-lucini-2024\/","og_locale":"pl_PL","og_type":"article","og_title":"Alt\u00f3wka 39,5 cm, Officina Mauro Lucini, Cremona, 2024 - SPRZEDANE - Mauro Lucini - Liutaio a Cremona","og_description":"W\u0142oska alt\u00f3wka 39,5 cm, Officina Mauro Lucini, Cremona, 2024, \u0142\u0105czy wieloletnie do\u015bwiadczenie mistrza z najnowocze\u015bniejszymi technikami lutnictwa.","og_url":"https:\/\/www.mauro-lucini.it\/pl\/negozio-di-violini\/altowki-kremonsie\/cremona-altowka-395-cm-officina-mauro-lucini-2024\/","og_site_name":"Mauro Lucini - Liutaio a Cremona","article_modified_time":"2025-05-28T07:30:43+00:00","og_image":[{"width":1181,"height":1890,"url":"https:\/\/www.mauro-lucini.it\/wp-content\/uploads\/2024\/12\/mauro-lucini-viola-no26.jpg","type":"image\/jpeg"}],"twitter_card":"summary_large_image","schema":{"@context":"https:\/\/schema.org","@graph":[{"@type":"WebPage","@id":"https:\/\/www.mauro-lucini.it\/pl\/negozio-di-violini\/altowki-kremonsie\/cremona-altowka-395-cm-officina-mauro-lucini-2024\/","url":"https:\/\/www.mauro-lucini.it\/pl\/negozio-di-violini\/altowki-kremonsie\/cremona-altowka-395-cm-officina-mauro-lucini-2024\/","name":"Alt\u00f3wka 39,5 cm, Officina Mauro Lucini, Cremona, 2024 - SPRZEDANE - Mauro Lucini - Liutaio a Cremona","isPartOf":{"@id":"https:\/\/www.mauro-lucini.it\/pl\/#website"},"primaryImageOfPage":{"@id":"https:\/\/www.mauro-lucini.it\/pl\/negozio-di-violini\/altowki-kremonsie\/cremona-altowka-395-cm-officina-mauro-lucini-2024\/#primaryimage"},"image":{"@id":"https:\/\/www.mauro-lucini.it\/pl\/negozio-di-violini\/altowki-kremonsie\/cremona-altowka-395-cm-officina-mauro-lucini-2024\/#primaryimage"},"thumbnailUrl":"https:\/\/www.mauro-lucini.it\/wp-content\/uploads\/2024\/12\/mauro-lucini-viola-no26.jpg","datePublished":"2024-12-13T11:47:44+00:00","dateModified":"2025-05-28T07:30:43+00:00","description":"W\u0142oska alt\u00f3wka 39,5 cm, Officina Mauro Lucini, Cremona, 2024, \u0142\u0105czy wieloletnie do\u015bwiadczenie mistrza z najnowocze\u015bniejszymi technikami lutnictwa.","breadcrumb":{"@id":"https:\/\/www.mauro-lucini.it\/pl\/negozio-di-violini\/altowki-kremonsie\/cremona-altowka-395-cm-officina-mauro-lucini-2024\/#breadcrumb"},"inLanguage":"pl-PL","potentialAction":[{"@type":"ReadAction","target":["https:\/\/www.mauro-lucini.it\/pl\/negozio-di-violini\/altowki-kremonsie\/cremona-altowka-395-cm-officina-mauro-lucini-2024\/"]}]},{"@type":"ImageObject","inLanguage":"pl-PL","@id":"https:\/\/www.mauro-lucini.it\/pl\/negozio-di-violini\/altowki-kremonsie\/cremona-altowka-395-cm-officina-mauro-lucini-2024\/#primaryimage","url":"https:\/\/www.mauro-lucini.it\/wp-content\/uploads\/2024\/12\/mauro-lucini-viola-no26.jpg","contentUrl":"https:\/\/www.mauro-lucini.it\/wp-content\/uploads\/2024\/12\/mauro-lucini-viola-no26.jpg","width":1181,"height":1890},{"@type":"BreadcrumbList","@id":"https:\/\/www.mauro-lucini.it\/pl\/negozio-di-violini\/altowki-kremonsie\/cremona-altowka-395-cm-officina-mauro-lucini-2024\/#breadcrumb","itemListElement":[{"@type":"ListItem","position":1,"name":"Home","item":"https:\/\/www.mauro-lucini.it\/pl\/"},{"@type":"ListItem","position":2,"name":"Shop","item":"https:\/\/www.mauro-lucini.it\/en\/shop\/"},{"@type":"ListItem","position":3,"name":"Alt\u00f3wka 39,5 cm, Officina Mauro Lucini, Cremona, 2024 &#8211; SPRZEDANE"}]},{"@type":"WebSite","@id":"https:\/\/www.mauro-lucini.it\/pl\/#website","url":"https:\/\/www.mauro-lucini.it\/pl\/","name":"Mauro Lucini - Liutaio a Cremona","description":"Mauro Lucini liutaio a Cremona - 40 anni di passione ed esperienza","publisher":{"@id":"https:\/\/www.mauro-lucini.it\/pl\/#organization"},"potentialAction":[{"@type":"SearchAction","target":{"@type":"EntryPoint","urlTemplate":"https:\/\/www.mauro-lucini.it\/pl\/?s={search_term_string}"},"query-input":{"@type":"PropertyValueSpecification","valueRequired":true,"valueName":"search_term_string"}}],"inLanguage":"pl-PL"},{"@type":"Organization","@id":"https:\/\/www.mauro-lucini.it\/pl\/#organization","name":"Mauro Lucini - Liutaio a Cremona","url":"https:\/\/www.mauro-lucini.it\/pl\/","logo":{"@type":"ImageObject","inLanguage":"pl-PL","@id":"https:\/\/www.mauro-lucini.it\/pl\/#\/schema\/logo\/image\/","url":"https:\/\/www.mauro-lucini.it\/wp-content\/uploads\/2024\/09\/Mauro-Lucini-Liutaio-Cremona.png","contentUrl":"https:\/\/www.mauro-lucini.it\/wp-content\/uploads\/2024\/09\/Mauro-Lucini-Liutaio-Cremona.png","width":480,"height":84,"caption":"Mauro Lucini - Liutaio a Cremona"},"image":{"@id":"https:\/\/www.mauro-lucini.it\/pl\/#\/schema\/logo\/image\/"}}]}},"_links":{"self":[{"href":"https:\/\/www.mauro-lucini.it\/pl\/wp-json\/wp\/v2\/product\/2217","targetHints":{"allow":["GET"]}}],"collection":[{"href":"https:\/\/www.mauro-lucini.it\/pl\/wp-json\/wp\/v2\/product"}],"about":[{"href":"https:\/\/www.mauro-lucini.it\/pl\/wp-json\/wp\/v2\/types\/product"}],"wp:featuredmedia":[{"embeddable":true,"href":"https:\/\/www.mauro-lucini.it\/pl\/wp-json\/wp\/v2\/media\/2133"}],"wp:attachment":[{"href":"https:\/\/www.mauro-lucini.it\/pl\/wp-json\/wp\/v2\/media?parent=2217"}],"wp:term":[{"taxonomy":"product_brand","embeddable":true,"href":"https:\/\/www.mauro-lucini.it\/pl\/wp-json\/wp\/v2\/product_brand?post=2217"},{"taxonomy":"product_cat","embeddable":true,"href":"https:\/\/www.mauro-lucini.it\/pl\/wp-json\/wp\/v2\/product_cat?post=2217"},{"taxonomy":"product_tag","embeddable":true,"href":"https:\/\/www.mauro-lucini.it\/pl\/wp-json\/wp\/v2\/product_tag?post=2217"}],"curies":[{"name":"wp","href":"https:\/\/api.w.org\/{rel}","templated":true}]}}

Altówka 39,5 cm, Officina Mauro Lucini, Cremona, 2024 &#8211; SPRZEDANE

<p>Ta nowa włoska altówka, wyprodukowana w 2024 roku przez Officina Mauro Lucini w Cremonie, łączy dziesięciolecia doświadczenia mistrza z najnowocześniejszymi technikami lutniczymi. Fascynujący złoto-pomarańczowy lakier podkreśla szlachetny świerk wierzchu i dwuczęściowy klon płomienisty z tyłu, pozwalając dźwiękowi wyrazić swój pełny potencjał tonalny. Smukła szyjka i skala o długości 36,6 cm zostały zaprojektowane tak, aby zapewnić optymalny komfort gry i płynną grę. Dźwięk altówki jest jasny i dojrzały, z dobrze rozwiniętą głośnością w niskich zakresach, charakteryzujący się klarownością i blaskiem, które spełniają wymagania współczesnych altowiolistów. Każdy instrument posiada certyfikat autentyczności, pieczęć marki i oryginalną etykietę.    </p>

<!-- This site is optimized with the Yoast SEO plugin v27.4 - https://yoast.com/product/yoast-seo-wordpress/ -->
<title>Altówka 39,5 cm, Officina Mauro Lucini, Cremona, 2024 - SPRZEDANE - Mauro Lucini - Liutaio a Cremona</title>
<meta name="description" content="Włoska altówka 39,5 cm, Officina Mauro Lucini, Cremona, 2024, łączy wieloletnie doświadczenie mistrza z najnowocześniejszymi technikami lutnictwa." />
<meta name="robots" content="index, follow, max-snippet:-1, max-image-preview:large, max-video-preview:-1" />
<link rel="canonical" href="https://www.mauro-lucini.it/pl/negozio-di-violini/altowki-kremonsie/cremona-altowka-395-cm-officina-mauro-lucini-2024/" />
<meta property="og:locale" content="pl_PL" />
<meta property="og:type" content="article" />
<meta property="og:title" content="Altówka 39,5 cm, Officina Mauro Lucini, Cremona, 2024 - SPRZEDANE - Mauro Lucini - Liutaio a Cremona" />
<meta property="og:description" content="Włoska altówka 39,5 cm, Officina Mauro Lucini, Cremona, 2024, łączy wieloletnie doświadczenie mistrza z najnowocześniejszymi technikami lutnictwa." />
<meta property="og:url" content="https://www.mauro-lucini.it/pl/negozio-di-violini/altowki-kremonsie/cremona-altowka-395-cm-officina-mauro-lucini-2024/" />
<meta property="og:site_name" content="Mauro Lucini - Liutaio a Cremona" />
<meta property="article:modified_time" content="2025-05-28T07:30:43+00:00" />
<meta property="og:image" content="https://www.mauro-lucini.it/wp-content/uploads/2024/12/mauro-lucini-viola-no26.jpg" />
	<meta property="og:image:width" content="1181" />
	<meta property="og:image:height" content="1890" />
	<meta property="og:image:type" content="image/jpeg" />
<meta name="twitter:card" content="summary_large_image" />
<!-- / Yoast SEO plugin. -->

Altówka 39,5 cm, Officina Mauro Lucini, Cremona, 2024 - SPRZEDANE - Mauro Lucini - Liutaio a Cremona

Włoska altówka 39,5 cm, Officina Mauro Lucini, Cremona, 2024, łączy wieloletnie doświadczenie mistrza z najnowocześniejszymi technikami lutnictwa.
