{"id":3057,"date":"2025-01-08T11:11:51","date_gmt":"2025-01-08T11:11:51","guid":{"rendered":"https:\/\/www.mauro-lucini.it\/negozio-di-violini\/non%20class\u00e9\/violon-no-36-officina-mauro-lucini-cremona-2024\/"},"modified":"2025-05-15T19:17:23","modified_gmt":"2025-05-15T19:17:23","slug":"violon-no-36-officina-mauro-lucini-cremona-2024","status":"publish","type":"product","link":"https:\/\/www.mauro-lucini.it\/fr\/negozio-di-violini\/violons-cremone\/violon-no-36-officina-mauro-lucini-cremona-2024\/","title":{"rendered":"Violon no. 36 Officina Mauro Lucini, Cremona 2024 &#8211; VENDU"},"content":{"rendered":"<p>Le violon Mauro Lucini Cremona no. 36 est une r\u00e9ussite \u00e0 la Guarneri, avec un son brillant, clair et plein de substance. Chaque d\u00e9tail de cet instrument, de la table en \u00e9pic\u00e9a fin au fond en \u00e9rable au grain profond\u00e9ment flamm\u00e9, t\u00e9moigne de la grande exp\u00e9rience de Maestro Lucini. Le vernis orange dor\u00e9, pr\u00e9par\u00e9 selon une recette personnelle, fait ressortir les veines du bois, donnant \u00e0 l&rsquo;instrument une apparence \u00e9l\u00e9gante et un caract\u00e8re unique. La base en deux parties favorise un son profond et harmonieux qui enrichit chaque performance. La volute finement sculpt\u00e9e ajoute un \u00e9l\u00e9ment suppl\u00e9mentaire de beaut\u00e9 et de savoir-faire, faisant du violon une \u0153uvre d&rsquo;art \u00e0 jouer et \u00e0 admirer.<\/p>\n","protected":false},"excerpt":{"rendered":"<p>Le violon Mauro Lucini Cremona no. 36 est une r\u00e9ussite \u00e0 la Guarneri, avec un son brillant, clair et plein de substance. Chaque d\u00e9tail de cet instrument, de la table en \u00e9pic\u00e9a fin au fond en \u00e9rable au grain profond\u00e9ment flamm\u00e9, t\u00e9moigne de la grande exp\u00e9rience de Maestro Lucini. Le vernis orange dor\u00e9, pr\u00e9par\u00e9 selon une recette personnelle, fait ressortir les veines du bois, donnant \u00e0 l&rsquo;instrument une apparence \u00e9l\u00e9gante et un caract\u00e8re unique. La base en deux parties favorise un son profond et harmonieux qui enrichit chaque performance. La volute finement sculpt\u00e9e ajoute un \u00e9l\u00e9ment suppl\u00e9mentaire de beaut\u00e9 et de savoir-faire, faisant du violon une \u0153uvre d&rsquo;art \u00e0 jouer et \u00e0 admirer.     <\/p>\n","protected":false},"featured_media":3023,"template":"","meta":{"_coblocks_attr":"","_coblocks_dimensions":"","_coblocks_responsive_height":"","_coblocks_accordion_ie_support":"","hide_page_title":""},"product_brand":[],"product_cat":[118],"product_tag":[171,170,173,172,169,183],"class_list":{"0":"post-3057","1":"product","2":"type-product","3":"status-publish","4":"has-post-thumbnail","6":"product_cat-violons-cremone","7":"product_tag-cremonavioline","8":"product_tag-italianviolin-fr","9":"product_tag-violinocremona-fr","10":"product_tag-violinocremonese-fr","11":"product_tag-violon","12":"product_tag-violon-fr","14":"first","15":"outofstock","16":"taxable","17":"shipping-taxable","18":"purchasable","19":"product-type-simple"},"yoast_head":"<!-- This site is optimized with the Yoast SEO plugin v27.4 - https:\/\/yoast.com\/product\/yoast-seo-wordpress\/ -->\n<title>Violon no. 36 Officina Mauro Lucini, Cremona 2024 - VENDU - Mauro Lucini - Liutaio a Cremona<\/title>\n<meta name=\"description\" content=\"Violon italien de Cr\u00e9mone dans le style Guarneri avec une sonorit\u00e9 brillante et riche, dos fendu et vernis dor\u00e9 \u00e0 l&#039;orange, avec certificat d&#039;authenticit\u00e9.\" \/>\n<meta name=\"robots\" content=\"index, follow, max-snippet:-1, max-image-preview:large, max-video-preview:-1\" \/>\n<link rel=\"canonical\" href=\"https:\/\/www.mauro-lucini.it\/fr\/negozio-di-violini\/violons-cremone\/violon-no-36-officina-mauro-lucini-cremona-2024\/\" \/>\n<meta property=\"og:locale\" content=\"fr_FR\" \/>\n<meta property=\"og:type\" content=\"article\" \/>\n<meta property=\"og:title\" content=\"Violon no. 36 Officina Mauro Lucini, Cremona 2024 - VENDU - Mauro Lucini - Liutaio a Cremona\" \/>\n<meta property=\"og:description\" content=\"Violon italien de Cr\u00e9mone dans le style Guarneri avec une sonorit\u00e9 brillante et riche, dos fendu et vernis dor\u00e9 \u00e0 l&#039;orange, avec certificat d&#039;authenticit\u00e9.\" \/>\n<meta property=\"og:url\" content=\"https:\/\/www.mauro-lucini.it\/fr\/negozio-di-violini\/violons-cremone\/violon-no-36-officina-mauro-lucini-cremona-2024\/\" \/>\n<meta property=\"og:site_name\" content=\"Mauro Lucini - Liutaio a Cremona\" \/>\n<meta property=\"article:modified_time\" content=\"2025-05-15T19:17:23+00:00\" \/>\n<meta property=\"og:image\" content=\"https:\/\/www.mauro-lucini.it\/wp-content\/uploads\/2025\/01\/mauro-lucini-guarneri-7602-1.jpg\" \/>\n\t<meta property=\"og:image:width\" content=\"1181\" \/>\n\t<meta property=\"og:image:height\" content=\"1890\" \/>\n\t<meta property=\"og:image:type\" content=\"image\/jpeg\" \/>\n<meta name=\"twitter:card\" content=\"summary_large_image\" \/>\n<!-- \/ Yoast SEO plugin. -->","yoast_head_json":{"title":"Violon no. 36 Officina Mauro Lucini, Cremona 2024 - VENDU - Mauro Lucini - Liutaio a Cremona","description":"Violon italien de Cr\u00e9mone dans le style Guarneri avec une sonorit\u00e9 brillante et riche, dos fendu et vernis dor\u00e9 \u00e0 l'orange, avec certificat d'authenticit\u00e9.","robots":{"index":"index","follow":"follow","max-snippet":"max-snippet:-1","max-image-preview":"max-image-preview:large","max-video-preview":"max-video-preview:-1"},"canonical":"https:\/\/www.mauro-lucini.it\/fr\/negozio-di-violini\/violons-cremone\/violon-no-36-officina-mauro-lucini-cremona-2024\/","og_locale":"fr_FR","og_type":"article","og_title":"Violon no. 36 Officina Mauro Lucini, Cremona 2024 - VENDU - Mauro Lucini - Liutaio a Cremona","og_description":"Violon italien de Cr\u00e9mone dans le style Guarneri avec une sonorit\u00e9 brillante et riche, dos fendu et vernis dor\u00e9 \u00e0 l'orange, avec certificat d'authenticit\u00e9.","og_url":"https:\/\/www.mauro-lucini.it\/fr\/negozio-di-violini\/violons-cremone\/violon-no-36-officina-mauro-lucini-cremona-2024\/","og_site_name":"Mauro Lucini - Liutaio a Cremona","article_modified_time":"2025-05-15T19:17:23+00:00","og_image":[{"width":1181,"height":1890,"url":"https:\/\/www.mauro-lucini.it\/wp-content\/uploads\/2025\/01\/mauro-lucini-guarneri-7602-1.jpg","type":"image\/jpeg"}],"twitter_card":"summary_large_image","schema":{"@context":"https:\/\/schema.org","@graph":[{"@type":"WebPage","@id":"https:\/\/www.mauro-lucini.it\/fr\/negozio-di-violini\/violons-cremone\/violon-no-36-officina-mauro-lucini-cremona-2024\/","url":"https:\/\/www.mauro-lucini.it\/fr\/negozio-di-violini\/violons-cremone\/violon-no-36-officina-mauro-lucini-cremona-2024\/","name":"Violon no. 36 Officina Mauro Lucini, Cremona 2024 - VENDU - Mauro Lucini - Liutaio a Cremona","isPartOf":{"@id":"https:\/\/www.mauro-lucini.it\/fr\/#website"},"primaryImageOfPage":{"@id":"https:\/\/www.mauro-lucini.it\/fr\/negozio-di-violini\/violons-cremone\/violon-no-36-officina-mauro-lucini-cremona-2024\/#primaryimage"},"image":{"@id":"https:\/\/www.mauro-lucini.it\/fr\/negozio-di-violini\/violons-cremone\/violon-no-36-officina-mauro-lucini-cremona-2024\/#primaryimage"},"thumbnailUrl":"https:\/\/www.mauro-lucini.it\/wp-content\/uploads\/2025\/01\/mauro-lucini-guarneri-7602-1.jpg","datePublished":"2025-01-08T11:11:51+00:00","dateModified":"2025-05-15T19:17:23+00:00","description":"Violon italien de Cr\u00e9mone dans le style Guarneri avec une sonorit\u00e9 brillante et riche, dos fendu et vernis dor\u00e9 \u00e0 l'orange, avec certificat d'authenticit\u00e9.","breadcrumb":{"@id":"https:\/\/www.mauro-lucini.it\/fr\/negozio-di-violini\/violons-cremone\/violon-no-36-officina-mauro-lucini-cremona-2024\/#breadcrumb"},"inLanguage":"fr-FR","potentialAction":[{"@type":"ReadAction","target":["https:\/\/www.mauro-lucini.it\/fr\/negozio-di-violini\/violons-cremone\/violon-no-36-officina-mauro-lucini-cremona-2024\/"]}]},{"@type":"ImageObject","inLanguage":"fr-FR","@id":"https:\/\/www.mauro-lucini.it\/fr\/negozio-di-violini\/violons-cremone\/violon-no-36-officina-mauro-lucini-cremona-2024\/#primaryimage","url":"https:\/\/www.mauro-lucini.it\/wp-content\/uploads\/2025\/01\/mauro-lucini-guarneri-7602-1.jpg","contentUrl":"https:\/\/www.mauro-lucini.it\/wp-content\/uploads\/2025\/01\/mauro-lucini-guarneri-7602-1.jpg","width":1181,"height":1890},{"@type":"BreadcrumbList","@id":"https:\/\/www.mauro-lucini.it\/fr\/negozio-di-violini\/violons-cremone\/violon-no-36-officina-mauro-lucini-cremona-2024\/#breadcrumb","itemListElement":[{"@type":"ListItem","position":1,"name":"Home","item":"https:\/\/www.mauro-lucini.it\/fr\/"},{"@type":"ListItem","position":2,"name":"Shop","item":"https:\/\/www.mauro-lucini.it\/en\/shop\/"},{"@type":"ListItem","position":3,"name":"Violon no. 36 Officina Mauro Lucini, Cremona 2024 &#8211; VENDU"}]},{"@type":"WebSite","@id":"https:\/\/www.mauro-lucini.it\/fr\/#website","url":"https:\/\/www.mauro-lucini.it\/fr\/","name":"Mauro Lucini - Liutaio a Cremona","description":"Mauro Lucini liutaio a Cremona - 40 anni di passione ed esperienza","publisher":{"@id":"https:\/\/www.mauro-lucini.it\/fr\/#organization"},"potentialAction":[{"@type":"SearchAction","target":{"@type":"EntryPoint","urlTemplate":"https:\/\/www.mauro-lucini.it\/fr\/?s={search_term_string}"},"query-input":{"@type":"PropertyValueSpecification","valueRequired":true,"valueName":"search_term_string"}}],"inLanguage":"fr-FR"},{"@type":"Organization","@id":"https:\/\/www.mauro-lucini.it\/fr\/#organization","name":"Mauro Lucini - Liutaio a Cremona","url":"https:\/\/www.mauro-lucini.it\/fr\/","logo":{"@type":"ImageObject","inLanguage":"fr-FR","@id":"https:\/\/www.mauro-lucini.it\/fr\/#\/schema\/logo\/image\/","url":"https:\/\/www.mauro-lucini.it\/wp-content\/uploads\/2024\/09\/Mauro-Lucini-Liutaio-Cremona.png","contentUrl":"https:\/\/www.mauro-lucini.it\/wp-content\/uploads\/2024\/09\/Mauro-Lucini-Liutaio-Cremona.png","width":480,"height":84,"caption":"Mauro Lucini - Liutaio a Cremona"},"image":{"@id":"https:\/\/www.mauro-lucini.it\/fr\/#\/schema\/logo\/image\/"}}]}},"_links":{"self":[{"href":"https:\/\/www.mauro-lucini.it\/fr\/wp-json\/wp\/v2\/product\/3057","targetHints":{"allow":["GET"]}}],"collection":[{"href":"https:\/\/www.mauro-lucini.it\/fr\/wp-json\/wp\/v2\/product"}],"about":[{"href":"https:\/\/www.mauro-lucini.it\/fr\/wp-json\/wp\/v2\/types\/product"}],"wp:featuredmedia":[{"embeddable":true,"href":"https:\/\/www.mauro-lucini.it\/fr\/wp-json\/wp\/v2\/media\/3023"}],"wp:attachment":[{"href":"https:\/\/www.mauro-lucini.it\/fr\/wp-json\/wp\/v2\/media?parent=3057"}],"wp:term":[{"taxonomy":"product_brand","embeddable":true,"href":"https:\/\/www.mauro-lucini.it\/fr\/wp-json\/wp\/v2\/product_brand?post=3057"},{"taxonomy":"product_cat","embeddable":true,"href":"https:\/\/www.mauro-lucini.it\/fr\/wp-json\/wp\/v2\/product_cat?post=3057"},{"taxonomy":"product_tag","embeddable":true,"href":"https:\/\/www.mauro-lucini.it\/fr\/wp-json\/wp\/v2\/product_tag?post=3057"}],"curies":[{"name":"wp","href":"https:\/\/api.w.org\/{rel}","templated":true}]}}

https://www.mauro-lucini.it/negozio-di-violini/non%20classé/violon-no-36-officina-mauro-lucini-cremona-2024/

<p>Le violon Mauro Lucini Cremona no. 36 est une réussite à la Guarneri, avec un son brillant, clair et plein de substance. Chaque détail de cet instrument, de la table en épicéa fin au fond en érable au grain profondément flammé, témoigne de la grande expérience de Maestro Lucini. Le vernis orange doré, préparé selon une recette personnelle, fait ressortir les veines du bois, donnant à l&rsquo;instrument une apparence élégante et un caractère unique. La base en deux parties favorise un son profond et harmonieux qui enrichit chaque performance. La volute finement sculptée ajoute un élément supplémentaire de beauté et de savoir-faire, faisant du violon une œuvre d&rsquo;art à jouer et à admirer.</p>

<p>Le violon Mauro Lucini Cremona no. 36 est une réussite à la Guarneri, avec un son brillant, clair et plein de substance. Chaque détail de cet instrument, de la table en épicéa fin au fond en érable au grain profondément flammé, témoigne de la grande expérience de Maestro Lucini. Le vernis orange doré, préparé selon une recette personnelle, fait ressortir les veines du bois, donnant à l&rsquo;instrument une apparence élégante et un caractère unique. La base en deux parties favorise un son profond et harmonieux qui enrichit chaque performance. La volute finement sculptée ajoute un élément supplémentaire de beauté et de savoir-faire, faisant du violon une œuvre d&rsquo;art à jouer et à admirer.     </p>

<!-- This site is optimized with the Yoast SEO plugin v27.4 - https://yoast.com/product/yoast-seo-wordpress/ -->
<title>Violon no. 36 Officina Mauro Lucini, Cremona 2024 - VENDU - Mauro Lucini - Liutaio a Cremona</title>
<meta name="description" content="Violon italien de Crémone dans le style Guarneri avec une sonorité brillante et riche, dos fendu et vernis doré à l&#039;orange, avec certificat d&#039;authenticité." />
<meta name="robots" content="index, follow, max-snippet:-1, max-image-preview:large, max-video-preview:-1" />
<link rel="canonical" href="https://www.mauro-lucini.it/fr/negozio-di-violini/violons-cremone/violon-no-36-officina-mauro-lucini-cremona-2024/" />
<meta property="og:locale" content="fr_FR" />
<meta property="og:type" content="article" />
<meta property="og:title" content="Violon no. 36 Officina Mauro Lucini, Cremona 2024 - VENDU - Mauro Lucini - Liutaio a Cremona" />
<meta property="og:description" content="Violon italien de Crémone dans le style Guarneri avec une sonorité brillante et riche, dos fendu et vernis doré à l&#039;orange, avec certificat d&#039;authenticité." />
<meta property="og:url" content="https://www.mauro-lucini.it/fr/negozio-di-violini/violons-cremone/violon-no-36-officina-mauro-lucini-cremona-2024/" />
<meta property="og:site_name" content="Mauro Lucini - Liutaio a Cremona" />
<meta property="article:modified_time" content="2025-05-15T19:17:23+00:00" />
<meta property="og:image" content="https://www.mauro-lucini.it/wp-content/uploads/2025/01/mauro-lucini-guarneri-7602-1.jpg" />
	<meta property="og:image:width" content="1181" />
	<meta property="og:image:height" content="1890" />
	<meta property="og:image:type" content="image/jpeg" />
<meta name="twitter:card" content="summary_large_image" />
<!-- / Yoast SEO plugin. -->

Violon italien de Crémone dans le style Guarneri avec une sonorité brillante et riche, dos fendu et vernis doré à l'orange, avec certificat d'authenticité.
