{"id":2937,"date":"2025-01-08T10:44:26","date_gmt":"2025-01-08T10:44:26","guid":{"rendered":"https:\/\/www.mauro-lucini.it\/negozio-di-violini\/non%20class\u00e9\/violon-no-30-officina-mauro-lucini-cremona-2024\/"},"modified":"2025-05-15T19:23:49","modified_gmt":"2025-05-15T19:23:49","slug":"violon-no-30-officina-mauro-lucini-cremona-2024","status":"publish","type":"product","link":"https:\/\/www.mauro-lucini.it\/fr\/negozio-di-violini\/violons-cremone\/violon-no-30-officina-mauro-lucini-cremona-2024\/","title":{"rendered":"Violon no. 30 Officina Mauro Lucini, Cremona 2024 &#8211; VENDU"},"content":{"rendered":"","protected":false},"excerpt":{"rendered":"<p>Il s&rsquo;agit d&rsquo;un alto moderne de Cr\u00e9mone, cr\u00e9\u00e9 pour r\u00e9pondre aux besoins des musiciens contemporains et de ceux qui s&rsquo;int\u00e9ressent \u00e0 la pratique baroque. Avec sa r\u00e9ponse extr\u00eamement l\u00e9g\u00e8re et sa sonorit\u00e9 brillante et mature, le violon n\u00b0 30 de l&rsquo;Officina Mauro Lucini permet de passer en douceur d&rsquo;un monde musical \u00e0 l&rsquo;autre. Sa sonorit\u00e9 riche et cristalline convient parfaitement aux interpr\u00e9tations modernes, mais sa structure est \u00e9galement con\u00e7ue pour soutenir un jeu baroque authentique. Le fond en deux parties conf\u00e8re \u00e0 l&rsquo;instrument une r\u00e9sonance unique, tandis que le vernis transparent brun-orange chaleureux exprime parfaitement le caract\u00e8re du violon. La perfection de l&rsquo;assemblage et de la fabrication se refl\u00e8te dans le plaisir de jouer.     <\/p>\n","protected":false},"featured_media":2912,"template":"","meta":{"_coblocks_attr":"","_coblocks_dimensions":"","_coblocks_responsive_height":"","_coblocks_accordion_ie_support":"","hide_page_title":""},"product_brand":[],"product_cat":[118],"product_tag":[171,170,173,172,183,169],"class_list":{"0":"post-2937","1":"product","2":"type-product","3":"status-publish","4":"has-post-thumbnail","6":"product_cat-violons-cremone","7":"product_tag-cremonavioline","8":"product_tag-italianviolin-fr","9":"product_tag-violinocremona-fr","10":"product_tag-violinocremonese-fr","11":"product_tag-violon-fr","12":"product_tag-violon","14":"first","15":"outofstock","16":"taxable","17":"shipping-taxable","18":"purchasable","19":"product-type-simple"},"yoast_head":"<!-- This site is optimized with the Yoast SEO plugin v27.4 - https:\/\/yoast.com\/product\/yoast-seo-wordpress\/ -->\n<title>Violon no. 30 Officina Mauro Lucini, Cremona 2024 - VENDU - Mauro Lucini - Liutaio a Cremona<\/title>\n<meta name=\"description\" content=\"Violon moderne de Cr\u00e9mone n\u00b0 30, au son brillant et m\u00fbr, id\u00e9al pour les styles baroque et moderne, avec dos fendu et vernis brun-orange.\" \/>\n<meta name=\"robots\" content=\"index, follow, max-snippet:-1, max-image-preview:large, max-video-preview:-1\" \/>\n<link rel=\"canonical\" href=\"https:\/\/www.mauro-lucini.it\/fr\/negozio-di-violini\/violons-cremone\/violon-no-30-officina-mauro-lucini-cremona-2024\/\" \/>\n<meta property=\"og:locale\" content=\"fr_FR\" \/>\n<meta property=\"og:type\" content=\"article\" \/>\n<meta property=\"og:title\" content=\"Violon no. 30 Officina Mauro Lucini, Cremona 2024 - VENDU - Mauro Lucini - Liutaio a Cremona\" \/>\n<meta property=\"og:description\" content=\"Violon moderne de Cr\u00e9mone n\u00b0 30, au son brillant et m\u00fbr, id\u00e9al pour les styles baroque et moderne, avec dos fendu et vernis brun-orange.\" \/>\n<meta property=\"og:url\" content=\"https:\/\/www.mauro-lucini.it\/fr\/negozio-di-violini\/violons-cremone\/violon-no-30-officina-mauro-lucini-cremona-2024\/\" \/>\n<meta property=\"og:site_name\" content=\"Mauro Lucini - Liutaio a Cremona\" \/>\n<meta property=\"article:modified_time\" content=\"2025-05-15T19:23:49+00:00\" \/>\n<meta property=\"og:image\" content=\"https:\/\/www.mauro-lucini.it\/wp-content\/uploads\/2025\/01\/mauro-lucini-stradivari-7601-1_1890x1890.jpg\" \/>\n\t<meta property=\"og:image:width\" content=\"1181\" \/>\n\t<meta property=\"og:image:height\" content=\"1890\" \/>\n\t<meta property=\"og:image:type\" content=\"image\/jpeg\" \/>\n<meta name=\"twitter:card\" content=\"summary_large_image\" \/>\n<!-- \/ Yoast SEO plugin. -->","yoast_head_json":{"title":"Violon no. 30 Officina Mauro Lucini, Cremona 2024 - VENDU - Mauro Lucini - Liutaio a Cremona","description":"Violon moderne de Cr\u00e9mone n\u00b0 30, au son brillant et m\u00fbr, id\u00e9al pour les styles baroque et moderne, avec dos fendu et vernis brun-orange.","robots":{"index":"index","follow":"follow","max-snippet":"max-snippet:-1","max-image-preview":"max-image-preview:large","max-video-preview":"max-video-preview:-1"},"canonical":"https:\/\/www.mauro-lucini.it\/fr\/negozio-di-violini\/violons-cremone\/violon-no-30-officina-mauro-lucini-cremona-2024\/","og_locale":"fr_FR","og_type":"article","og_title":"Violon no. 30 Officina Mauro Lucini, Cremona 2024 - VENDU - Mauro Lucini - Liutaio a Cremona","og_description":"Violon moderne de Cr\u00e9mone n\u00b0 30, au son brillant et m\u00fbr, id\u00e9al pour les styles baroque et moderne, avec dos fendu et vernis brun-orange.","og_url":"https:\/\/www.mauro-lucini.it\/fr\/negozio-di-violini\/violons-cremone\/violon-no-30-officina-mauro-lucini-cremona-2024\/","og_site_name":"Mauro Lucini - Liutaio a Cremona","article_modified_time":"2025-05-15T19:23:49+00:00","og_image":[{"width":1181,"height":1890,"url":"https:\/\/www.mauro-lucini.it\/wp-content\/uploads\/2025\/01\/mauro-lucini-stradivari-7601-1_1890x1890.jpg","type":"image\/jpeg"}],"twitter_card":"summary_large_image","schema":{"@context":"https:\/\/schema.org","@graph":[{"@type":"WebPage","@id":"https:\/\/www.mauro-lucini.it\/fr\/negozio-di-violini\/violons-cremone\/violon-no-30-officina-mauro-lucini-cremona-2024\/","url":"https:\/\/www.mauro-lucini.it\/fr\/negozio-di-violini\/violons-cremone\/violon-no-30-officina-mauro-lucini-cremona-2024\/","name":"Violon no. 30 Officina Mauro Lucini, Cremona 2024 - VENDU - Mauro Lucini - Liutaio a Cremona","isPartOf":{"@id":"https:\/\/www.mauro-lucini.it\/fr\/#website"},"primaryImageOfPage":{"@id":"https:\/\/www.mauro-lucini.it\/fr\/negozio-di-violini\/violons-cremone\/violon-no-30-officina-mauro-lucini-cremona-2024\/#primaryimage"},"image":{"@id":"https:\/\/www.mauro-lucini.it\/fr\/negozio-di-violini\/violons-cremone\/violon-no-30-officina-mauro-lucini-cremona-2024\/#primaryimage"},"thumbnailUrl":"https:\/\/www.mauro-lucini.it\/wp-content\/uploads\/2025\/01\/mauro-lucini-stradivari-7601-1_1890x1890.jpg","datePublished":"2025-01-08T10:44:26+00:00","dateModified":"2025-05-15T19:23:49+00:00","description":"Violon moderne de Cr\u00e9mone n\u00b0 30, au son brillant et m\u00fbr, id\u00e9al pour les styles baroque et moderne, avec dos fendu et vernis brun-orange.","breadcrumb":{"@id":"https:\/\/www.mauro-lucini.it\/fr\/negozio-di-violini\/violons-cremone\/violon-no-30-officina-mauro-lucini-cremona-2024\/#breadcrumb"},"inLanguage":"fr-FR","potentialAction":[{"@type":"ReadAction","target":["https:\/\/www.mauro-lucini.it\/fr\/negozio-di-violini\/violons-cremone\/violon-no-30-officina-mauro-lucini-cremona-2024\/"]}]},{"@type":"ImageObject","inLanguage":"fr-FR","@id":"https:\/\/www.mauro-lucini.it\/fr\/negozio-di-violini\/violons-cremone\/violon-no-30-officina-mauro-lucini-cremona-2024\/#primaryimage","url":"https:\/\/www.mauro-lucini.it\/wp-content\/uploads\/2025\/01\/mauro-lucini-stradivari-7601-1_1890x1890.jpg","contentUrl":"https:\/\/www.mauro-lucini.it\/wp-content\/uploads\/2025\/01\/mauro-lucini-stradivari-7601-1_1890x1890.jpg","width":1181,"height":1890},{"@type":"BreadcrumbList","@id":"https:\/\/www.mauro-lucini.it\/fr\/negozio-di-violini\/violons-cremone\/violon-no-30-officina-mauro-lucini-cremona-2024\/#breadcrumb","itemListElement":[{"@type":"ListItem","position":1,"name":"Home","item":"https:\/\/www.mauro-lucini.it\/fr\/"},{"@type":"ListItem","position":2,"name":"Shop","item":"https:\/\/www.mauro-lucini.it\/en\/shop\/"},{"@type":"ListItem","position":3,"name":"Violon no. 30 Officina Mauro Lucini, Cremona 2024 &#8211; VENDU"}]},{"@type":"WebSite","@id":"https:\/\/www.mauro-lucini.it\/fr\/#website","url":"https:\/\/www.mauro-lucini.it\/fr\/","name":"Mauro Lucini - Liutaio a Cremona","description":"Mauro Lucini liutaio a Cremona - 40 anni di passione ed esperienza","publisher":{"@id":"https:\/\/www.mauro-lucini.it\/fr\/#organization"},"potentialAction":[{"@type":"SearchAction","target":{"@type":"EntryPoint","urlTemplate":"https:\/\/www.mauro-lucini.it\/fr\/?s={search_term_string}"},"query-input":{"@type":"PropertyValueSpecification","valueRequired":true,"valueName":"search_term_string"}}],"inLanguage":"fr-FR"},{"@type":"Organization","@id":"https:\/\/www.mauro-lucini.it\/fr\/#organization","name":"Mauro Lucini - Liutaio a Cremona","url":"https:\/\/www.mauro-lucini.it\/fr\/","logo":{"@type":"ImageObject","inLanguage":"fr-FR","@id":"https:\/\/www.mauro-lucini.it\/fr\/#\/schema\/logo\/image\/","url":"https:\/\/www.mauro-lucini.it\/wp-content\/uploads\/2024\/09\/Mauro-Lucini-Liutaio-Cremona.png","contentUrl":"https:\/\/www.mauro-lucini.it\/wp-content\/uploads\/2024\/09\/Mauro-Lucini-Liutaio-Cremona.png","width":480,"height":84,"caption":"Mauro Lucini - Liutaio a Cremona"},"image":{"@id":"https:\/\/www.mauro-lucini.it\/fr\/#\/schema\/logo\/image\/"}}]}},"_links":{"self":[{"href":"https:\/\/www.mauro-lucini.it\/fr\/wp-json\/wp\/v2\/product\/2937","targetHints":{"allow":["GET"]}}],"collection":[{"href":"https:\/\/www.mauro-lucini.it\/fr\/wp-json\/wp\/v2\/product"}],"about":[{"href":"https:\/\/www.mauro-lucini.it\/fr\/wp-json\/wp\/v2\/types\/product"}],"wp:featuredmedia":[{"embeddable":true,"href":"https:\/\/www.mauro-lucini.it\/fr\/wp-json\/wp\/v2\/media\/2912"}],"wp:attachment":[{"href":"https:\/\/www.mauro-lucini.it\/fr\/wp-json\/wp\/v2\/media?parent=2937"}],"wp:term":[{"taxonomy":"product_brand","embeddable":true,"href":"https:\/\/www.mauro-lucini.it\/fr\/wp-json\/wp\/v2\/product_brand?post=2937"},{"taxonomy":"product_cat","embeddable":true,"href":"https:\/\/www.mauro-lucini.it\/fr\/wp-json\/wp\/v2\/product_cat?post=2937"},{"taxonomy":"product_tag","embeddable":true,"href":"https:\/\/www.mauro-lucini.it\/fr\/wp-json\/wp\/v2\/product_tag?post=2937"}],"curies":[{"name":"wp","href":"https:\/\/api.w.org\/{rel}","templated":true}]}}

https://www.mauro-lucini.it/negozio-di-violini/non%20classé/violon-no-30-officina-mauro-lucini-cremona-2024/

<p>Il s&rsquo;agit d&rsquo;un alto moderne de Crémone, créé pour répondre aux besoins des musiciens contemporains et de ceux qui s&rsquo;intéressent à la pratique baroque. Avec sa réponse extrêmement légère et sa sonorité brillante et mature, le violon n° 30 de l&rsquo;Officina Mauro Lucini permet de passer en douceur d&rsquo;un monde musical à l&rsquo;autre. Sa sonorité riche et cristalline convient parfaitement aux interprétations modernes, mais sa structure est également conçue pour soutenir un jeu baroque authentique. Le fond en deux parties confère à l&rsquo;instrument une résonance unique, tandis que le vernis transparent brun-orange chaleureux exprime parfaitement le caractère du violon. La perfection de l&rsquo;assemblage et de la fabrication se reflète dans le plaisir de jouer.     </p>

<!-- This site is optimized with the Yoast SEO plugin v27.4 - https://yoast.com/product/yoast-seo-wordpress/ -->
<title>Violon no. 30 Officina Mauro Lucini, Cremona 2024 - VENDU - Mauro Lucini - Liutaio a Cremona</title>
<meta name="description" content="Violon moderne de Crémone n° 30, au son brillant et mûr, idéal pour les styles baroque et moderne, avec dos fendu et vernis brun-orange." />
<meta name="robots" content="index, follow, max-snippet:-1, max-image-preview:large, max-video-preview:-1" />
<link rel="canonical" href="https://www.mauro-lucini.it/fr/negozio-di-violini/violons-cremone/violon-no-30-officina-mauro-lucini-cremona-2024/" />
<meta property="og:locale" content="fr_FR" />
<meta property="og:type" content="article" />
<meta property="og:title" content="Violon no. 30 Officina Mauro Lucini, Cremona 2024 - VENDU - Mauro Lucini - Liutaio a Cremona" />
<meta property="og:description" content="Violon moderne de Crémone n° 30, au son brillant et mûr, idéal pour les styles baroque et moderne, avec dos fendu et vernis brun-orange." />
<meta property="og:url" content="https://www.mauro-lucini.it/fr/negozio-di-violini/violons-cremone/violon-no-30-officina-mauro-lucini-cremona-2024/" />
<meta property="og:site_name" content="Mauro Lucini - Liutaio a Cremona" />
<meta property="article:modified_time" content="2025-05-15T19:23:49+00:00" />
<meta property="og:image" content="https://www.mauro-lucini.it/wp-content/uploads/2025/01/mauro-lucini-stradivari-7601-1_1890x1890.jpg" />
	<meta property="og:image:width" content="1181" />
	<meta property="og:image:height" content="1890" />
	<meta property="og:image:type" content="image/jpeg" />
<meta name="twitter:card" content="summary_large_image" />
<!-- / Yoast SEO plugin. -->

Violon moderne de Crémone n° 30, au son brillant et mûr, idéal pour les styles baroque et moderne, avec dos fendu et vernis brun-orange.
