{"id":2262,"date":"2024-05-15T17:14:43","date_gmt":"2024-05-15T17:14:43","guid":{"rendered":"https:\/\/www.mauro-lucini.it\/negozio\/non%20class\u00e9\/officina-mauro-lucini-violon-no-15-cremona-2023-vendu"},"modified":"2025-01-09T16:18:52","modified_gmt":"2025-01-09T16:18:52","slug":"officina-mauro-lucini-violon-no-15-cremona-2023","status":"publish","type":"product","link":"https:\/\/www.mauro-lucini.it\/fr\/negozio-di-violini\/violons-cremone\/officina-mauro-lucini-violon-no-15-cremona-2023\/","title":{"rendered":"Officina Mauro Lucini violon no. 15, Cremona 2023 &#8211; VENDU"},"content":{"rendered":"<p>Violon laqu\u00e9 orange vif, bas\u00e9 sur le mod\u00e8le Guarneri, avec un dos d&rsquo;une seule pi\u00e8ce et un son brillant et doux, une bonne r\u00e9ponse et une grande puissance dans les aigus.<\/p>\n","protected":false},"excerpt":{"rendered":"<p>Violon laqu\u00e9 orange vif, bas\u00e9 sur le mod\u00e8le Guarneri, avec un dos d&rsquo;une seule pi\u00e8ce et un son brillant et doux, une bonne r\u00e9ponse et une grande puissance dans les aigus.<\/p>\n","protected":false},"featured_media":1667,"template":"","meta":{"_coblocks_attr":"","_coblocks_dimensions":"","_coblocks_responsive_height":"","_coblocks_accordion_ie_support":"","hide_page_title":""},"product_brand":[],"product_cat":[118],"product_tag":[171,173,172],"class_list":{"0":"post-2262","1":"product","2":"type-product","3":"status-publish","4":"has-post-thumbnail","6":"product_cat-violons-cremone","7":"product_tag-cremonavioline","8":"product_tag-violinocremona-fr","9":"product_tag-violinocremonese-fr","11":"first","12":"outofstock","13":"sold-individually","14":"taxable","15":"shipping-taxable","16":"purchasable","17":"product-type-simple"},"yoast_head":"<!-- This site is optimized with the Yoast SEO plugin v27.4 - https:\/\/yoast.com\/product\/yoast-seo-wordpress\/ -->\n<title>Officina Mauro Lucini violon no. 15, Cremona 2023 - VENDU - Mauro Lucini - Liutaio a Cremona<\/title>\n<meta name=\"robots\" content=\"index, follow, max-snippet:-1, max-image-preview:large, max-video-preview:-1\" \/>\n<link rel=\"canonical\" href=\"https:\/\/www.mauro-lucini.it\/fr\/negozio-di-violini\/violons-cremone\/officina-mauro-lucini-violon-no-15-cremona-2023\/\" \/>\n<meta property=\"og:locale\" content=\"fr_FR\" \/>\n<meta property=\"og:type\" content=\"article\" \/>\n<meta property=\"og:title\" content=\"Officina Mauro Lucini violon no. 15, Cremona 2023 - VENDU - Mauro Lucini - Liutaio a Cremona\" \/>\n<meta property=\"og:description\" content=\"Violon laqu\u00e9 orange vif, bas\u00e9 sur le mod\u00e8le Guarneri, avec un dos d&rsquo;une seule pi\u00e8ce et un son brillant et doux, une bonne r\u00e9ponse et une grande puissance dans les aigus.\" \/>\n<meta property=\"og:url\" content=\"https:\/\/www.mauro-lucini.it\/fr\/negozio-di-violini\/violons-cremone\/officina-mauro-lucini-violon-no-15-cremona-2023\/\" \/>\n<meta property=\"og:site_name\" content=\"Mauro Lucini - Liutaio a Cremona\" \/>\n<meta property=\"article:modified_time\" content=\"2025-01-09T16:18:52+00:00\" \/>\n<meta property=\"og:image\" content=\"https:\/\/www.mauro-lucini.it\/wp-content\/uploads\/2024\/05\/mauro-lucini-guarneri-15-1.jpg\" \/>\n\t<meta property=\"og:image:width\" content=\"1181\" \/>\n\t<meta property=\"og:image:height\" content=\"1890\" \/>\n\t<meta property=\"og:image:type\" content=\"image\/jpeg\" \/>\n<meta name=\"twitter:card\" content=\"summary_large_image\" \/>\n<!-- \/ Yoast SEO plugin. -->","yoast_head_json":{"title":"Officina Mauro Lucini violon no. 15, Cremona 2023 - VENDU - Mauro Lucini - Liutaio a Cremona","robots":{"index":"index","follow":"follow","max-snippet":"max-snippet:-1","max-image-preview":"max-image-preview:large","max-video-preview":"max-video-preview:-1"},"canonical":"https:\/\/www.mauro-lucini.it\/fr\/negozio-di-violini\/violons-cremone\/officina-mauro-lucini-violon-no-15-cremona-2023\/","og_locale":"fr_FR","og_type":"article","og_title":"Officina Mauro Lucini violon no. 15, Cremona 2023 - VENDU - Mauro Lucini - Liutaio a Cremona","og_description":"Violon laqu\u00e9 orange vif, bas\u00e9 sur le mod\u00e8le Guarneri, avec un dos d&rsquo;une seule pi\u00e8ce et un son brillant et doux, une bonne r\u00e9ponse et une grande puissance dans les aigus.","og_url":"https:\/\/www.mauro-lucini.it\/fr\/negozio-di-violini\/violons-cremone\/officina-mauro-lucini-violon-no-15-cremona-2023\/","og_site_name":"Mauro Lucini - Liutaio a Cremona","article_modified_time":"2025-01-09T16:18:52+00:00","og_image":[{"width":1181,"height":1890,"url":"https:\/\/www.mauro-lucini.it\/wp-content\/uploads\/2024\/05\/mauro-lucini-guarneri-15-1.jpg","type":"image\/jpeg"}],"twitter_card":"summary_large_image","schema":{"@context":"https:\/\/schema.org","@graph":[{"@type":"WebPage","@id":"https:\/\/www.mauro-lucini.it\/fr\/negozio-di-violini\/violons-cremone\/officina-mauro-lucini-violon-no-15-cremona-2023\/","url":"https:\/\/www.mauro-lucini.it\/fr\/negozio-di-violini\/violons-cremone\/officina-mauro-lucini-violon-no-15-cremona-2023\/","name":"Officina Mauro Lucini violon no. 15, Cremona 2023 - VENDU - Mauro Lucini - Liutaio a Cremona","isPartOf":{"@id":"https:\/\/www.mauro-lucini.it\/fr\/#website"},"primaryImageOfPage":{"@id":"https:\/\/www.mauro-lucini.it\/fr\/negozio-di-violini\/violons-cremone\/officina-mauro-lucini-violon-no-15-cremona-2023\/#primaryimage"},"image":{"@id":"https:\/\/www.mauro-lucini.it\/fr\/negozio-di-violini\/violons-cremone\/officina-mauro-lucini-violon-no-15-cremona-2023\/#primaryimage"},"thumbnailUrl":"https:\/\/www.mauro-lucini.it\/wp-content\/uploads\/2024\/05\/mauro-lucini-guarneri-15-1.jpg","datePublished":"2024-05-15T17:14:43+00:00","dateModified":"2025-01-09T16:18:52+00:00","breadcrumb":{"@id":"https:\/\/www.mauro-lucini.it\/fr\/negozio-di-violini\/violons-cremone\/officina-mauro-lucini-violon-no-15-cremona-2023\/#breadcrumb"},"inLanguage":"fr-FR","potentialAction":[{"@type":"ReadAction","target":["https:\/\/www.mauro-lucini.it\/fr\/negozio-di-violini\/violons-cremone\/officina-mauro-lucini-violon-no-15-cremona-2023\/"]}]},{"@type":"ImageObject","inLanguage":"fr-FR","@id":"https:\/\/www.mauro-lucini.it\/fr\/negozio-di-violini\/violons-cremone\/officina-mauro-lucini-violon-no-15-cremona-2023\/#primaryimage","url":"https:\/\/www.mauro-lucini.it\/wp-content\/uploads\/2024\/05\/mauro-lucini-guarneri-15-1.jpg","contentUrl":"https:\/\/www.mauro-lucini.it\/wp-content\/uploads\/2024\/05\/mauro-lucini-guarneri-15-1.jpg","width":1181,"height":1890},{"@type":"BreadcrumbList","@id":"https:\/\/www.mauro-lucini.it\/fr\/negozio-di-violini\/violons-cremone\/officina-mauro-lucini-violon-no-15-cremona-2023\/#breadcrumb","itemListElement":[{"@type":"ListItem","position":1,"name":"Home","item":"https:\/\/www.mauro-lucini.it\/fr\/"},{"@type":"ListItem","position":2,"name":"Shop","item":"https:\/\/www.mauro-lucini.it\/en\/shop\/"},{"@type":"ListItem","position":3,"name":"Officina Mauro Lucini violon no. 15, Cremona 2023 &#8211; VENDU"}]},{"@type":"WebSite","@id":"https:\/\/www.mauro-lucini.it\/fr\/#website","url":"https:\/\/www.mauro-lucini.it\/fr\/","name":"Mauro Lucini - Liutaio a Cremona","description":"Mauro Lucini liutaio a Cremona - 40 anni di passione ed esperienza","publisher":{"@id":"https:\/\/www.mauro-lucini.it\/fr\/#organization"},"potentialAction":[{"@type":"SearchAction","target":{"@type":"EntryPoint","urlTemplate":"https:\/\/www.mauro-lucini.it\/fr\/?s={search_term_string}"},"query-input":{"@type":"PropertyValueSpecification","valueRequired":true,"valueName":"search_term_string"}}],"inLanguage":"fr-FR"},{"@type":"Organization","@id":"https:\/\/www.mauro-lucini.it\/fr\/#organization","name":"Mauro Lucini - Liutaio a Cremona","url":"https:\/\/www.mauro-lucini.it\/fr\/","logo":{"@type":"ImageObject","inLanguage":"fr-FR","@id":"https:\/\/www.mauro-lucini.it\/fr\/#\/schema\/logo\/image\/","url":"https:\/\/www.mauro-lucini.it\/wp-content\/uploads\/2024\/09\/Mauro-Lucini-Liutaio-Cremona.png","contentUrl":"https:\/\/www.mauro-lucini.it\/wp-content\/uploads\/2024\/09\/Mauro-Lucini-Liutaio-Cremona.png","width":480,"height":84,"caption":"Mauro Lucini - Liutaio a Cremona"},"image":{"@id":"https:\/\/www.mauro-lucini.it\/fr\/#\/schema\/logo\/image\/"}}]}},"_links":{"self":[{"href":"https:\/\/www.mauro-lucini.it\/fr\/wp-json\/wp\/v2\/product\/2262","targetHints":{"allow":["GET"]}}],"collection":[{"href":"https:\/\/www.mauro-lucini.it\/fr\/wp-json\/wp\/v2\/product"}],"about":[{"href":"https:\/\/www.mauro-lucini.it\/fr\/wp-json\/wp\/v2\/types\/product"}],"wp:featuredmedia":[{"embeddable":true,"href":"https:\/\/www.mauro-lucini.it\/fr\/wp-json\/wp\/v2\/media\/1667"}],"wp:attachment":[{"href":"https:\/\/www.mauro-lucini.it\/fr\/wp-json\/wp\/v2\/media?parent=2262"}],"wp:term":[{"taxonomy":"product_brand","embeddable":true,"href":"https:\/\/www.mauro-lucini.it\/fr\/wp-json\/wp\/v2\/product_brand?post=2262"},{"taxonomy":"product_cat","embeddable":true,"href":"https:\/\/www.mauro-lucini.it\/fr\/wp-json\/wp\/v2\/product_cat?post=2262"},{"taxonomy":"product_tag","embeddable":true,"href":"https:\/\/www.mauro-lucini.it\/fr\/wp-json\/wp\/v2\/product_tag?post=2262"}],"curies":[{"name":"wp","href":"https:\/\/api.w.org\/{rel}","templated":true}]}}

https://www.mauro-lucini.it/negozio/non%20classé/officina-mauro-lucini-violon-no-15-cremona-2023-vendu

<p>Violon laqué orange vif, basé sur le modèle Guarneri, avec un dos d&rsquo;une seule pièce et un son brillant et doux, une bonne réponse et une grande puissance dans les aigus.</p>

<!-- This site is optimized with the Yoast SEO plugin v27.4 - https://yoast.com/product/yoast-seo-wordpress/ -->
<title>Officina Mauro Lucini violon no. 15, Cremona 2023 - VENDU - Mauro Lucini - Liutaio a Cremona</title>
<meta name="robots" content="index, follow, max-snippet:-1, max-image-preview:large, max-video-preview:-1" />
<link rel="canonical" href="https://www.mauro-lucini.it/fr/negozio-di-violini/violons-cremone/officina-mauro-lucini-violon-no-15-cremona-2023/" />
<meta property="og:locale" content="fr_FR" />
<meta property="og:type" content="article" />
<meta property="og:title" content="Officina Mauro Lucini violon no. 15, Cremona 2023 - VENDU - Mauro Lucini - Liutaio a Cremona" />
<meta property="og:description" content="Violon laqué orange vif, basé sur le modèle Guarneri, avec un dos d&rsquo;une seule pièce et un son brillant et doux, une bonne réponse et une grande puissance dans les aigus." />
<meta property="og:url" content="https://www.mauro-lucini.it/fr/negozio-di-violini/violons-cremone/officina-mauro-lucini-violon-no-15-cremona-2023/" />
<meta property="og:site_name" content="Mauro Lucini - Liutaio a Cremona" />
<meta property="article:modified_time" content="2025-01-09T16:18:52+00:00" />
<meta property="og:image" content="https://www.mauro-lucini.it/wp-content/uploads/2024/05/mauro-lucini-guarneri-15-1.jpg" />
	<meta property="og:image:width" content="1181" />
	<meta property="og:image:height" content="1890" />
	<meta property="og:image:type" content="image/jpeg" />
<meta name="twitter:card" content="summary_large_image" />
<!-- / Yoast SEO plugin. -->

Violon laqué orange vif, basé sur le modèle Guarneri, avec un dos d&rsquo;une seule pièce et un son brillant et doux, une bonne réponse et une grande puissance dans les aigus.
