{"id":2184,"date":"2023-05-28T17:30:54","date_gmt":"2023-05-28T17:30:54","guid":{"rendered":"https:\/\/www.mauro-lucini.it\/politique-de-confidentialite"},"modified":"2024-12-14T07:11:37","modified_gmt":"2024-12-14T07:11:37","slug":"politique-de-confidentialite","status":"publish","type":"page","link":"https:\/\/www.mauro-lucini.it\/fr\/politique-de-confidentialite\/","title":{"rendered":"Politique de confidentialit\u00e9"},"content":{"rendered":"\n<h2 class=\"wp-block-heading\">Derni\u00e8re mise \u00e0 jour : Corilon violins srl<\/h2>\n\n<p>La pr\u00e9sente politique de confidentialit\u00e9 explique comment sont collect\u00e9es, utilis\u00e9es, stock\u00e9es et prot\u00e9g\u00e9es les donn\u00e9es \u00e0 caract\u00e8re personnel des utilisateurs qui visitent le site web <a href=\"https:\/\/www.mauro-lucini.it\/fr\">www.mauro-lucini.it<\/a> (ci-apr\u00e8s d\u00e9nomm\u00e9 le \u00ab\u00a0Site\u00a0\u00bb). Veuillez lire attentivement la pr\u00e9sente politique de confidentialit\u00e9 avant d&rsquo;utiliser le site ou de fournir des donn\u00e9es personnelles. En utilisant le site, vous consentez \u00e0 la collecte et \u00e0 l&rsquo;utilisation des informations conform\u00e9ment \u00e0 la pr\u00e9sente politique de confidentialit\u00e9.<\/p>\n\n<h2 class=\"wp-block-heading\">Collecte de donn\u00e9es \u00e0 caract\u00e8re personnel<\/h2>\n\n<p>Lors de la navigation et de l&rsquo;utilisation du site, nous pouvons recueillir certaines donn\u00e9es personnelles, telles que le nom, l&rsquo;adresse \u00e9lectronique, le num\u00e9ro de t\u00e9l\u00e9phone et d&rsquo;autres informations de contact fournies volontairement par les utilisateurs par le biais de formulaires de contact ou d&rsquo;autres moyens de communication.<\/p>\n\n<h2 class=\"wp-block-heading\">Utilisation des donn\u00e9es personnelles<\/h2>\n\n<p>Les donn\u00e9es personnelles collect\u00e9es seront utilis\u00e9es exclusivement pour r\u00e9pondre aux demandes des utilisateurs, fournir des informations sur nos services ou \u00e0 des fins strictement li\u00e9es \u00e0 la gestion du site. Nous n&rsquo;utiliserons pas de donn\u00e9es personnelles \u00e0 des fins de marketing sans votre consentement explicite.<\/p>\n\n<h2 class=\"wp-block-heading\">Protection des donn\u00e9es personnelles<\/h2>\n\n<p>Nous prenons des mesures de s\u00e9curit\u00e9 appropri\u00e9es pour prot\u00e9ger vos donn\u00e9es personnelles contre tout acc\u00e8s, modification, divulgation ou destruction non autoris\u00e9s. Toutefois, veuillez noter qu&rsquo;aucune m\u00e9thode de transmission ou de stockage de donn\u00e9es sur Internet n&rsquo;est totalement s\u00fbre et que nous ne pouvons pas garantir la s\u00e9curit\u00e9 absolue des donn\u00e9es personnelles fournies par l&rsquo;interm\u00e9diaire du site.<\/p>\n\n<h2 class=\"wp-block-heading\">Partage des donn\u00e9es \u00e0 caract\u00e8re personnel<\/h2>\n\n<p>Les donn\u00e9es personnelles des utilisateurs ne peuvent \u00eatre communiqu\u00e9es \u00e0 des tiers que dans les cas suivants :<\/p>\n\n<ul class=\"wp-block-list\">\n<li>Lorsque la loi ou une autorit\u00e9 comp\u00e9tente l&rsquo;exige ;<\/li>\n\n\n\n<li>Avec nos fournisseurs de services de confiance qui travaillent avec nous pour exploiter et maintenir le site ;<\/li>\n\n\n\n<li>Avec le consentement de l&rsquo;utilisateur.<\/li>\n<\/ul>\n\n<h2 class=\"wp-block-heading\">Liens externes<\/h2>\n\n<p>Le site peut contenir des liens vers d&rsquo;autres sites web exploit\u00e9s par des tiers. La pr\u00e9sente politique de confidentialit\u00e9 ne s&rsquo;applique qu&rsquo;au site et nous ne sommes pas responsables des pratiques en mati\u00e8re de confidentialit\u00e9 ou du contenu des sites web de tiers. Nous vous recommandons de lire attentivement les politiques de confidentialit\u00e9 de ces sites web.<\/p>\n\n<h2 class=\"wp-block-heading\">Modifications de la politique de confidentialit\u00e9<\/h2>\n\n<p>Nous nous r\u00e9servons le droit de modifier la pr\u00e9sente politique de confidentialit\u00e9 \u00e0 tout moment. Toute modification sera publi\u00e9e sur cette page avec la nouvelle date de \u00ab\u00a0derni\u00e8re mise \u00e0 jour\u00a0\u00bb. Il vous est conseill\u00e9 de consulter r\u00e9guli\u00e8rement cette page pour prendre connaissance des mises \u00e0 jour ou des modifications.<\/p>\n\n<h2 class=\"wp-block-heading\">Contact<\/h2>\n\n<p>Si vous avez des questions, des commentaires ou des demandes concernant la pr\u00e9sente politique de protection de la vie priv\u00e9e, veuillez <a href=\"mailto:mauro@mauro-lucini.it\">nous contacter<\/a> en utilisant les coordonn\u00e9es fournies sur le site.<\/p>\n\n<h2 class=\"wp-block-heading\">Consentement<\/h2>\n\n<p>En utilisant le site, vous consentez \u00e0 la collecte, \u00e0 l&rsquo;utilisation et au stockage de vos donn\u00e9es personnelles comme d\u00e9crit dans la pr\u00e9sente politique de confidentialit\u00e9.<\/p>\n","protected":false},"excerpt":{"rendered":"<p>Derni\u00e8re mise \u00e0 jour : Corilon violins srl La pr\u00e9sente politique de confidentialit\u00e9 explique comment sont collect\u00e9es, utilis\u00e9es, stock\u00e9es et prot\u00e9g\u00e9es les donn\u00e9es \u00e0 caract\u00e8re personnel des utilisateurs qui visitent le site web www.mauro-lucini.it (ci-apr\u00e8s d\u00e9nomm\u00e9 le \u00ab\u00a0Site\u00a0\u00bb). Veuillez lire attentivement la pr\u00e9sente politique de confidentialit\u00e9 avant d&rsquo;utiliser le site ou de fournir des donn\u00e9es [&hellip;]<\/p>\n","protected":false},"author":1,"featured_media":0,"parent":0,"menu_order":94,"comment_status":"closed","ping_status":"open","template":"","meta":{"_coblocks_attr":"","_coblocks_dimensions":"","_coblocks_responsive_height":"","_coblocks_accordion_ie_support":"","hide_page_title":"","footnotes":""},"class_list":["post-2184","page","type-page","status-publish","hentry"],"yoast_head":"<!-- This site is optimized with the Yoast SEO plugin v27.4 - https:\/\/yoast.com\/product\/yoast-seo-wordpress\/ -->\n<title>Politique de confidentialit\u00e9 - Mauro Lucini - Liutaio a Cremona<\/title>\n<meta name=\"robots\" content=\"index, follow, max-snippet:-1, max-image-preview:large, max-video-preview:-1\" \/>\n<link rel=\"canonical\" href=\"https:\/\/www.mauro-lucini.it\/fr\/politique-de-confidentialite\/\" \/>\n<meta property=\"og:locale\" content=\"fr_FR\" \/>\n<meta property=\"og:type\" content=\"article\" \/>\n<meta property=\"og:title\" content=\"Politique de confidentialit\u00e9 - Mauro Lucini - Liutaio a Cremona\" \/>\n<meta property=\"og:description\" content=\"Derni\u00e8re mise \u00e0 jour : Corilon violins srl La pr\u00e9sente politique de confidentialit\u00e9 explique comment sont collect\u00e9es, utilis\u00e9es, stock\u00e9es et prot\u00e9g\u00e9es les donn\u00e9es \u00e0 caract\u00e8re personnel des utilisateurs qui visitent le site web www.mauro-lucini.it (ci-apr\u00e8s d\u00e9nomm\u00e9 le \u00ab\u00a0Site\u00a0\u00bb). Veuillez lire attentivement la pr\u00e9sente politique de confidentialit\u00e9 avant d&rsquo;utiliser le site ou de fournir des donn\u00e9es [&hellip;]\" \/>\n<meta property=\"og:url\" content=\"https:\/\/www.mauro-lucini.it\/fr\/politique-de-confidentialite\/\" \/>\n<meta property=\"og:site_name\" content=\"Mauro Lucini - Liutaio a Cremona\" \/>\n<meta property=\"article:modified_time\" content=\"2024-12-14T07:11:37+00:00\" \/>\n<meta name=\"twitter:card\" content=\"summary_large_image\" \/>\n<!-- \/ Yoast SEO plugin. -->","yoast_head_json":{"title":"Politique de confidentialit\u00e9 - Mauro Lucini - Liutaio a Cremona","robots":{"index":"index","follow":"follow","max-snippet":"max-snippet:-1","max-image-preview":"max-image-preview:large","max-video-preview":"max-video-preview:-1"},"canonical":"https:\/\/www.mauro-lucini.it\/fr\/politique-de-confidentialite\/","og_locale":"fr_FR","og_type":"article","og_title":"Politique de confidentialit\u00e9 - Mauro Lucini - Liutaio a Cremona","og_description":"Derni\u00e8re mise \u00e0 jour : Corilon violins srl La pr\u00e9sente politique de confidentialit\u00e9 explique comment sont collect\u00e9es, utilis\u00e9es, stock\u00e9es et prot\u00e9g\u00e9es les donn\u00e9es \u00e0 caract\u00e8re personnel des utilisateurs qui visitent le site web www.mauro-lucini.it (ci-apr\u00e8s d\u00e9nomm\u00e9 le \u00ab\u00a0Site\u00a0\u00bb). Veuillez lire attentivement la pr\u00e9sente politique de confidentialit\u00e9 avant d&rsquo;utiliser le site ou de fournir des donn\u00e9es [&hellip;]","og_url":"https:\/\/www.mauro-lucini.it\/fr\/politique-de-confidentialite\/","og_site_name":"Mauro Lucini - Liutaio a Cremona","article_modified_time":"2024-12-14T07:11:37+00:00","twitter_card":"summary_large_image","schema":{"@context":"https:\/\/schema.org","@graph":[{"@type":"WebPage","@id":"https:\/\/www.mauro-lucini.it\/fr\/politique-de-confidentialite\/","url":"https:\/\/www.mauro-lucini.it\/fr\/politique-de-confidentialite\/","name":"Politique de confidentialit\u00e9 - Mauro Lucini - Liutaio a Cremona","isPartOf":{"@id":"https:\/\/www.mauro-lucini.it\/fr\/#website"},"datePublished":"2023-05-28T17:30:54+00:00","dateModified":"2024-12-14T07:11:37+00:00","breadcrumb":{"@id":"https:\/\/www.mauro-lucini.it\/fr\/politique-de-confidentialite\/#breadcrumb"},"inLanguage":"fr-FR","potentialAction":[{"@type":"ReadAction","target":["https:\/\/www.mauro-lucini.it\/fr\/politique-de-confidentialite\/"]}]},{"@type":"BreadcrumbList","@id":"https:\/\/www.mauro-lucini.it\/fr\/politique-de-confidentialite\/#breadcrumb","itemListElement":[{"@type":"ListItem","position":1,"name":"Home","item":"https:\/\/www.mauro-lucini.it\/fr\/"},{"@type":"ListItem","position":2,"name":"Politique de confidentialit\u00e9"}]},{"@type":"WebSite","@id":"https:\/\/www.mauro-lucini.it\/fr\/#website","url":"https:\/\/www.mauro-lucini.it\/fr\/","name":"Mauro Lucini - Liutaio a Cremona","description":"Mauro Lucini liutaio a Cremona - 40 anni di passione ed esperienza","publisher":{"@id":"https:\/\/www.mauro-lucini.it\/fr\/#organization"},"potentialAction":[{"@type":"SearchAction","target":{"@type":"EntryPoint","urlTemplate":"https:\/\/www.mauro-lucini.it\/fr\/?s={search_term_string}"},"query-input":{"@type":"PropertyValueSpecification","valueRequired":true,"valueName":"search_term_string"}}],"inLanguage":"fr-FR"},{"@type":"Organization","@id":"https:\/\/www.mauro-lucini.it\/fr\/#organization","name":"Mauro Lucini - Liutaio a Cremona","url":"https:\/\/www.mauro-lucini.it\/fr\/","logo":{"@type":"ImageObject","inLanguage":"fr-FR","@id":"https:\/\/www.mauro-lucini.it\/fr\/#\/schema\/logo\/image\/","url":"https:\/\/www.mauro-lucini.it\/wp-content\/uploads\/2024\/09\/Mauro-Lucini-Liutaio-Cremona.png","contentUrl":"https:\/\/www.mauro-lucini.it\/wp-content\/uploads\/2024\/09\/Mauro-Lucini-Liutaio-Cremona.png","width":480,"height":84,"caption":"Mauro Lucini - Liutaio a Cremona"},"image":{"@id":"https:\/\/www.mauro-lucini.it\/fr\/#\/schema\/logo\/image\/"}}]}},"_links":{"self":[{"href":"https:\/\/www.mauro-lucini.it\/fr\/wp-json\/wp\/v2\/pages\/2184","targetHints":{"allow":["GET"]}}],"collection":[{"href":"https:\/\/www.mauro-lucini.it\/fr\/wp-json\/wp\/v2\/pages"}],"about":[{"href":"https:\/\/www.mauro-lucini.it\/fr\/wp-json\/wp\/v2\/types\/page"}],"author":[{"embeddable":true,"href":"https:\/\/www.mauro-lucini.it\/fr\/wp-json\/wp\/v2\/users\/1"}],"replies":[{"embeddable":true,"href":"https:\/\/www.mauro-lucini.it\/fr\/wp-json\/wp\/v2\/comments?post=2184"}],"version-history":[{"count":1,"href":"https:\/\/www.mauro-lucini.it\/fr\/wp-json\/wp\/v2\/pages\/2184\/revisions"}],"predecessor-version":[{"id":2195,"href":"https:\/\/www.mauro-lucini.it\/fr\/wp-json\/wp\/v2\/pages\/2184\/revisions\/2195"}],"wp:attachment":[{"href":"https:\/\/www.mauro-lucini.it\/fr\/wp-json\/wp\/v2\/media?parent=2184"}],"curies":[{"name":"wp","href":"https:\/\/api.w.org\/{rel}","templated":true}]}}

Politique de confidentialité

<h2 class="wp-block-heading">Dernière mise à jour : Corilon violins srl</h2>

<p>La présente politique de confidentialité explique comment sont collectées, utilisées, stockées et protégées les données à caractère personnel des utilisateurs qui visitent le site web <a href="https://www.mauro-lucini.it/fr">www.mauro-lucini.it</a> (ci-après dénommé le « Site »). Veuillez lire attentivement la présente politique de confidentialité avant d&rsquo;utiliser le site ou de fournir des données personnelles. En utilisant le site, vous consentez à la collecte et à l&rsquo;utilisation des informations conformément à la présente politique de confidentialité.</p>

<h2 class="wp-block-heading">Collecte de données à caractère personnel</h2>

<p>Lors de la navigation et de l&rsquo;utilisation du site, nous pouvons recueillir certaines données personnelles, telles que le nom, l&rsquo;adresse électronique, le numéro de téléphone et d&rsquo;autres informations de contact fournies volontairement par les utilisateurs par le biais de formulaires de contact ou d&rsquo;autres moyens de communication.</p>

<h2 class="wp-block-heading">Utilisation des données personnelles</h2>

<p>Les données personnelles collectées seront utilisées exclusivement pour répondre aux demandes des utilisateurs, fournir des informations sur nos services ou à des fins strictement liées à la gestion du site. Nous n&rsquo;utiliserons pas de données personnelles à des fins de marketing sans votre consentement explicite.</p>

<h2 class="wp-block-heading">Protection des données personnelles</h2>

<p>Nous prenons des mesures de sécurité appropriées pour protéger vos données personnelles contre tout accès, modification, divulgation ou destruction non autorisés. Toutefois, veuillez noter qu&rsquo;aucune méthode de transmission ou de stockage de données sur Internet n&rsquo;est totalement sûre et que nous ne pouvons pas garantir la sécurité absolue des données personnelles fournies par l&rsquo;intermédiaire du site.</p>

<h2 class="wp-block-heading">Partage des données à caractère personnel</h2>

<p>Les données personnelles des utilisateurs ne peuvent être communiquées à des tiers que dans les cas suivants :</p>

<ul class="wp-block-list">
<li>Lorsque la loi ou une autorité compétente l&rsquo;exige ;</li>



<li>Avec nos fournisseurs de services de confiance qui travaillent avec nous pour exploiter et maintenir le site ;</li>



<li>Avec le consentement de l&rsquo;utilisateur.</li>
</ul>

<h2 class="wp-block-heading">Liens externes</h2>

<p>Le site peut contenir des liens vers d&rsquo;autres sites web exploités par des tiers. La présente politique de confidentialité ne s&rsquo;applique qu&rsquo;au site et nous ne sommes pas responsables des pratiques en matière de confidentialité ou du contenu des sites web de tiers. Nous vous recommandons de lire attentivement les politiques de confidentialité de ces sites web.</p>

<h2 class="wp-block-heading">Modifications de la politique de confidentialité</h2>

<p>Nous nous réservons le droit de modifier la présente politique de confidentialité à tout moment. Toute modification sera publiée sur cette page avec la nouvelle date de « dernière mise à jour ». Il vous est conseillé de consulter régulièrement cette page pour prendre connaissance des mises à jour ou des modifications.</p>

<h2 class="wp-block-heading">Contact</h2>

<p>Si vous avez des questions, des commentaires ou des demandes concernant la présente politique de protection de la vie privée, veuillez <a href="mailto:mauro@mauro-lucini.it">nous contacter</a> en utilisant les coordonnées fournies sur le site.</p>

<h2 class="wp-block-heading">Consentement</h2>

<p>En utilisant le site, vous consentez à la collecte, à l&rsquo;utilisation et au stockage de vos données personnelles comme décrit dans la présente politique de confidentialité.</p>

<p>Dernière mise à jour : Corilon violins srl La présente politique de confidentialité explique comment sont collectées, utilisées, stockées et protégées les données à caractère personnel des utilisateurs qui visitent le site web www.mauro-lucini.it (ci-après dénommé le « Site »). Veuillez lire attentivement la présente politique de confidentialité avant d&rsquo;utiliser le site ou de fournir des données [&hellip;]</p>

<!-- This site is optimized with the Yoast SEO plugin v27.4 - https://yoast.com/product/yoast-seo-wordpress/ -->
<title>Politique de confidentialité - Mauro Lucini - Liutaio a Cremona</title>
<meta name="robots" content="index, follow, max-snippet:-1, max-image-preview:large, max-video-preview:-1" />
<link rel="canonical" href="https://www.mauro-lucini.it/fr/politique-de-confidentialite/" />
<meta property="og:locale" content="fr_FR" />
<meta property="og:type" content="article" />
<meta property="og:title" content="Politique de confidentialité - Mauro Lucini - Liutaio a Cremona" />
<meta property="og:description" content="Dernière mise à jour : Corilon violins srl La présente politique de confidentialité explique comment sont collectées, utilisées, stockées et protégées les données à caractère personnel des utilisateurs qui visitent le site web www.mauro-lucini.it (ci-après dénommé le « Site »). Veuillez lire attentivement la présente politique de confidentialité avant d&rsquo;utiliser le site ou de fournir des données [&hellip;]" />
<meta property="og:url" content="https://www.mauro-lucini.it/fr/politique-de-confidentialite/" />
<meta property="og:site_name" content="Mauro Lucini - Liutaio a Cremona" />
<meta property="article:modified_time" content="2024-12-14T07:11:37+00:00" />
<meta name="twitter:card" content="summary_large_image" />
<!-- / Yoast SEO plugin. -->

Politique de confidentialité - Mauro Lucini - Liutaio a Cremona

Dernière mise à jour : Corilon violins srl La présente politique de confidentialité explique comment sont collectées, utilisées, stockées et protégées les données à caractère personnel des utilisateurs qui visitent le site web www.mauro-lucini.it (ci-après dénommé le « Site »). Veuillez lire attentivement la présente politique de confidentialité avant d&rsquo;utiliser le site ou de fournir des données [&hellip;]
