{"id":2227,"date":"2024-12-13T11:49:03","date_gmt":"2024-12-13T11:49:03","guid":{"rendered":"https:\/\/www.mauro-lucini.it\/negozio\/sin%20categor\u00eda\/violin-n-o-42-officina-mauro-lucini-cremona-2024"},"modified":"2025-05-27T11:26:40","modified_gmt":"2025-05-27T11:26:40","slug":"mauro-lucini-cremona-2024-violin-no-42","status":"publish","type":"product","link":"https:\/\/www.mauro-lucini.it\/es\/negozio-di-violini\/violines-cremona\/mauro-lucini-cremona-2024-violin-no-42\/","title":{"rendered":"Viol\u00edn n.\u00ba 42 Officina Mauro Lucini, Cremona 2024 &#8211; VENDIDO"},"content":{"rendered":"<p>Viol\u00edn No. 42 de Officina Mauro Lucini de Cremona: un sonido dulce, rico y sorprendente. Cre\u00e9 este instrumento en 2024, siguiendo la tradici\u00f3n cremonense, con un acabado rojo anaranjado que realza la belleza natural de la madera. El modelo inspirado en Guarneri, con agujeros en fa estrechos y bien situados, permite obtener un sonido equilibrado y envolvente, capaz de expresar toda la personalidad de una viola cremon\u00e9s. El fondo est\u00e1 hecho de una sola pieza, para favorecer una mayor resonancia y un sonido armonioso. Cada instrumento que fabrico va acompa\u00f1ado de un certificado de autenticidad, 30 d\u00edas de derecho de devoluci\u00f3n y env\u00edo gratuito.<\/p>\n","protected":false},"excerpt":{"rendered":"<p>Viol\u00edn n.\u00ba 42 del Officina Mauro Lucini de Cremona: un sonido dulce, rico y sorprendente. Cre\u00e9 este instrumento en 2024, siguiendo la tradici\u00f3n cremonesa, con un acabado rojo anaranjado que realza la belleza natural de la madera. El modelo, inspirado en Guarneri, con f-holed estrechos y bien posicionados, permite un sonido equilibrado y envolvente, capaz de expresar toda la personalidad de un viol\u00edn cremon\u00e9s. El fondo est\u00e1 hecho de una sola pieza, para favorecer una mayor resonancia y una sonoridad armoniosa. Cada instrumento que fabrico va acompa\u00f1ado de un certificado de autenticidad, con 30 d\u00edas de derecho de devoluci\u00f3n y env\u00edo gratuito.     <\/p>\n","protected":false},"featured_media":2157,"template":"","meta":{"_coblocks_attr":"","_coblocks_dimensions":"","_coblocks_responsive_height":"","_coblocks_accordion_ie_support":"","hide_page_title":""},"product_brand":[],"product_cat":[120],"product_tag":[176,175,174,191,178,177],"class_list":{"0":"post-2227","1":"product","2":"type-product","3":"status-publish","4":"has-post-thumbnail","6":"product_cat-violines-cremona","7":"product_tag-cremonaviolin-es","8":"product_tag-italianviolin-es","9":"product_tag-violin-es","10":"product_tag-violin-es-2","11":"product_tag-violinocremona-es","12":"product_tag-violinocremonese-es","14":"first","15":"outofstock","16":"taxable","17":"shipping-taxable","18":"purchasable","19":"product-type-simple"},"yoast_head":"<!-- This site is optimized with the Yoast SEO plugin v27.4 - https:\/\/yoast.com\/product\/yoast-seo-wordpress\/ -->\n<title>Viol\u00edn n.\u00ba 42 Officina Mauro Lucini, Cremona 2024 - VENDIDO - Mauro Lucini - Liutaio a Cremona<\/title>\n<meta name=\"description\" content=\"El viol\u00edn n.\u00ba 42 de la Officina Mauro Lucini de Cremona, fabricado en 2024 con un acabado rojo anaranjado y fondo de una sola pieza, ofrece un sonido dulce y armonioso, inspirado en la tradici\u00f3n cremonesa y caracterizado por un equilibrio perfecto.\" \/>\n<meta name=\"robots\" content=\"index, follow, max-snippet:-1, max-image-preview:large, max-video-preview:-1\" \/>\n<link rel=\"canonical\" href=\"https:\/\/www.mauro-lucini.it\/es\/negozio-di-violini\/violines-cremona\/mauro-lucini-cremona-2024-violin-no-42\/\" \/>\n<meta property=\"og:locale\" content=\"es_ES\" \/>\n<meta property=\"og:type\" content=\"article\" \/>\n<meta property=\"og:title\" content=\"Viol\u00edn n.\u00ba 42 Officina Mauro Lucini, Cremona 2024 - VENDIDO - Mauro Lucini - Liutaio a Cremona\" \/>\n<meta property=\"og:description\" content=\"El viol\u00edn n.\u00ba 42 de la Officina Mauro Lucini de Cremona, fabricado en 2024 con un acabado rojo anaranjado y fondo de una sola pieza, ofrece un sonido dulce y armonioso, inspirado en la tradici\u00f3n cremonesa y caracterizado por un equilibrio perfecto.\" \/>\n<meta property=\"og:url\" content=\"https:\/\/www.mauro-lucini.it\/es\/negozio-di-violini\/violines-cremona\/mauro-lucini-cremona-2024-violin-no-42\/\" \/>\n<meta property=\"og:site_name\" content=\"Mauro Lucini - Liutaio a Cremona\" \/>\n<meta property=\"article:modified_time\" content=\"2025-05-27T11:26:40+00:00\" \/>\n<meta property=\"og:image\" content=\"https:\/\/www.mauro-lucini.it\/wp-content\/uploads\/2024\/12\/mauro-lucini-no42-1_1890x1890-1.jpg\" \/>\n\t<meta property=\"og:image:width\" content=\"1181\" \/>\n\t<meta property=\"og:image:height\" content=\"1890\" \/>\n\t<meta property=\"og:image:type\" content=\"image\/jpeg\" \/>\n<meta name=\"twitter:card\" content=\"summary_large_image\" \/>\n<!-- \/ Yoast SEO plugin. -->","yoast_head_json":{"title":"Viol\u00edn n.\u00ba 42 Officina Mauro Lucini, Cremona 2024 - VENDIDO - Mauro Lucini - Liutaio a Cremona","description":"El viol\u00edn n.\u00ba 42 de la Officina Mauro Lucini de Cremona, fabricado en 2024 con un acabado rojo anaranjado y fondo de una sola pieza, ofrece un sonido dulce y armonioso, inspirado en la tradici\u00f3n cremonesa y caracterizado por un equilibrio perfecto.","robots":{"index":"index","follow":"follow","max-snippet":"max-snippet:-1","max-image-preview":"max-image-preview:large","max-video-preview":"max-video-preview:-1"},"canonical":"https:\/\/www.mauro-lucini.it\/es\/negozio-di-violini\/violines-cremona\/mauro-lucini-cremona-2024-violin-no-42\/","og_locale":"es_ES","og_type":"article","og_title":"Viol\u00edn n.\u00ba 42 Officina Mauro Lucini, Cremona 2024 - VENDIDO - Mauro Lucini - Liutaio a Cremona","og_description":"El viol\u00edn n.\u00ba 42 de la Officina Mauro Lucini de Cremona, fabricado en 2024 con un acabado rojo anaranjado y fondo de una sola pieza, ofrece un sonido dulce y armonioso, inspirado en la tradici\u00f3n cremonesa y caracterizado por un equilibrio perfecto.","og_url":"https:\/\/www.mauro-lucini.it\/es\/negozio-di-violini\/violines-cremona\/mauro-lucini-cremona-2024-violin-no-42\/","og_site_name":"Mauro Lucini - Liutaio a Cremona","article_modified_time":"2025-05-27T11:26:40+00:00","og_image":[{"width":1181,"height":1890,"url":"https:\/\/www.mauro-lucini.it\/wp-content\/uploads\/2024\/12\/mauro-lucini-no42-1_1890x1890-1.jpg","type":"image\/jpeg"}],"twitter_card":"summary_large_image","schema":{"@context":"https:\/\/schema.org","@graph":[{"@type":"WebPage","@id":"https:\/\/www.mauro-lucini.it\/es\/negozio-di-violini\/violines-cremona\/mauro-lucini-cremona-2024-violin-no-42\/","url":"https:\/\/www.mauro-lucini.it\/es\/negozio-di-violini\/violines-cremona\/mauro-lucini-cremona-2024-violin-no-42\/","name":"Viol\u00edn n.\u00ba 42 Officina Mauro Lucini, Cremona 2024 - VENDIDO - Mauro Lucini - Liutaio a Cremona","isPartOf":{"@id":"https:\/\/www.mauro-lucini.it\/es\/#website"},"primaryImageOfPage":{"@id":"https:\/\/www.mauro-lucini.it\/es\/negozio-di-violini\/violines-cremona\/mauro-lucini-cremona-2024-violin-no-42\/#primaryimage"},"image":{"@id":"https:\/\/www.mauro-lucini.it\/es\/negozio-di-violini\/violines-cremona\/mauro-lucini-cremona-2024-violin-no-42\/#primaryimage"},"thumbnailUrl":"https:\/\/www.mauro-lucini.it\/wp-content\/uploads\/2024\/12\/mauro-lucini-no42-1_1890x1890-1.jpg","datePublished":"2024-12-13T11:49:03+00:00","dateModified":"2025-05-27T11:26:40+00:00","description":"El viol\u00edn n.\u00ba 42 de la Officina Mauro Lucini de Cremona, fabricado en 2024 con un acabado rojo anaranjado y fondo de una sola pieza, ofrece un sonido dulce y armonioso, inspirado en la tradici\u00f3n cremonesa y caracterizado por un equilibrio perfecto.","breadcrumb":{"@id":"https:\/\/www.mauro-lucini.it\/es\/negozio-di-violini\/violines-cremona\/mauro-lucini-cremona-2024-violin-no-42\/#breadcrumb"},"inLanguage":"es","potentialAction":[{"@type":"ReadAction","target":["https:\/\/www.mauro-lucini.it\/es\/negozio-di-violini\/violines-cremona\/mauro-lucini-cremona-2024-violin-no-42\/"]}]},{"@type":"ImageObject","inLanguage":"es","@id":"https:\/\/www.mauro-lucini.it\/es\/negozio-di-violini\/violines-cremona\/mauro-lucini-cremona-2024-violin-no-42\/#primaryimage","url":"https:\/\/www.mauro-lucini.it\/wp-content\/uploads\/2024\/12\/mauro-lucini-no42-1_1890x1890-1.jpg","contentUrl":"https:\/\/www.mauro-lucini.it\/wp-content\/uploads\/2024\/12\/mauro-lucini-no42-1_1890x1890-1.jpg","width":1181,"height":1890},{"@type":"BreadcrumbList","@id":"https:\/\/www.mauro-lucini.it\/es\/negozio-di-violini\/violines-cremona\/mauro-lucini-cremona-2024-violin-no-42\/#breadcrumb","itemListElement":[{"@type":"ListItem","position":1,"name":"Home","item":"https:\/\/www.mauro-lucini.it\/es\/"},{"@type":"ListItem","position":2,"name":"Shop","item":"https:\/\/www.mauro-lucini.it\/en\/shop\/"},{"@type":"ListItem","position":3,"name":"Viol\u00edn n.\u00ba 42 Officina Mauro Lucini, Cremona 2024 &#8211; VENDIDO"}]},{"@type":"WebSite","@id":"https:\/\/www.mauro-lucini.it\/es\/#website","url":"https:\/\/www.mauro-lucini.it\/es\/","name":"Mauro Lucini - Liutaio a Cremona","description":"Mauro Lucini liutaio a Cremona - 40 anni di passione ed esperienza","publisher":{"@id":"https:\/\/www.mauro-lucini.it\/es\/#organization"},"potentialAction":[{"@type":"SearchAction","target":{"@type":"EntryPoint","urlTemplate":"https:\/\/www.mauro-lucini.it\/es\/?s={search_term_string}"},"query-input":{"@type":"PropertyValueSpecification","valueRequired":true,"valueName":"search_term_string"}}],"inLanguage":"es"},{"@type":"Organization","@id":"https:\/\/www.mauro-lucini.it\/es\/#organization","name":"Mauro Lucini - Liutaio a Cremona","url":"https:\/\/www.mauro-lucini.it\/es\/","logo":{"@type":"ImageObject","inLanguage":"es","@id":"https:\/\/www.mauro-lucini.it\/es\/#\/schema\/logo\/image\/","url":"https:\/\/www.mauro-lucini.it\/wp-content\/uploads\/2024\/09\/Mauro-Lucini-Liutaio-Cremona.png","contentUrl":"https:\/\/www.mauro-lucini.it\/wp-content\/uploads\/2024\/09\/Mauro-Lucini-Liutaio-Cremona.png","width":480,"height":84,"caption":"Mauro Lucini - Liutaio a Cremona"},"image":{"@id":"https:\/\/www.mauro-lucini.it\/es\/#\/schema\/logo\/image\/"}}]}},"_links":{"self":[{"href":"https:\/\/www.mauro-lucini.it\/es\/wp-json\/wp\/v2\/product\/2227","targetHints":{"allow":["GET"]}}],"collection":[{"href":"https:\/\/www.mauro-lucini.it\/es\/wp-json\/wp\/v2\/product"}],"about":[{"href":"https:\/\/www.mauro-lucini.it\/es\/wp-json\/wp\/v2\/types\/product"}],"wp:featuredmedia":[{"embeddable":true,"href":"https:\/\/www.mauro-lucini.it\/es\/wp-json\/wp\/v2\/media\/2157"}],"wp:attachment":[{"href":"https:\/\/www.mauro-lucini.it\/es\/wp-json\/wp\/v2\/media?parent=2227"}],"wp:term":[{"taxonomy":"product_brand","embeddable":true,"href":"https:\/\/www.mauro-lucini.it\/es\/wp-json\/wp\/v2\/product_brand?post=2227"},{"taxonomy":"product_cat","embeddable":true,"href":"https:\/\/www.mauro-lucini.it\/es\/wp-json\/wp\/v2\/product_cat?post=2227"},{"taxonomy":"product_tag","embeddable":true,"href":"https:\/\/www.mauro-lucini.it\/es\/wp-json\/wp\/v2\/product_tag?post=2227"}],"curies":[{"name":"wp","href":"https:\/\/api.w.org\/{rel}","templated":true}]}}

https://www.mauro-lucini.it/negozio/sin%20categoría/violin-n-o-42-officina-mauro-lucini-cremona-2024

Violín n.º 42 Officina Mauro Lucini, Cremona 2024 &#8211; VENDIDO

<p>Violín No. 42 de Officina Mauro Lucini de Cremona: un sonido dulce, rico y sorprendente. Creé este instrumento en 2024, siguiendo la tradición cremonense, con un acabado rojo anaranjado que realza la belleza natural de la madera. El modelo inspirado en Guarneri, con agujeros en fa estrechos y bien situados, permite obtener un sonido equilibrado y envolvente, capaz de expresar toda la personalidad de una viola cremonés. El fondo está hecho de una sola pieza, para favorecer una mayor resonancia y un sonido armonioso. Cada instrumento que fabrico va acompañado de un certificado de autenticidad, 30 días de derecho de devolución y envío gratuito.</p>

<p>Violín n.º 42 del Officina Mauro Lucini de Cremona: un sonido dulce, rico y sorprendente. Creé este instrumento en 2024, siguiendo la tradición cremonesa, con un acabado rojo anaranjado que realza la belleza natural de la madera. El modelo, inspirado en Guarneri, con f-holed estrechos y bien posicionados, permite un sonido equilibrado y envolvente, capaz de expresar toda la personalidad de un violín cremonés. El fondo está hecho de una sola pieza, para favorecer una mayor resonancia y una sonoridad armoniosa. Cada instrumento que fabrico va acompañado de un certificado de autenticidad, con 30 días de derecho de devolución y envío gratuito.     </p>

<!-- This site is optimized with the Yoast SEO plugin v27.4 - https://yoast.com/product/yoast-seo-wordpress/ -->
<title>Violín n.º 42 Officina Mauro Lucini, Cremona 2024 - VENDIDO - Mauro Lucini - Liutaio a Cremona</title>
<meta name="description" content="El violín n.º 42 de la Officina Mauro Lucini de Cremona, fabricado en 2024 con un acabado rojo anaranjado y fondo de una sola pieza, ofrece un sonido dulce y armonioso, inspirado en la tradición cremonesa y caracterizado por un equilibrio perfecto." />
<meta name="robots" content="index, follow, max-snippet:-1, max-image-preview:large, max-video-preview:-1" />
<link rel="canonical" href="https://www.mauro-lucini.it/es/negozio-di-violini/violines-cremona/mauro-lucini-cremona-2024-violin-no-42/" />
<meta property="og:locale" content="es_ES" />
<meta property="og:type" content="article" />
<meta property="og:title" content="Violín n.º 42 Officina Mauro Lucini, Cremona 2024 - VENDIDO - Mauro Lucini - Liutaio a Cremona" />
<meta property="og:description" content="El violín n.º 42 de la Officina Mauro Lucini de Cremona, fabricado en 2024 con un acabado rojo anaranjado y fondo de una sola pieza, ofrece un sonido dulce y armonioso, inspirado en la tradición cremonesa y caracterizado por un equilibrio perfecto." />
<meta property="og:url" content="https://www.mauro-lucini.it/es/negozio-di-violini/violines-cremona/mauro-lucini-cremona-2024-violin-no-42/" />
<meta property="og:site_name" content="Mauro Lucini - Liutaio a Cremona" />
<meta property="article:modified_time" content="2025-05-27T11:26:40+00:00" />
<meta property="og:image" content="https://www.mauro-lucini.it/wp-content/uploads/2024/12/mauro-lucini-no42-1_1890x1890-1.jpg" />
	<meta property="og:image:width" content="1181" />
	<meta property="og:image:height" content="1890" />
	<meta property="og:image:type" content="image/jpeg" />
<meta name="twitter:card" content="summary_large_image" />
<!-- / Yoast SEO plugin. -->

Violín n.º 42 Officina Mauro Lucini, Cremona 2024 - VENDIDO - Mauro Lucini - Liutaio a Cremona

El violín n.º 42 de la Officina Mauro Lucini de Cremona, fabricado en 2024 con un acabado rojo anaranjado y fondo de una sola pieza, ofrece un sonido dulce y armonioso, inspirado en la tradición cremonesa y caracterizado por un equilibrio perfecto.
