{"id":2938,"date":"2025-01-08T10:44:26","date_gmt":"2025-01-08T10:44:26","guid":{"rendered":"https:\/\/www.mauro-lucini.it\/negozio-di-violini\/unkategorisiert\/violine-nr-30-officina-mauro-lucini-cremona-2024\/"},"modified":"2025-05-28T06:46:22","modified_gmt":"2025-05-28T06:46:22","slug":"violine-nr-30-officina-mauro-lucini-cremona-2024","status":"publish","type":"product","link":"https:\/\/www.mauro-lucini.it\/de\/negozio-di-violini\/cremona-violinen\/violine-nr-30-officina-mauro-lucini-cremona-2024\/","title":{"rendered":"Geige Nr. 30 Officina Mauro Lucini, Cremona 2024 &#8211; VERKAUFT"},"content":{"rendered":"","protected":false},"excerpt":{"rendered":"<p>Dies ist eine moderne Cremona-Viola, die sowohl den Bed\u00fcrfnissen zeitgen\u00f6ssischer Musiker als auch denjenigen entspricht, die sich f\u00fcr die barocke Praxis interessieren. Mit ihrer extrem leichten Ansprache und ihrem hellen, reifen Klang erm\u00f6glicht die Violine Nr. 30 aus der Officina Mauro Lucini flie\u00dfende \u00dcberg\u00e4nge zwischen verschiedenen musikalischen Welten. Ihr Klang mit seinem reichen, kristallklaren Charakter ist perfekt f\u00fcr moderne Auff\u00fchrungen geeignet, aber ihre Struktur ist auch so konzipiert, dass sie das authentische Barockspiel unterst\u00fctzt. Der zweiteilige Boden verleiht dem Instrument eine einzigartige Resonanz, w\u00e4hrend der warme orange-braune Klarlack den Charakter der Geige perfekt zum Ausdruck bringt. Die Perfektion in Zusammenbau und Verarbeitung spiegelt sich in der Freude am Spiel wider.     <\/p>\n","protected":false},"featured_media":2913,"template":"","meta":{"_coblocks_attr":"","_coblocks_dimensions":"","_coblocks_responsive_height":"","_coblocks_accordion_ie_support":"","hide_page_title":""},"product_brand":[],"product_cat":[123],"product_tag":[156,154,182,155,160,158],"class_list":{"0":"post-2938","1":"product","2":"type-product","3":"status-publish","4":"has-post-thumbnail","6":"product_cat-cremona-violinen","7":"product_tag-cremonaviolin-de","8":"product_tag-geige","9":"product_tag-geige-de","10":"product_tag-italienischevioline","11":"product_tag-violinocremona-de","12":"product_tag-violinocremonese-de","14":"first","15":"outofstock","16":"taxable","17":"shipping-taxable","18":"purchasable","19":"product-type-simple"},"yoast_head":"<!-- This site is optimized with the Yoast SEO plugin v27.4 - https:\/\/yoast.com\/product\/yoast-seo-wordpress\/ -->\n<title>Geige Nr. 30 Officina Mauro Lucini, Cremona 2024 - VERKAUFT - Mauro Lucini - Liutaio a Cremona<\/title>\n<meta name=\"description\" content=\"Nr. 30 moderne Cremona Violine, hell und reif im Klang, ideal f\u00fcr Barock und Moderne, mit geteiltem Boden und orange-braunem Lack.\" \/>\n<meta name=\"robots\" content=\"index, follow, max-snippet:-1, max-image-preview:large, max-video-preview:-1\" \/>\n<link rel=\"canonical\" href=\"https:\/\/www.mauro-lucini.it\/de\/negozio-di-violini\/cremona-violinen\/violine-nr-30-officina-mauro-lucini-cremona-2024\/\" \/>\n<meta property=\"og:locale\" content=\"de_DE\" \/>\n<meta property=\"og:type\" content=\"article\" \/>\n<meta property=\"og:title\" content=\"Geige Nr. 30 Officina Mauro Lucini, Cremona 2024 - VERKAUFT - Mauro Lucini - Liutaio a Cremona\" \/>\n<meta property=\"og:description\" content=\"Nr. 30 moderne Cremona Violine, hell und reif im Klang, ideal f\u00fcr Barock und Moderne, mit geteiltem Boden und orange-braunem Lack.\" \/>\n<meta property=\"og:url\" content=\"https:\/\/www.mauro-lucini.it\/de\/negozio-di-violini\/cremona-violinen\/violine-nr-30-officina-mauro-lucini-cremona-2024\/\" \/>\n<meta property=\"og:site_name\" content=\"Mauro Lucini - Liutaio a Cremona\" \/>\n<meta property=\"article:modified_time\" content=\"2025-05-28T06:46:22+00:00\" \/>\n<meta property=\"og:image\" content=\"https:\/\/www.mauro-lucini.it\/wp-content\/uploads\/2025\/01\/mauro-lucini-stradivari-7601-1_1890x1890.jpg\" \/>\n\t<meta property=\"og:image:width\" content=\"1181\" \/>\n\t<meta property=\"og:image:height\" content=\"1890\" \/>\n\t<meta property=\"og:image:type\" content=\"image\/jpeg\" \/>\n<meta name=\"twitter:card\" content=\"summary_large_image\" \/>\n<!-- \/ Yoast SEO plugin. -->","yoast_head_json":{"title":"Geige Nr. 30 Officina Mauro Lucini, Cremona 2024 - VERKAUFT - Mauro Lucini - Liutaio a Cremona","description":"Nr. 30 moderne Cremona Violine, hell und reif im Klang, ideal f\u00fcr Barock und Moderne, mit geteiltem Boden und orange-braunem Lack.","robots":{"index":"index","follow":"follow","max-snippet":"max-snippet:-1","max-image-preview":"max-image-preview:large","max-video-preview":"max-video-preview:-1"},"canonical":"https:\/\/www.mauro-lucini.it\/de\/negozio-di-violini\/cremona-violinen\/violine-nr-30-officina-mauro-lucini-cremona-2024\/","og_locale":"de_DE","og_type":"article","og_title":"Geige Nr. 30 Officina Mauro Lucini, Cremona 2024 - VERKAUFT - Mauro Lucini - Liutaio a Cremona","og_description":"Nr. 30 moderne Cremona Violine, hell und reif im Klang, ideal f\u00fcr Barock und Moderne, mit geteiltem Boden und orange-braunem Lack.","og_url":"https:\/\/www.mauro-lucini.it\/de\/negozio-di-violini\/cremona-violinen\/violine-nr-30-officina-mauro-lucini-cremona-2024\/","og_site_name":"Mauro Lucini - Liutaio a Cremona","article_modified_time":"2025-05-28T06:46:22+00:00","og_image":[{"width":1181,"height":1890,"url":"https:\/\/www.mauro-lucini.it\/wp-content\/uploads\/2025\/01\/mauro-lucini-stradivari-7601-1_1890x1890.jpg","type":"image\/jpeg"}],"twitter_card":"summary_large_image","schema":{"@context":"https:\/\/schema.org","@graph":[{"@type":"WebPage","@id":"https:\/\/www.mauro-lucini.it\/de\/negozio-di-violini\/cremona-violinen\/violine-nr-30-officina-mauro-lucini-cremona-2024\/","url":"https:\/\/www.mauro-lucini.it\/de\/negozio-di-violini\/cremona-violinen\/violine-nr-30-officina-mauro-lucini-cremona-2024\/","name":"Geige Nr. 30 Officina Mauro Lucini, Cremona 2024 - VERKAUFT - Mauro Lucini - Liutaio a Cremona","isPartOf":{"@id":"https:\/\/www.mauro-lucini.it\/de\/#website"},"primaryImageOfPage":{"@id":"https:\/\/www.mauro-lucini.it\/de\/negozio-di-violini\/cremona-violinen\/violine-nr-30-officina-mauro-lucini-cremona-2024\/#primaryimage"},"image":{"@id":"https:\/\/www.mauro-lucini.it\/de\/negozio-di-violini\/cremona-violinen\/violine-nr-30-officina-mauro-lucini-cremona-2024\/#primaryimage"},"thumbnailUrl":"https:\/\/www.mauro-lucini.it\/wp-content\/uploads\/2025\/01\/mauro-lucini-stradivari-7601-1_1890x1890.jpg","datePublished":"2025-01-08T10:44:26+00:00","dateModified":"2025-05-28T06:46:22+00:00","description":"Nr. 30 moderne Cremona Violine, hell und reif im Klang, ideal f\u00fcr Barock und Moderne, mit geteiltem Boden und orange-braunem Lack.","breadcrumb":{"@id":"https:\/\/www.mauro-lucini.it\/de\/negozio-di-violini\/cremona-violinen\/violine-nr-30-officina-mauro-lucini-cremona-2024\/#breadcrumb"},"inLanguage":"de","potentialAction":[{"@type":"ReadAction","target":["https:\/\/www.mauro-lucini.it\/de\/negozio-di-violini\/cremona-violinen\/violine-nr-30-officina-mauro-lucini-cremona-2024\/"]}]},{"@type":"ImageObject","inLanguage":"de","@id":"https:\/\/www.mauro-lucini.it\/de\/negozio-di-violini\/cremona-violinen\/violine-nr-30-officina-mauro-lucini-cremona-2024\/#primaryimage","url":"https:\/\/www.mauro-lucini.it\/wp-content\/uploads\/2025\/01\/mauro-lucini-stradivari-7601-1_1890x1890.jpg","contentUrl":"https:\/\/www.mauro-lucini.it\/wp-content\/uploads\/2025\/01\/mauro-lucini-stradivari-7601-1_1890x1890.jpg","width":1181,"height":1890},{"@type":"BreadcrumbList","@id":"https:\/\/www.mauro-lucini.it\/de\/negozio-di-violini\/cremona-violinen\/violine-nr-30-officina-mauro-lucini-cremona-2024\/#breadcrumb","itemListElement":[{"@type":"ListItem","position":1,"name":"Home","item":"https:\/\/www.mauro-lucini.it\/de\/"},{"@type":"ListItem","position":2,"name":"Shop","item":"https:\/\/www.mauro-lucini.it\/en\/shop\/"},{"@type":"ListItem","position":3,"name":"Geige Nr. 30 Officina Mauro Lucini, Cremona 2024 &#8211; VERKAUFT"}]},{"@type":"WebSite","@id":"https:\/\/www.mauro-lucini.it\/de\/#website","url":"https:\/\/www.mauro-lucini.it\/de\/","name":"Mauro Lucini - Liutaio a Cremona","description":"Mauro Lucini liutaio a Cremona - 40 anni di passione ed esperienza","publisher":{"@id":"https:\/\/www.mauro-lucini.it\/de\/#organization"},"potentialAction":[{"@type":"SearchAction","target":{"@type":"EntryPoint","urlTemplate":"https:\/\/www.mauro-lucini.it\/de\/?s={search_term_string}"},"query-input":{"@type":"PropertyValueSpecification","valueRequired":true,"valueName":"search_term_string"}}],"inLanguage":"de"},{"@type":"Organization","@id":"https:\/\/www.mauro-lucini.it\/de\/#organization","name":"Mauro Lucini - Liutaio a Cremona","url":"https:\/\/www.mauro-lucini.it\/de\/","logo":{"@type":"ImageObject","inLanguage":"de","@id":"https:\/\/www.mauro-lucini.it\/de\/#\/schema\/logo\/image\/","url":"https:\/\/www.mauro-lucini.it\/wp-content\/uploads\/2024\/09\/Mauro-Lucini-Liutaio-Cremona.png","contentUrl":"https:\/\/www.mauro-lucini.it\/wp-content\/uploads\/2024\/09\/Mauro-Lucini-Liutaio-Cremona.png","width":480,"height":84,"caption":"Mauro Lucini - Liutaio a Cremona"},"image":{"@id":"https:\/\/www.mauro-lucini.it\/de\/#\/schema\/logo\/image\/"}}]}},"_links":{"self":[{"href":"https:\/\/www.mauro-lucini.it\/de\/wp-json\/wp\/v2\/product\/2938","targetHints":{"allow":["GET"]}}],"collection":[{"href":"https:\/\/www.mauro-lucini.it\/de\/wp-json\/wp\/v2\/product"}],"about":[{"href":"https:\/\/www.mauro-lucini.it\/de\/wp-json\/wp\/v2\/types\/product"}],"wp:featuredmedia":[{"embeddable":true,"href":"https:\/\/www.mauro-lucini.it\/de\/wp-json\/wp\/v2\/media\/2913"}],"wp:attachment":[{"href":"https:\/\/www.mauro-lucini.it\/de\/wp-json\/wp\/v2\/media?parent=2938"}],"wp:term":[{"taxonomy":"product_brand","embeddable":true,"href":"https:\/\/www.mauro-lucini.it\/de\/wp-json\/wp\/v2\/product_brand?post=2938"},{"taxonomy":"product_cat","embeddable":true,"href":"https:\/\/www.mauro-lucini.it\/de\/wp-json\/wp\/v2\/product_cat?post=2938"},{"taxonomy":"product_tag","embeddable":true,"href":"https:\/\/www.mauro-lucini.it\/de\/wp-json\/wp\/v2\/product_tag?post=2938"}],"curies":[{"name":"wp","href":"https:\/\/api.w.org\/{rel}","templated":true}]}}

<p>Dies ist eine moderne Cremona-Viola, die sowohl den Bedürfnissen zeitgenössischer Musiker als auch denjenigen entspricht, die sich für die barocke Praxis interessieren. Mit ihrer extrem leichten Ansprache und ihrem hellen, reifen Klang ermöglicht die Violine Nr. 30 aus der Officina Mauro Lucini fließende Übergänge zwischen verschiedenen musikalischen Welten. Ihr Klang mit seinem reichen, kristallklaren Charakter ist perfekt für moderne Aufführungen geeignet, aber ihre Struktur ist auch so konzipiert, dass sie das authentische Barockspiel unterstützt. Der zweiteilige Boden verleiht dem Instrument eine einzigartige Resonanz, während der warme orange-braune Klarlack den Charakter der Geige perfekt zum Ausdruck bringt. Die Perfektion in Zusammenbau und Verarbeitung spiegelt sich in der Freude am Spiel wider.     </p>

<!-- This site is optimized with the Yoast SEO plugin v27.4 - https://yoast.com/product/yoast-seo-wordpress/ -->
<title>Geige Nr. 30 Officina Mauro Lucini, Cremona 2024 - VERKAUFT - Mauro Lucini - Liutaio a Cremona</title>
<meta name="description" content="Nr. 30 moderne Cremona Violine, hell und reif im Klang, ideal für Barock und Moderne, mit geteiltem Boden und orange-braunem Lack." />
<meta name="robots" content="index, follow, max-snippet:-1, max-image-preview:large, max-video-preview:-1" />
<link rel="canonical" href="https://www.mauro-lucini.it/de/negozio-di-violini/cremona-violinen/violine-nr-30-officina-mauro-lucini-cremona-2024/" />
<meta property="og:locale" content="de_DE" />
<meta property="og:type" content="article" />
<meta property="og:title" content="Geige Nr. 30 Officina Mauro Lucini, Cremona 2024 - VERKAUFT - Mauro Lucini - Liutaio a Cremona" />
<meta property="og:description" content="Nr. 30 moderne Cremona Violine, hell und reif im Klang, ideal für Barock und Moderne, mit geteiltem Boden und orange-braunem Lack." />
<meta property="og:url" content="https://www.mauro-lucini.it/de/negozio-di-violini/cremona-violinen/violine-nr-30-officina-mauro-lucini-cremona-2024/" />
<meta property="og:site_name" content="Mauro Lucini - Liutaio a Cremona" />
<meta property="article:modified_time" content="2025-05-28T06:46:22+00:00" />
<meta property="og:image" content="https://www.mauro-lucini.it/wp-content/uploads/2025/01/mauro-lucini-stradivari-7601-1_1890x1890.jpg" />
	<meta property="og:image:width" content="1181" />
	<meta property="og:image:height" content="1890" />
	<meta property="og:image:type" content="image/jpeg" />
<meta name="twitter:card" content="summary_large_image" />
<!-- / Yoast SEO plugin. -->

Nr. 30 moderne Cremona Violine, hell und reif im Klang, ideal für Barock und Moderne, mit geteiltem Boden und orange-braunem Lack.
