{"id":2281,"date":"2023-05-28T18:02:15","date_gmt":"2023-05-28T18:02:15","guid":{"rendered":"https:\/\/www.mauro-lucini.it\/negozio\/unkategorisiert\/cremoneser-geige-mauro-lucini-2024-nr-31-oel-lack-verkauft"},"modified":"2025-01-20T10:47:59","modified_gmt":"2025-01-20T10:47:59","slug":"cremoneser-geige-mauro-lucini-2024-nr-31-oel-lack","status":"publish","type":"product","link":"https:\/\/www.mauro-lucini.it\/de\/negozio-di-violini\/cremona-violinen\/cremoneser-geige-mauro-lucini-2024-nr-31-oel-lack\/","title":{"rendered":"Cremoneser Geige, Mauro Lucini 2024 Nr. 31 &#8211; \u00d6l-Lack &#8211; VERKAUFT"},"content":{"rendered":"<ul>\n<li>Sch\u00f6ne Cremona Violine von Officina Mauro Lucini Modell Guarneri, Cremona 2024.<\/li>\n<li>Farbton: stark, kraftvoll, strahlend. \u00d6l-Lack, Antik-Lack.<\/li>\n<li>Geigenpreis e 4990 netto + 22% MwSt.<\/li>\n<li>Die erschwingliche Cremoneser Geige ist derzeit bei dem H\u00e4ndler <a href=\"https:\/\/www.corilon.com\">Corilon violins<\/a> erh\u00e4ltlich und kann zum Nettopreis mit kostenlosem Versand weltweit bestellt werden.<\/li>\n<\/ul>\n","protected":false},"excerpt":{"rendered":"<p>Sch\u00f6ne Cremona Violine von Officina Mauro Lucini Modell Guarneri, Cremona 2024. Farbton: stark, kraftvoll, strahlend. \u00d6l-Lack, Antik-Lack. Geigenpreis e 4990 netto + 22% MwSt. Die erschwingliche Cremoneser Geige ist derzeit bei dem H\u00e4ndler Corilon violins erh\u00e4ltlich und kann zum Nettopreis mit kostenlosem Versand weltweit bestellt werden.<\/p>\n","protected":false},"featured_media":1470,"template":"","meta":{"_coblocks_attr":"","_coblocks_dimensions":"","_coblocks_responsive_height":"","_coblocks_accordion_ie_support":"","hide_page_title":""},"product_brand":[],"product_cat":[123],"product_tag":[156,154,155,160,158],"class_list":{"0":"post-2281","1":"product","2":"type-product","3":"status-publish","4":"has-post-thumbnail","6":"product_cat-cremona-violinen","7":"product_tag-cremonaviolin-de","8":"product_tag-geige","9":"product_tag-italienischevioline","10":"product_tag-violinocremona-de","11":"product_tag-violinocremonese-de","13":"first","14":"outofstock","15":"sold-individually","16":"taxable","17":"shipping-taxable","18":"purchasable","19":"product-type-simple"},"yoast_head":"<!-- This site is optimized with the Yoast SEO plugin v27.4 - https:\/\/yoast.com\/product\/yoast-seo-wordpress\/ -->\n<title>Cremoneser Geige, Mauro Lucini 2024 Nr. 31 - \u00d6l-Lack - VERKAUFT - Mauro Lucini - Liutaio a Cremona<\/title>\n<meta name=\"description\" content=\"Geige Modell Guarneri aus der Werkstatt des Geigenbauers Mauro Lucini, Cremona 2023. Klang: stark, kraftvoll, strahlend\" \/>\n<meta name=\"robots\" content=\"index, follow, max-snippet:-1, max-image-preview:large, max-video-preview:-1\" \/>\n<link rel=\"canonical\" href=\"https:\/\/www.mauro-lucini.it\/de\/negozio-di-violini\/cremona-violinen\/cremoneser-geige-mauro-lucini-2024-nr-31-oel-lack\/\" \/>\n<meta property=\"og:locale\" content=\"de_DE\" \/>\n<meta property=\"og:type\" content=\"article\" \/>\n<meta property=\"og:title\" content=\"Cremoneser Geige, Mauro Lucini 2024 Nr. 31 - \u00d6l-Lack - VERKAUFT - Mauro Lucini - Liutaio a Cremona\" \/>\n<meta property=\"og:description\" content=\"Geige Modell Guarneri aus der Werkstatt des Geigenbauers Mauro Lucini, Cremona 2023. Klang: stark, kraftvoll, strahlend\" \/>\n<meta property=\"og:url\" content=\"https:\/\/www.mauro-lucini.it\/de\/negozio-di-violini\/cremona-violinen\/cremoneser-geige-mauro-lucini-2024-nr-31-oel-lack\/\" \/>\n<meta property=\"og:site_name\" content=\"Mauro Lucini - Liutaio a Cremona\" \/>\n<meta property=\"article:modified_time\" content=\"2025-01-20T10:47:59+00:00\" \/>\n<meta property=\"og:image\" content=\"https:\/\/www.mauro-lucini.it\/wp-content\/uploads\/2023\/05\/mauro-lucini-maestro-2.jpg\" \/>\n\t<meta property=\"og:image:width\" content=\"1181\" \/>\n\t<meta property=\"og:image:height\" content=\"1890\" \/>\n\t<meta property=\"og:image:type\" content=\"image\/jpeg\" \/>\n<meta name=\"twitter:card\" content=\"summary_large_image\" \/>\n<!-- \/ Yoast SEO plugin. -->","yoast_head_json":{"title":"Cremoneser Geige, Mauro Lucini 2024 Nr. 31 - \u00d6l-Lack - VERKAUFT - Mauro Lucini - Liutaio a Cremona","description":"Geige Modell Guarneri aus der Werkstatt des Geigenbauers Mauro Lucini, Cremona 2023. Klang: stark, kraftvoll, strahlend","robots":{"index":"index","follow":"follow","max-snippet":"max-snippet:-1","max-image-preview":"max-image-preview:large","max-video-preview":"max-video-preview:-1"},"canonical":"https:\/\/www.mauro-lucini.it\/de\/negozio-di-violini\/cremona-violinen\/cremoneser-geige-mauro-lucini-2024-nr-31-oel-lack\/","og_locale":"de_DE","og_type":"article","og_title":"Cremoneser Geige, Mauro Lucini 2024 Nr. 31 - \u00d6l-Lack - VERKAUFT - Mauro Lucini - Liutaio a Cremona","og_description":"Geige Modell Guarneri aus der Werkstatt des Geigenbauers Mauro Lucini, Cremona 2023. Klang: stark, kraftvoll, strahlend","og_url":"https:\/\/www.mauro-lucini.it\/de\/negozio-di-violini\/cremona-violinen\/cremoneser-geige-mauro-lucini-2024-nr-31-oel-lack\/","og_site_name":"Mauro Lucini - Liutaio a Cremona","article_modified_time":"2025-01-20T10:47:59+00:00","og_image":[{"width":1181,"height":1890,"url":"https:\/\/www.mauro-lucini.it\/wp-content\/uploads\/2023\/05\/mauro-lucini-maestro-2.jpg","type":"image\/jpeg"}],"twitter_card":"summary_large_image","schema":{"@context":"https:\/\/schema.org","@graph":[{"@type":"WebPage","@id":"https:\/\/www.mauro-lucini.it\/de\/negozio-di-violini\/cremona-violinen\/cremoneser-geige-mauro-lucini-2024-nr-31-oel-lack\/","url":"https:\/\/www.mauro-lucini.it\/de\/negozio-di-violini\/cremona-violinen\/cremoneser-geige-mauro-lucini-2024-nr-31-oel-lack\/","name":"Cremoneser Geige, Mauro Lucini 2024 Nr. 31 - \u00d6l-Lack - VERKAUFT - Mauro Lucini - Liutaio a Cremona","isPartOf":{"@id":"https:\/\/www.mauro-lucini.it\/de\/#website"},"primaryImageOfPage":{"@id":"https:\/\/www.mauro-lucini.it\/de\/negozio-di-violini\/cremona-violinen\/cremoneser-geige-mauro-lucini-2024-nr-31-oel-lack\/#primaryimage"},"image":{"@id":"https:\/\/www.mauro-lucini.it\/de\/negozio-di-violini\/cremona-violinen\/cremoneser-geige-mauro-lucini-2024-nr-31-oel-lack\/#primaryimage"},"thumbnailUrl":"https:\/\/www.mauro-lucini.it\/wp-content\/uploads\/2023\/05\/mauro-lucini-maestro-2.jpg","datePublished":"2023-05-28T18:02:15+00:00","dateModified":"2025-01-20T10:47:59+00:00","description":"Geige Modell Guarneri aus der Werkstatt des Geigenbauers Mauro Lucini, Cremona 2023. Klang: stark, kraftvoll, strahlend","breadcrumb":{"@id":"https:\/\/www.mauro-lucini.it\/de\/negozio-di-violini\/cremona-violinen\/cremoneser-geige-mauro-lucini-2024-nr-31-oel-lack\/#breadcrumb"},"inLanguage":"de","potentialAction":[{"@type":"ReadAction","target":["https:\/\/www.mauro-lucini.it\/de\/negozio-di-violini\/cremona-violinen\/cremoneser-geige-mauro-lucini-2024-nr-31-oel-lack\/"]}]},{"@type":"ImageObject","inLanguage":"de","@id":"https:\/\/www.mauro-lucini.it\/de\/negozio-di-violini\/cremona-violinen\/cremoneser-geige-mauro-lucini-2024-nr-31-oel-lack\/#primaryimage","url":"https:\/\/www.mauro-lucini.it\/wp-content\/uploads\/2023\/05\/mauro-lucini-maestro-2.jpg","contentUrl":"https:\/\/www.mauro-lucini.it\/wp-content\/uploads\/2023\/05\/mauro-lucini-maestro-2.jpg","width":1181,"height":1890},{"@type":"BreadcrumbList","@id":"https:\/\/www.mauro-lucini.it\/de\/negozio-di-violini\/cremona-violinen\/cremoneser-geige-mauro-lucini-2024-nr-31-oel-lack\/#breadcrumb","itemListElement":[{"@type":"ListItem","position":1,"name":"Home","item":"https:\/\/www.mauro-lucini.it\/de\/"},{"@type":"ListItem","position":2,"name":"Shop","item":"https:\/\/www.mauro-lucini.it\/en\/shop\/"},{"@type":"ListItem","position":3,"name":"Cremoneser Geige, Mauro Lucini 2024 Nr. 31 &#8211; \u00d6l-Lack &#8211; VERKAUFT"}]},{"@type":"WebSite","@id":"https:\/\/www.mauro-lucini.it\/de\/#website","url":"https:\/\/www.mauro-lucini.it\/de\/","name":"Mauro Lucini - Liutaio a Cremona","description":"Mauro Lucini liutaio a Cremona - 40 anni di passione ed esperienza","publisher":{"@id":"https:\/\/www.mauro-lucini.it\/de\/#organization"},"potentialAction":[{"@type":"SearchAction","target":{"@type":"EntryPoint","urlTemplate":"https:\/\/www.mauro-lucini.it\/de\/?s={search_term_string}"},"query-input":{"@type":"PropertyValueSpecification","valueRequired":true,"valueName":"search_term_string"}}],"inLanguage":"de"},{"@type":"Organization","@id":"https:\/\/www.mauro-lucini.it\/de\/#organization","name":"Mauro Lucini - Liutaio a Cremona","url":"https:\/\/www.mauro-lucini.it\/de\/","logo":{"@type":"ImageObject","inLanguage":"de","@id":"https:\/\/www.mauro-lucini.it\/de\/#\/schema\/logo\/image\/","url":"https:\/\/www.mauro-lucini.it\/wp-content\/uploads\/2024\/09\/Mauro-Lucini-Liutaio-Cremona.png","contentUrl":"https:\/\/www.mauro-lucini.it\/wp-content\/uploads\/2024\/09\/Mauro-Lucini-Liutaio-Cremona.png","width":480,"height":84,"caption":"Mauro Lucini - Liutaio a Cremona"},"image":{"@id":"https:\/\/www.mauro-lucini.it\/de\/#\/schema\/logo\/image\/"}}]}},"_links":{"self":[{"href":"https:\/\/www.mauro-lucini.it\/de\/wp-json\/wp\/v2\/product\/2281","targetHints":{"allow":["GET"]}}],"collection":[{"href":"https:\/\/www.mauro-lucini.it\/de\/wp-json\/wp\/v2\/product"}],"about":[{"href":"https:\/\/www.mauro-lucini.it\/de\/wp-json\/wp\/v2\/types\/product"}],"wp:featuredmedia":[{"embeddable":true,"href":"https:\/\/www.mauro-lucini.it\/de\/wp-json\/wp\/v2\/media\/1470"}],"wp:attachment":[{"href":"https:\/\/www.mauro-lucini.it\/de\/wp-json\/wp\/v2\/media?parent=2281"}],"wp:term":[{"taxonomy":"product_brand","embeddable":true,"href":"https:\/\/www.mauro-lucini.it\/de\/wp-json\/wp\/v2\/product_brand?post=2281"},{"taxonomy":"product_cat","embeddable":true,"href":"https:\/\/www.mauro-lucini.it\/de\/wp-json\/wp\/v2\/product_cat?post=2281"},{"taxonomy":"product_tag","embeddable":true,"href":"https:\/\/www.mauro-lucini.it\/de\/wp-json\/wp\/v2\/product_tag?post=2281"}],"curies":[{"name":"wp","href":"https:\/\/api.w.org\/{rel}","templated":true}]}}

Cremoneser Geige, Mauro Lucini 2024 Nr. 31 &#8211; Öl-Lack &#8211; VERKAUFT

<ul>
<li>Schöne Cremona Violine von Officina Mauro Lucini Modell Guarneri, Cremona 2024.</li>
<li>Farbton: stark, kraftvoll, strahlend. Öl-Lack, Antik-Lack.</li>
<li>Geigenpreis e 4990 netto + 22% MwSt.</li>
<li>Die erschwingliche Cremoneser Geige ist derzeit bei dem Händler <a href="https://www.corilon.com">Corilon violins</a> erhältlich und kann zum Nettopreis mit kostenlosem Versand weltweit bestellt werden.</li>
</ul>

<p>Schöne Cremona Violine von Officina Mauro Lucini Modell Guarneri, Cremona 2024. Farbton: stark, kraftvoll, strahlend. Öl-Lack, Antik-Lack. Geigenpreis e 4990 netto + 22% MwSt. Die erschwingliche Cremoneser Geige ist derzeit bei dem Händler Corilon violins erhältlich und kann zum Nettopreis mit kostenlosem Versand weltweit bestellt werden.</p>

<!-- This site is optimized with the Yoast SEO plugin v27.4 - https://yoast.com/product/yoast-seo-wordpress/ -->
<title>Cremoneser Geige, Mauro Lucini 2024 Nr. 31 - Öl-Lack - VERKAUFT - Mauro Lucini - Liutaio a Cremona</title>
<meta name="description" content="Geige Modell Guarneri aus der Werkstatt des Geigenbauers Mauro Lucini, Cremona 2023. Klang: stark, kraftvoll, strahlend" />
<meta name="robots" content="index, follow, max-snippet:-1, max-image-preview:large, max-video-preview:-1" />
<link rel="canonical" href="https://www.mauro-lucini.it/de/negozio-di-violini/cremona-violinen/cremoneser-geige-mauro-lucini-2024-nr-31-oel-lack/" />
<meta property="og:locale" content="de_DE" />
<meta property="og:type" content="article" />
<meta property="og:title" content="Cremoneser Geige, Mauro Lucini 2024 Nr. 31 - Öl-Lack - VERKAUFT - Mauro Lucini - Liutaio a Cremona" />
<meta property="og:description" content="Geige Modell Guarneri aus der Werkstatt des Geigenbauers Mauro Lucini, Cremona 2023. Klang: stark, kraftvoll, strahlend" />
<meta property="og:url" content="https://www.mauro-lucini.it/de/negozio-di-violini/cremona-violinen/cremoneser-geige-mauro-lucini-2024-nr-31-oel-lack/" />
<meta property="og:site_name" content="Mauro Lucini - Liutaio a Cremona" />
<meta property="article:modified_time" content="2025-01-20T10:47:59+00:00" />
<meta property="og:image" content="https://www.mauro-lucini.it/wp-content/uploads/2023/05/mauro-lucini-maestro-2.jpg" />
	<meta property="og:image:width" content="1181" />
	<meta property="og:image:height" content="1890" />
	<meta property="og:image:type" content="image/jpeg" />
<meta name="twitter:card" content="summary_large_image" />
<!-- / Yoast SEO plugin. -->

Cremoneser Geige, Mauro Lucini 2024 Nr. 31 - Öl-Lack - VERKAUFT - Mauro Lucini - Liutaio a Cremona
