{"id":2268,"date":"2024-05-15T17:14:43","date_gmt":"2024-05-15T17:14:43","guid":{"rendered":"https:\/\/www.mauro-lucini.it\/negozio\/unkategorisiert\/officina-mauro-lucini-geige-nr-15-cremona-2023-verkauft"},"modified":"2025-01-09T16:20:22","modified_gmt":"2025-01-09T16:20:22","slug":"officina-mauro-lucini-geige-nr-15-cremona-2023","status":"publish","type":"product","link":"https:\/\/www.mauro-lucini.it\/de\/negozio-di-violini\/cremona-violinen\/officina-mauro-lucini-geige-nr-15-cremona-2023\/","title":{"rendered":"Officina Mauro Lucini Geige Nr. 15, Cremona 2023 &#8211; VERKAUFT"},"content":{"rendered":"<p>Leuchtend orange lackierte Geige nach dem Guarneri-Modell mit einteiligem Boden und einem hellen, s\u00fc\u00dfen Klang. Gute Ansprache, auch in den hohen Lagen kr\u00e4ftig.<\/p>\n","protected":false},"excerpt":{"rendered":"<p>Leuchtend orange lackierte Geige nach dem Guarneri-Modell mit einteiligem Boden und einem hellen, s\u00fc\u00dfen Klang. Gute Ansprache, auch in den hohen Lagen kr\u00e4ftig.<\/p>\n","protected":false},"featured_media":1668,"template":"","meta":{"_coblocks_attr":"","_coblocks_dimensions":"","_coblocks_responsive_height":"","_coblocks_accordion_ie_support":"","hide_page_title":""},"product_brand":[],"product_cat":[123],"product_tag":[156,160,158],"class_list":{"0":"post-2268","1":"product","2":"type-product","3":"status-publish","4":"has-post-thumbnail","6":"product_cat-cremona-violinen","7":"product_tag-cremonaviolin-de","8":"product_tag-violinocremona-de","9":"product_tag-violinocremonese-de","11":"first","12":"outofstock","13":"sold-individually","14":"taxable","15":"shipping-taxable","16":"purchasable","17":"product-type-simple"},"yoast_head":"<!-- This site is optimized with the Yoast SEO plugin v27.4 - https:\/\/yoast.com\/product\/yoast-seo-wordpress\/ -->\n<title>Officina Mauro Lucini Geige Nr. 15, Cremona 2023 - VERKAUFT - Mauro Lucini - Liutaio a Cremona<\/title>\n<meta name=\"robots\" content=\"index, follow, max-snippet:-1, max-image-preview:large, max-video-preview:-1\" \/>\n<link rel=\"canonical\" href=\"https:\/\/www.mauro-lucini.it\/de\/negozio-di-violini\/cremona-violinen\/officina-mauro-lucini-geige-nr-15-cremona-2023\/\" \/>\n<meta property=\"og:locale\" content=\"de_DE\" \/>\n<meta property=\"og:type\" content=\"article\" \/>\n<meta property=\"og:title\" content=\"Officina Mauro Lucini Geige Nr. 15, Cremona 2023 - VERKAUFT - Mauro Lucini - Liutaio a Cremona\" \/>\n<meta property=\"og:description\" content=\"Leuchtend orange lackierte Geige nach dem Guarneri-Modell mit einteiligem Boden und einem hellen, s\u00fc\u00dfen Klang. Gute Ansprache, auch in den hohen Lagen kr\u00e4ftig.\" \/>\n<meta property=\"og:url\" content=\"https:\/\/www.mauro-lucini.it\/de\/negozio-di-violini\/cremona-violinen\/officina-mauro-lucini-geige-nr-15-cremona-2023\/\" \/>\n<meta property=\"og:site_name\" content=\"Mauro Lucini - Liutaio a Cremona\" \/>\n<meta property=\"article:modified_time\" content=\"2025-01-09T16:20:22+00:00\" \/>\n<meta property=\"og:image\" content=\"https:\/\/www.mauro-lucini.it\/wp-content\/uploads\/2024\/05\/mauro-lucini-guarneri-15-1.jpg\" \/>\n\t<meta property=\"og:image:width\" content=\"1181\" \/>\n\t<meta property=\"og:image:height\" content=\"1890\" \/>\n\t<meta property=\"og:image:type\" content=\"image\/jpeg\" \/>\n<meta name=\"twitter:card\" content=\"summary_large_image\" \/>\n<!-- \/ Yoast SEO plugin. -->","yoast_head_json":{"title":"Officina Mauro Lucini Geige Nr. 15, Cremona 2023 - VERKAUFT - Mauro Lucini - Liutaio a Cremona","robots":{"index":"index","follow":"follow","max-snippet":"max-snippet:-1","max-image-preview":"max-image-preview:large","max-video-preview":"max-video-preview:-1"},"canonical":"https:\/\/www.mauro-lucini.it\/de\/negozio-di-violini\/cremona-violinen\/officina-mauro-lucini-geige-nr-15-cremona-2023\/","og_locale":"de_DE","og_type":"article","og_title":"Officina Mauro Lucini Geige Nr. 15, Cremona 2023 - VERKAUFT - Mauro Lucini - Liutaio a Cremona","og_description":"Leuchtend orange lackierte Geige nach dem Guarneri-Modell mit einteiligem Boden und einem hellen, s\u00fc\u00dfen Klang. Gute Ansprache, auch in den hohen Lagen kr\u00e4ftig.","og_url":"https:\/\/www.mauro-lucini.it\/de\/negozio-di-violini\/cremona-violinen\/officina-mauro-lucini-geige-nr-15-cremona-2023\/","og_site_name":"Mauro Lucini - Liutaio a Cremona","article_modified_time":"2025-01-09T16:20:22+00:00","og_image":[{"width":1181,"height":1890,"url":"https:\/\/www.mauro-lucini.it\/wp-content\/uploads\/2024\/05\/mauro-lucini-guarneri-15-1.jpg","type":"image\/jpeg"}],"twitter_card":"summary_large_image","schema":{"@context":"https:\/\/schema.org","@graph":[{"@type":"WebPage","@id":"https:\/\/www.mauro-lucini.it\/de\/negozio-di-violini\/cremona-violinen\/officina-mauro-lucini-geige-nr-15-cremona-2023\/","url":"https:\/\/www.mauro-lucini.it\/de\/negozio-di-violini\/cremona-violinen\/officina-mauro-lucini-geige-nr-15-cremona-2023\/","name":"Officina Mauro Lucini Geige Nr. 15, Cremona 2023 - VERKAUFT - Mauro Lucini - Liutaio a Cremona","isPartOf":{"@id":"https:\/\/www.mauro-lucini.it\/de\/#website"},"primaryImageOfPage":{"@id":"https:\/\/www.mauro-lucini.it\/de\/negozio-di-violini\/cremona-violinen\/officina-mauro-lucini-geige-nr-15-cremona-2023\/#primaryimage"},"image":{"@id":"https:\/\/www.mauro-lucini.it\/de\/negozio-di-violini\/cremona-violinen\/officina-mauro-lucini-geige-nr-15-cremona-2023\/#primaryimage"},"thumbnailUrl":"https:\/\/www.mauro-lucini.it\/wp-content\/uploads\/2024\/05\/mauro-lucini-guarneri-15-1.jpg","datePublished":"2024-05-15T17:14:43+00:00","dateModified":"2025-01-09T16:20:22+00:00","breadcrumb":{"@id":"https:\/\/www.mauro-lucini.it\/de\/negozio-di-violini\/cremona-violinen\/officina-mauro-lucini-geige-nr-15-cremona-2023\/#breadcrumb"},"inLanguage":"de","potentialAction":[{"@type":"ReadAction","target":["https:\/\/www.mauro-lucini.it\/de\/negozio-di-violini\/cremona-violinen\/officina-mauro-lucini-geige-nr-15-cremona-2023\/"]}]},{"@type":"ImageObject","inLanguage":"de","@id":"https:\/\/www.mauro-lucini.it\/de\/negozio-di-violini\/cremona-violinen\/officina-mauro-lucini-geige-nr-15-cremona-2023\/#primaryimage","url":"https:\/\/www.mauro-lucini.it\/wp-content\/uploads\/2024\/05\/mauro-lucini-guarneri-15-1.jpg","contentUrl":"https:\/\/www.mauro-lucini.it\/wp-content\/uploads\/2024\/05\/mauro-lucini-guarneri-15-1.jpg","width":1181,"height":1890},{"@type":"BreadcrumbList","@id":"https:\/\/www.mauro-lucini.it\/de\/negozio-di-violini\/cremona-violinen\/officina-mauro-lucini-geige-nr-15-cremona-2023\/#breadcrumb","itemListElement":[{"@type":"ListItem","position":1,"name":"Home","item":"https:\/\/www.mauro-lucini.it\/de\/"},{"@type":"ListItem","position":2,"name":"Shop","item":"https:\/\/www.mauro-lucini.it\/en\/shop\/"},{"@type":"ListItem","position":3,"name":"Officina Mauro Lucini Geige Nr. 15, Cremona 2023 &#8211; VERKAUFT"}]},{"@type":"WebSite","@id":"https:\/\/www.mauro-lucini.it\/de\/#website","url":"https:\/\/www.mauro-lucini.it\/de\/","name":"Mauro Lucini - Liutaio a Cremona","description":"Mauro Lucini liutaio a Cremona - 40 anni di passione ed esperienza","publisher":{"@id":"https:\/\/www.mauro-lucini.it\/de\/#organization"},"potentialAction":[{"@type":"SearchAction","target":{"@type":"EntryPoint","urlTemplate":"https:\/\/www.mauro-lucini.it\/de\/?s={search_term_string}"},"query-input":{"@type":"PropertyValueSpecification","valueRequired":true,"valueName":"search_term_string"}}],"inLanguage":"de"},{"@type":"Organization","@id":"https:\/\/www.mauro-lucini.it\/de\/#organization","name":"Mauro Lucini - Liutaio a Cremona","url":"https:\/\/www.mauro-lucini.it\/de\/","logo":{"@type":"ImageObject","inLanguage":"de","@id":"https:\/\/www.mauro-lucini.it\/de\/#\/schema\/logo\/image\/","url":"https:\/\/www.mauro-lucini.it\/wp-content\/uploads\/2024\/09\/Mauro-Lucini-Liutaio-Cremona.png","contentUrl":"https:\/\/www.mauro-lucini.it\/wp-content\/uploads\/2024\/09\/Mauro-Lucini-Liutaio-Cremona.png","width":480,"height":84,"caption":"Mauro Lucini - Liutaio a Cremona"},"image":{"@id":"https:\/\/www.mauro-lucini.it\/de\/#\/schema\/logo\/image\/"}}]}},"_links":{"self":[{"href":"https:\/\/www.mauro-lucini.it\/de\/wp-json\/wp\/v2\/product\/2268","targetHints":{"allow":["GET"]}}],"collection":[{"href":"https:\/\/www.mauro-lucini.it\/de\/wp-json\/wp\/v2\/product"}],"about":[{"href":"https:\/\/www.mauro-lucini.it\/de\/wp-json\/wp\/v2\/types\/product"}],"wp:featuredmedia":[{"embeddable":true,"href":"https:\/\/www.mauro-lucini.it\/de\/wp-json\/wp\/v2\/media\/1668"}],"wp:attachment":[{"href":"https:\/\/www.mauro-lucini.it\/de\/wp-json\/wp\/v2\/media?parent=2268"}],"wp:term":[{"taxonomy":"product_brand","embeddable":true,"href":"https:\/\/www.mauro-lucini.it\/de\/wp-json\/wp\/v2\/product_brand?post=2268"},{"taxonomy":"product_cat","embeddable":true,"href":"https:\/\/www.mauro-lucini.it\/de\/wp-json\/wp\/v2\/product_cat?post=2268"},{"taxonomy":"product_tag","embeddable":true,"href":"https:\/\/www.mauro-lucini.it\/de\/wp-json\/wp\/v2\/product_tag?post=2268"}],"curies":[{"name":"wp","href":"https:\/\/api.w.org\/{rel}","templated":true}]}}

<p>Leuchtend orange lackierte Geige nach dem Guarneri-Modell mit einteiligem Boden und einem hellen, süßen Klang. Gute Ansprache, auch in den hohen Lagen kräftig.</p>

<!-- This site is optimized with the Yoast SEO plugin v27.4 - https://yoast.com/product/yoast-seo-wordpress/ -->
<title>Officina Mauro Lucini Geige Nr. 15, Cremona 2023 - VERKAUFT - Mauro Lucini - Liutaio a Cremona</title>
<meta name="robots" content="index, follow, max-snippet:-1, max-image-preview:large, max-video-preview:-1" />
<link rel="canonical" href="https://www.mauro-lucini.it/de/negozio-di-violini/cremona-violinen/officina-mauro-lucini-geige-nr-15-cremona-2023/" />
<meta property="og:locale" content="de_DE" />
<meta property="og:type" content="article" />
<meta property="og:title" content="Officina Mauro Lucini Geige Nr. 15, Cremona 2023 - VERKAUFT - Mauro Lucini - Liutaio a Cremona" />
<meta property="og:description" content="Leuchtend orange lackierte Geige nach dem Guarneri-Modell mit einteiligem Boden und einem hellen, süßen Klang. Gute Ansprache, auch in den hohen Lagen kräftig." />
<meta property="og:url" content="https://www.mauro-lucini.it/de/negozio-di-violini/cremona-violinen/officina-mauro-lucini-geige-nr-15-cremona-2023/" />
<meta property="og:site_name" content="Mauro Lucini - Liutaio a Cremona" />
<meta property="article:modified_time" content="2025-01-09T16:20:22+00:00" />
<meta property="og:image" content="https://www.mauro-lucini.it/wp-content/uploads/2024/05/mauro-lucini-guarneri-15-1.jpg" />
	<meta property="og:image:width" content="1181" />
	<meta property="og:image:height" content="1890" />
	<meta property="og:image:type" content="image/jpeg" />
<meta name="twitter:card" content="summary_large_image" />
<!-- / Yoast SEO plugin. -->

Leuchtend orange lackierte Geige nach dem Guarneri-Modell mit einteiligem Boden und einem hellen, süßen Klang. Gute Ansprache, auch in den hohen Lagen kräftig.
