{"id":2396,"date":"2024-09-02T11:52:34","date_gmt":"2024-09-02T11:52:34","guid":{"rendered":"https:\/\/www.mauro-lucini.it\/geigenbauer-mauro-lucini"},"modified":"2025-05-23T12:41:06","modified_gmt":"2025-05-23T12:41:06","slug":"geigenbauer-mauro-lucini","status":"publish","type":"page","link":"https:\/\/www.mauro-lucini.it\/de\/geigenbauer-mauro-lucini\/","title":{"rendered":"Mauro Lucini und seine Geigenbau-Atelier an der Piazza San Michele in Cremona"},"content":{"rendered":"\n<div class=\"wp-block-cover alignfull\"><span aria-hidden=\"true\" class=\"wp-block-cover__background has-background-dim\" style=\"background-color:#7b654f\"><\/span><img loading=\"lazy\" decoding=\"async\" width=\"2128\" height=\"1416\" class=\"wp-block-cover__image-background wp-image-328\" alt=\"\" src=\"https:\/\/www.mauro-lucini.it\/wp-content\/uploads\/2024\/08\/DSC_3895.jpg\" data-object-fit=\"cover\" srcset=\"https:\/\/www.mauro-lucini.it\/wp-content\/uploads\/2024\/08\/DSC_3895.jpg 2128w, https:\/\/www.mauro-lucini.it\/wp-content\/uploads\/2024\/08\/DSC_3895-300x200.jpg 300w, https:\/\/www.mauro-lucini.it\/wp-content\/uploads\/2024\/08\/DSC_3895-1024x681.jpg 1024w, https:\/\/www.mauro-lucini.it\/wp-content\/uploads\/2024\/08\/DSC_3895-768x511.jpg 768w, https:\/\/www.mauro-lucini.it\/wp-content\/uploads\/2024\/08\/DSC_3895-1536x1022.jpg 1536w, https:\/\/www.mauro-lucini.it\/wp-content\/uploads\/2024\/08\/DSC_3895-2048x1363.jpg 2048w, https:\/\/www.mauro-lucini.it\/wp-content\/uploads\/2024\/08\/DSC_3895-600x399.jpg 600w\" sizes=\"auto, (max-width: 2128px) 100vw, 2128px\" \/><div class=\"wp-block-cover__inner-container is-layout-constrained wp-block-cover-is-layout-constrained\">\n<h2 class=\"wp-block-heading has-text-align-center\">Geigenbauer Mauro Lucini<\/h2>\n<\/div><\/div>\n\n<h2 class=\"wp-block-heading has-text-align-center\">Geigenbauer Mauro Lucini und seine Werkstatt auf der Piazza San Michele in Cremona.<\/h2>\n\n<p class=\"has-secondary-color has-text-color has-link-color wp-elements-269491254a24a06063b0bdb3b51a7c30\">Mauro Lucini ist tief verwurzelt in der Geigenbautradition seiner Heimatstadt Cremona: Seit mehr als 40 Jahren bildet die Werkstatt an der Piazza San Michele 7 das kreative Zentrum seines Schaffens; ein Ort der durchdrungen ist von seinem Enthusiasmus und seiner Liebe f\u00fcr den Klang der Geige.<br\/><\/p>\n\n<figure class=\"wp-block-image size-large\"><img loading=\"lazy\" decoding=\"async\" width=\"1024\" height=\"681\" src=\"https:\/\/www.mauro-lucini.it\/wp-content\/uploads\/2024\/08\/DSC_3855-1024x681.jpg\" alt=\"Mauro Lucini - Geigenbauer in Cremona\" class=\"wp-image-323\" srcset=\"https:\/\/www.mauro-lucini.it\/wp-content\/uploads\/2024\/08\/DSC_3855-1024x681.jpg 1024w, https:\/\/www.mauro-lucini.it\/wp-content\/uploads\/2024\/08\/DSC_3855-300x200.jpg 300w, https:\/\/www.mauro-lucini.it\/wp-content\/uploads\/2024\/08\/DSC_3855-768x511.jpg 768w, https:\/\/www.mauro-lucini.it\/wp-content\/uploads\/2024\/08\/DSC_3855-1536x1022.jpg 1536w, https:\/\/www.mauro-lucini.it\/wp-content\/uploads\/2024\/08\/DSC_3855-2048x1363.jpg 2048w, https:\/\/www.mauro-lucini.it\/wp-content\/uploads\/2024\/08\/DSC_3855-600x399.jpg 600w\" sizes=\"auto, (max-width: 1024px) 100vw, 1024px\" \/><\/figure>\n\n<p class=\"has-secondary-color has-text-color has-link-color wp-elements-26da689256358f4dee24f137108c2a86\"><br\/>Mit der Erfahrung seiner gesamten Laufbahn als Handwerker und K\u00fcnstler \u2013 die ihm unter anderem die Anerkennung des Concorso Nazionale di Liuteria von Pisogne eingebracht hat \u2013 widmet er sich heute einem tiefempfundenen Anliegen: Klangsch\u00f6ne, attraktive Instrumente f\u00fcr begeisterte Musiker und insbesondere f\u00fcr junge Talente zu bauen, die ihnen einen preisg\u00fcnstigen Zugang in die Welt italienischer Streichinstrumente erschlie\u00dfen. Unterst\u00fctzung findet er dabei von zwei bis drei Gesellen, die unter seiner Anleitung in ihrer Kunst reifen und das Erbe des klassischen Cremoneser Geigenbaus in die Zukunft tragen.<br\/><\/p>\n\n<p class=\"has-secondary-color has-text-color has-link-color wp-elements-da5dc4ac9f70dd9ced1de90408233cfe\">Jedes Instrument, das in den alten Backsteinmauern der Officina Mauro Lucini entsteht, ist eine individuelle musikalische Pers\u00f6nlichkeit, deren Charakter Maestro Lucini und seine Mitarbeiter mit Hingabe und feiner Handwerkskunst herausgearbeitet und veredelt haben.<\/p>\n","protected":false},"excerpt":{"rendered":"<p>Geigenbauer Mauro Lucini und seine Werkstatt auf der Piazza San Michele in Cremona. Mauro Lucini ist tief verwurzelt in der Geigenbautradition seiner Heimatstadt Cremona: Seit mehr als 40 Jahren bildet die Werkstatt an der Piazza San Michele 7 das kreative Zentrum seines Schaffens; ein Ort der durchdrungen ist von seinem Enthusiasmus und seiner Liebe f\u00fcr [&hellip;]<\/p>\n","protected":false},"author":1,"featured_media":0,"parent":0,"menu_order":20,"comment_status":"closed","ping_status":"closed","template":"","meta":{"_coblocks_attr":"","_coblocks_dimensions":"","_coblocks_responsive_height":"","_coblocks_accordion_ie_support":"","hide_page_title":"","footnotes":""},"class_list":["post-2396","page","type-page","status-publish","hentry"],"yoast_head":"<!-- This site is optimized with the Yoast SEO plugin v27.4 - https:\/\/yoast.com\/product\/yoast-seo-wordpress\/ -->\n<title>Geigenbauwerkstatt Mauro Lucini<\/title>\n<meta name=\"description\" content=\"Mauro Lucini \u2013 Geigenbauer in Cremona: Preisg\u00fcnstige italienische Geigen in traditioneller Cremoneser Bauweise, f\u00fcr begeisterte Musiker und junge Talente\" \/>\n<meta name=\"robots\" content=\"index, follow, max-snippet:-1, max-image-preview:large, max-video-preview:-1\" \/>\n<link rel=\"canonical\" href=\"https:\/\/www.mauro-lucini.it\/de\/geigenbauer-mauro-lucini\/\" \/>\n<meta property=\"og:locale\" content=\"de_DE\" \/>\n<meta property=\"og:type\" content=\"article\" \/>\n<meta property=\"og:title\" content=\"Geigenbauwerkstatt Mauro Lucini\" \/>\n<meta property=\"og:description\" content=\"Mauro Lucini \u2013 Geigenbauer in Cremona: Preisg\u00fcnstige italienische Geigen in traditioneller Cremoneser Bauweise, f\u00fcr begeisterte Musiker und junge Talente\" \/>\n<meta property=\"og:url\" content=\"https:\/\/www.mauro-lucini.it\/de\/geigenbauer-mauro-lucini\/\" \/>\n<meta property=\"og:site_name\" content=\"Mauro Lucini - Liutaio a Cremona\" \/>\n<meta property=\"article:modified_time\" content=\"2025-05-23T12:41:06+00:00\" \/>\n<meta property=\"og:image\" content=\"https:\/\/www.mauro-lucini.it\/wp-content\/uploads\/2024\/08\/DSC_3895.jpg\" \/>\n\t<meta property=\"og:image:width\" content=\"2128\" \/>\n\t<meta property=\"og:image:height\" content=\"1416\" \/>\n\t<meta property=\"og:image:type\" content=\"image\/jpeg\" \/>\n<meta name=\"twitter:card\" content=\"summary_large_image\" \/>\n<!-- \/ Yoast SEO plugin. -->","yoast_head_json":{"title":"Geigenbauwerkstatt Mauro Lucini","description":"Mauro Lucini \u2013 Geigenbauer in Cremona: Preisg\u00fcnstige italienische Geigen in traditioneller Cremoneser Bauweise, f\u00fcr begeisterte Musiker und junge Talente","robots":{"index":"index","follow":"follow","max-snippet":"max-snippet:-1","max-image-preview":"max-image-preview:large","max-video-preview":"max-video-preview:-1"},"canonical":"https:\/\/www.mauro-lucini.it\/de\/geigenbauer-mauro-lucini\/","og_locale":"de_DE","og_type":"article","og_title":"Geigenbauwerkstatt Mauro Lucini","og_description":"Mauro Lucini \u2013 Geigenbauer in Cremona: Preisg\u00fcnstige italienische Geigen in traditioneller Cremoneser Bauweise, f\u00fcr begeisterte Musiker und junge Talente","og_url":"https:\/\/www.mauro-lucini.it\/de\/geigenbauer-mauro-lucini\/","og_site_name":"Mauro Lucini - Liutaio a Cremona","article_modified_time":"2025-05-23T12:41:06+00:00","og_image":[{"width":2128,"height":1416,"url":"https:\/\/www.mauro-lucini.it\/wp-content\/uploads\/2024\/08\/DSC_3895.jpg","type":"image\/jpeg"}],"twitter_card":"summary_large_image","schema":{"@context":"https:\/\/schema.org","@graph":[{"@type":"WebPage","@id":"https:\/\/www.mauro-lucini.it\/de\/geigenbauer-mauro-lucini\/","url":"https:\/\/www.mauro-lucini.it\/de\/geigenbauer-mauro-lucini\/","name":"Geigenbauwerkstatt Mauro Lucini","isPartOf":{"@id":"https:\/\/www.mauro-lucini.it\/de\/#website"},"primaryImageOfPage":{"@id":"https:\/\/www.mauro-lucini.it\/de\/geigenbauer-mauro-lucini\/#primaryimage"},"image":{"@id":"https:\/\/www.mauro-lucini.it\/de\/geigenbauer-mauro-lucini\/#primaryimage"},"thumbnailUrl":"https:\/\/www.mauro-lucini.it\/wp-content\/uploads\/2024\/08\/DSC_3895.jpg","datePublished":"2024-09-02T11:52:34+00:00","dateModified":"2025-05-23T12:41:06+00:00","description":"Mauro Lucini \u2013 Geigenbauer in Cremona: Preisg\u00fcnstige italienische Geigen in traditioneller Cremoneser Bauweise, f\u00fcr begeisterte Musiker und junge Talente","breadcrumb":{"@id":"https:\/\/www.mauro-lucini.it\/de\/geigenbauer-mauro-lucini\/#breadcrumb"},"inLanguage":"de","potentialAction":[{"@type":"ReadAction","target":["https:\/\/www.mauro-lucini.it\/de\/geigenbauer-mauro-lucini\/"]}]},{"@type":"ImageObject","inLanguage":"de","@id":"https:\/\/www.mauro-lucini.it\/de\/geigenbauer-mauro-lucini\/#primaryimage","url":"https:\/\/www.mauro-lucini.it\/wp-content\/uploads\/2024\/08\/DSC_3895.jpg","contentUrl":"https:\/\/www.mauro-lucini.it\/wp-content\/uploads\/2024\/08\/DSC_3895.jpg"},{"@type":"BreadcrumbList","@id":"https:\/\/www.mauro-lucini.it\/de\/geigenbauer-mauro-lucini\/#breadcrumb","itemListElement":[{"@type":"ListItem","position":1,"name":"Home","item":"https:\/\/www.mauro-lucini.it\/de\/"},{"@type":"ListItem","position":2,"name":"Mauro Lucini und seine Geigenbau-Atelier an der Piazza San Michele in Cremona"}]},{"@type":"WebSite","@id":"https:\/\/www.mauro-lucini.it\/de\/#website","url":"https:\/\/www.mauro-lucini.it\/de\/","name":"Mauro Lucini - Liutaio a Cremona","description":"Mauro Lucini liutaio a Cremona - 40 anni di passione ed esperienza","publisher":{"@id":"https:\/\/www.mauro-lucini.it\/de\/#organization"},"potentialAction":[{"@type":"SearchAction","target":{"@type":"EntryPoint","urlTemplate":"https:\/\/www.mauro-lucini.it\/de\/?s={search_term_string}"},"query-input":{"@type":"PropertyValueSpecification","valueRequired":true,"valueName":"search_term_string"}}],"inLanguage":"de"},{"@type":"Organization","@id":"https:\/\/www.mauro-lucini.it\/de\/#organization","name":"Mauro Lucini - Liutaio a Cremona","url":"https:\/\/www.mauro-lucini.it\/de\/","logo":{"@type":"ImageObject","inLanguage":"de","@id":"https:\/\/www.mauro-lucini.it\/de\/#\/schema\/logo\/image\/","url":"https:\/\/www.mauro-lucini.it\/wp-content\/uploads\/2024\/09\/Mauro-Lucini-Liutaio-Cremona.png","contentUrl":"https:\/\/www.mauro-lucini.it\/wp-content\/uploads\/2024\/09\/Mauro-Lucini-Liutaio-Cremona.png","width":480,"height":84,"caption":"Mauro Lucini - Liutaio a Cremona"},"image":{"@id":"https:\/\/www.mauro-lucini.it\/de\/#\/schema\/logo\/image\/"}}]}},"_links":{"self":[{"href":"https:\/\/www.mauro-lucini.it\/de\/wp-json\/wp\/v2\/pages\/2396","targetHints":{"allow":["GET"]}}],"collection":[{"href":"https:\/\/www.mauro-lucini.it\/de\/wp-json\/wp\/v2\/pages"}],"about":[{"href":"https:\/\/www.mauro-lucini.it\/de\/wp-json\/wp\/v2\/types\/page"}],"author":[{"embeddable":true,"href":"https:\/\/www.mauro-lucini.it\/de\/wp-json\/wp\/v2\/users\/1"}],"replies":[{"embeddable":true,"href":"https:\/\/www.mauro-lucini.it\/de\/wp-json\/wp\/v2\/comments?post=2396"}],"version-history":[{"count":5,"href":"https:\/\/www.mauro-lucini.it\/de\/wp-json\/wp\/v2\/pages\/2396\/revisions"}],"predecessor-version":[{"id":2498,"href":"https:\/\/www.mauro-lucini.it\/de\/wp-json\/wp\/v2\/pages\/2396\/revisions\/2498"}],"wp:attachment":[{"href":"https:\/\/www.mauro-lucini.it\/de\/wp-json\/wp\/v2\/media?parent=2396"}],"curies":[{"name":"wp","href":"https:\/\/api.w.org\/{rel}","templated":true}]}}

<div class="wp-block-cover alignfull"><span aria-hidden="true" class="wp-block-cover__background has-background-dim" style="background-color:#7b654f"></span><img loading="lazy" decoding="async" width="2128" height="1416" class="wp-block-cover__image-background wp-image-328" alt="" src="https://www.mauro-lucini.it/wp-content/uploads/2024/08/DSC_3895.jpg" data-object-fit="cover" srcset="https://www.mauro-lucini.it/wp-content/uploads/2024/08/DSC_3895.jpg 2128w, https://www.mauro-lucini.it/wp-content/uploads/2024/08/DSC_3895-300x200.jpg 300w, https://www.mauro-lucini.it/wp-content/uploads/2024/08/DSC_3895-1024x681.jpg 1024w, https://www.mauro-lucini.it/wp-content/uploads/2024/08/DSC_3895-768x511.jpg 768w, https://www.mauro-lucini.it/wp-content/uploads/2024/08/DSC_3895-1536x1022.jpg 1536w, https://www.mauro-lucini.it/wp-content/uploads/2024/08/DSC_3895-2048x1363.jpg 2048w, https://www.mauro-lucini.it/wp-content/uploads/2024/08/DSC_3895-600x399.jpg 600w" sizes="auto, (max-width: 2128px) 100vw, 2128px" /><div class="wp-block-cover__inner-container is-layout-constrained wp-block-cover-is-layout-constrained">
<h2 class="wp-block-heading has-text-align-center">Geigenbauer Mauro Lucini</h2>
</div></div>

<h2 class="wp-block-heading has-text-align-center">Geigenbauer Mauro Lucini und seine Werkstatt auf der Piazza San Michele in Cremona.</h2>

<p class="has-secondary-color has-text-color has-link-color wp-elements-269491254a24a06063b0bdb3b51a7c30">Mauro Lucini ist tief verwurzelt in der Geigenbautradition seiner Heimatstadt Cremona: Seit mehr als 40 Jahren bildet die Werkstatt an der Piazza San Michele 7 das kreative Zentrum seines Schaffens; ein Ort der durchdrungen ist von seinem Enthusiasmus und seiner Liebe für den Klang der Geige.<br/></p>

<figure class="wp-block-image size-large"><img loading="lazy" decoding="async" width="1024" height="681" src="https://www.mauro-lucini.it/wp-content/uploads/2024/08/DSC_3855-1024x681.jpg" alt="Mauro Lucini - Geigenbauer in Cremona" class="wp-image-323" srcset="https://www.mauro-lucini.it/wp-content/uploads/2024/08/DSC_3855-1024x681.jpg 1024w, https://www.mauro-lucini.it/wp-content/uploads/2024/08/DSC_3855-300x200.jpg 300w, https://www.mauro-lucini.it/wp-content/uploads/2024/08/DSC_3855-768x511.jpg 768w, https://www.mauro-lucini.it/wp-content/uploads/2024/08/DSC_3855-1536x1022.jpg 1536w, https://www.mauro-lucini.it/wp-content/uploads/2024/08/DSC_3855-2048x1363.jpg 2048w, https://www.mauro-lucini.it/wp-content/uploads/2024/08/DSC_3855-600x399.jpg 600w" sizes="auto, (max-width: 1024px) 100vw, 1024px" /></figure>

<p class="has-secondary-color has-text-color has-link-color wp-elements-26da689256358f4dee24f137108c2a86"><br/>Mit der Erfahrung seiner gesamten Laufbahn als Handwerker und Künstler – die ihm unter anderem die Anerkennung des Concorso Nazionale di Liuteria von Pisogne eingebracht hat – widmet er sich heute einem tiefempfundenen Anliegen: Klangschöne, attraktive Instrumente für begeisterte Musiker und insbesondere für junge Talente zu bauen, die ihnen einen preisgünstigen Zugang in die Welt italienischer Streichinstrumente erschließen. Unterstützung findet er dabei von zwei bis drei Gesellen, die unter seiner Anleitung in ihrer Kunst reifen und das Erbe des klassischen Cremoneser Geigenbaus in die Zukunft tragen.<br/></p>

<p class="has-secondary-color has-text-color has-link-color wp-elements-da5dc4ac9f70dd9ced1de90408233cfe">Jedes Instrument, das in den alten Backsteinmauern der Officina Mauro Lucini entsteht, ist eine individuelle musikalische Persönlichkeit, deren Charakter Maestro Lucini und seine Mitarbeiter mit Hingabe und feiner Handwerkskunst herausgearbeitet und veredelt haben.</p>

<p>Geigenbauer Mauro Lucini und seine Werkstatt auf der Piazza San Michele in Cremona. Mauro Lucini ist tief verwurzelt in der Geigenbautradition seiner Heimatstadt Cremona: Seit mehr als 40 Jahren bildet die Werkstatt an der Piazza San Michele 7 das kreative Zentrum seines Schaffens; ein Ort der durchdrungen ist von seinem Enthusiasmus und seiner Liebe für [&hellip;]</p>

<!-- This site is optimized with the Yoast SEO plugin v27.4 - https://yoast.com/product/yoast-seo-wordpress/ -->
<title>Geigenbauwerkstatt Mauro Lucini</title>
<meta name="description" content="Mauro Lucini – Geigenbauer in Cremona: Preisgünstige italienische Geigen in traditioneller Cremoneser Bauweise, für begeisterte Musiker und junge Talente" />
<meta name="robots" content="index, follow, max-snippet:-1, max-image-preview:large, max-video-preview:-1" />
<link rel="canonical" href="https://www.mauro-lucini.it/de/geigenbauer-mauro-lucini/" />
<meta property="og:locale" content="de_DE" />
<meta property="og:type" content="article" />
<meta property="og:title" content="Geigenbauwerkstatt Mauro Lucini" />
<meta property="og:description" content="Mauro Lucini – Geigenbauer in Cremona: Preisgünstige italienische Geigen in traditioneller Cremoneser Bauweise, für begeisterte Musiker und junge Talente" />
<meta property="og:url" content="https://www.mauro-lucini.it/de/geigenbauer-mauro-lucini/" />
<meta property="og:site_name" content="Mauro Lucini - Liutaio a Cremona" />
<meta property="article:modified_time" content="2025-05-23T12:41:06+00:00" />
<meta property="og:image" content="https://www.mauro-lucini.it/wp-content/uploads/2024/08/DSC_3895.jpg" />
	<meta property="og:image:width" content="2128" />
	<meta property="og:image:height" content="1416" />
	<meta property="og:image:type" content="image/jpeg" />
<meta name="twitter:card" content="summary_large_image" />
<!-- / Yoast SEO plugin. -->

Mauro Lucini – Geigenbauer in Cremona: Preisgünstige italienische Geigen in traditioneller Cremoneser Bauweise, für begeisterte Musiker und junge Talente
